{"id":1747,"date":"2023-03-28T14:12:31","date_gmt":"2023-03-28T12:12:31","guid":{"rendered":"https:\/\/pb.edu.pl\/pb2020\/?page_id=1747"},"modified":"2025-06-24T11:53:52","modified_gmt":"2025-06-24T09:53:52","slug":"formularz-rekrutacji-kadra-dydaktyczna","status":"publish","type":"page","link":"https:\/\/pb.edu.pl\/pb2020\/rekrutacja-do-projektu\/formularz-rekrutacji-kadra-dydaktyczna\/","title":{"rendered":"Formularz rekrutacji kadra dydaktyczna"},"content":{"rendered":"<p><img loading=\"lazy\" decoding=\"async\" class=\"aligncenter size-full wp-image-1700\" src=\"https:\/\/pb.edu.pl\/pb2020\/wp-content\/uploads\/sites\/21\/2022\/09\/belka-POWER_pl.jpg\" alt=\"\" width=\"1871\" height=\"183\" srcset=\"https:\/\/pb.edu.pl\/pb2020\/wp-content\/uploads\/sites\/21\/2022\/09\/belka-POWER_pl.jpg 1871w, https:\/\/pb.edu.pl\/pb2020\/wp-content\/uploads\/sites\/21\/2022\/09\/belka-POWER_pl-300x29.jpg 300w, https:\/\/pb.edu.pl\/pb2020\/wp-content\/uploads\/sites\/21\/2022\/09\/belka-POWER_pl-1024x100.jpg 1024w, https:\/\/pb.edu.pl\/pb2020\/wp-content\/uploads\/sites\/21\/2022\/09\/belka-POWER_pl-768x75.jpg 768w, https:\/\/pb.edu.pl\/pb2020\/wp-content\/uploads\/sites\/21\/2022\/09\/belka-POWER_pl-1536x150.jpg 1536w\" sizes=\"auto, (max-width: 1871px) 100vw, 1871px\" \/><\/p>\n<h2>Rekrutacja na sta\u017ce dydaktyczne pracownik\u00f3w nie uczestnicz\u0105cych jeszcze w projekcie PB 2020.<\/h2>\n<p>Rejestracja zako\u0144czona.<\/p>\n","protected":false},"excerpt":{"rendered":"<p>Rekrutacja na sta\u017ce dydaktyczne pracownik\u00f3w nie uczestnicz\u0105cych jeszcze w projekcie PB 2020. Rejestracja zako\u0144czona.<\/p>\n","protected":false},"author":2,"featured_media":0,"parent":757,"menu_order":0,"comment_status":"closed","ping_status":"closed","template":"","meta":{"_acf_changed":false,"ngg_post_thumbnail":0,"footnotes":""},"class_list":["post-1747","page","type-page","status-publish","hentry"],"acf":[],"_links":{"self":[{"href":"https:\/\/pb.edu.pl\/pb2020\/wp-json\/wp\/v2\/pages\/1747","targetHints":{"allow":["GET"]}}],"collection":[{"href":"https:\/\/pb.edu.pl\/pb2020\/wp-json\/wp\/v2\/pages"}],"about":[{"href":"https:\/\/pb.edu.pl\/pb2020\/wp-json\/wp\/v2\/types\/page"}],"author":[{"embeddable":true,"href":"https:\/\/pb.edu.pl\/pb2020\/wp-json\/wp\/v2\/users\/2"}],"replies":[{"embeddable":true,"href":"https:\/\/pb.edu.pl\/pb2020\/wp-json\/wp\/v2\/comments?post=1747"}],"version-history":[{"count":0,"href":"https:\/\/pb.edu.pl\/pb2020\/wp-json\/wp\/v2\/pages\/1747\/revisions"}],"up":[{"embeddable":true,"href":"https:\/\/pb.edu.pl\/pb2020\/wp-json\/wp\/v2\/pages\/757"}],"wp:attachment":[{"href":"https:\/\/pb.edu.pl\/pb2020\/wp-json\/wp\/v2\/media?parent=1747"}],"curies":[{"name":"wp","href":"https:\/\/api.w.org\/{rel}","templated":true}]}}

<p><img loading="lazy" decoding="async" class="aligncenter size-full wp-image-1700" src="https://pb.edu.pl/pb2020/wp-content/uploads/sites/21/2022/09/belka-POWER_pl.jpg" alt="" width="1871" height="183" srcset="https://pb.edu.pl/pb2020/wp-content/uploads/sites/21/2022/09/belka-POWER_pl.jpg 1871w, https://pb.edu.pl/pb2020/wp-content/uploads/sites/21/2022/09/belka-POWER_pl-300x29.jpg 300w, https://pb.edu.pl/pb2020/wp-content/uploads/sites/21/2022/09/belka-POWER_pl-1024x100.jpg 1024w, https://pb.edu.pl/pb2020/wp-content/uploads/sites/21/2022/09/belka-POWER_pl-768x75.jpg 768w, https://pb.edu.pl/pb2020/wp-content/uploads/sites/21/2022/09/belka-POWER_pl-1536x150.jpg 1536w" sizes="auto, (max-width: 1871px) 100vw, 1871px" /></p>
<h2>Rekrutacja na staże dydaktyczne pracowników nie uczestniczących jeszcze w projekcie PB 2020.</h2>
<p>Rejestracja zakończona.</p>

<p>Rekrutacja na staże dydaktyczne pracowników nie uczestniczących jeszcze w projekcie PB 2020. Rejestracja zakończona.</p>
