{"id":1681,"date":"2022-07-21T11:03:58","date_gmt":"2022-07-21T09:03:58","guid":{"rendered":"https:\/\/pb.edu.pl\/pb2020\/?page_id=1681"},"modified":"2025-06-24T11:55:10","modified_gmt":"2025-06-24T09:55:10","slug":"formularz-rekrutacji-kadry-it","status":"publish","type":"page","link":"https:\/\/pb.edu.pl\/pb2020\/rekrutacja-do-projektu\/formularz-rekrutacji-kadry-it\/","title":{"rendered":"Formularz rekrutacji kadry IT"},"content":{"rendered":"<p><img loading=\"lazy\" decoding=\"async\" class=\"aligncenter size-full wp-image-112\" src=\"https:\/\/pb.edu.pl\/pb2020\/wp-content\/uploads\/sites\/21\/2018\/10\/FE_POWER_poziom_pl-1_rgb.jpg\" alt=\"Z lewej strony logotyp Programu Operacyjnego Wiedza Edukacja Rozw\u00f3j zawieraj\u0105cy jedn\u0105 gwiazdk\u0119 bia\u0142\u0105, jedn\u0105 \u017c\u00f3\u0142t\u0105 oraz jedn\u0105 czerwon\u0105 na niebieskim tle, z prawej strony logo Unii Europejskiej, \u017c\u00f3\u0142te gwiazdki u\u0142o\u017cone w k\u00f3\u0142ko na niebieskim tle oraz napis Unia Europejska Europejski Funduszu Spo\u0142eczny. Na \u015brodku bia\u0142o-czerwona flaga Polski z napisem Rzeczypospolita Polska\" width=\"5883\" height=\"756\" srcset=\"https:\/\/pb.edu.pl\/pb2020\/wp-content\/uploads\/sites\/21\/2018\/10\/FE_POWER_poziom_pl-1_rgb.jpg 5883w, https:\/\/pb.edu.pl\/pb2020\/wp-content\/uploads\/sites\/21\/2018\/10\/FE_POWER_poziom_pl-1_rgb-300x39.jpg 300w, https:\/\/pb.edu.pl\/pb2020\/wp-content\/uploads\/sites\/21\/2018\/10\/FE_POWER_poziom_pl-1_rgb-768x99.jpg 768w, https:\/\/pb.edu.pl\/pb2020\/wp-content\/uploads\/sites\/21\/2018\/10\/FE_POWER_poziom_pl-1_rgb-1024x132.jpg 1024w\" sizes=\"auto, (max-width: 5883px) 100vw, 5883px\" \/><\/p>\n<p>Rejestracja zako\u0144czona.<\/p>\n","protected":false},"excerpt":{"rendered":"<p>Rejestracja zako\u0144czona.<\/p>\n","protected":false},"author":2,"featured_media":0,"parent":757,"menu_order":0,"comment_status":"closed","ping_status":"closed","template":"","meta":{"_acf_changed":false,"ngg_post_thumbnail":0,"footnotes":""},"class_list":["post-1681","page","type-page","status-publish","hentry"],"acf":[],"_links":{"self":[{"href":"https:\/\/pb.edu.pl\/pb2020\/wp-json\/wp\/v2\/pages\/1681","targetHints":{"allow":["GET"]}}],"collection":[{"href":"https:\/\/pb.edu.pl\/pb2020\/wp-json\/wp\/v2\/pages"}],"about":[{"href":"https:\/\/pb.edu.pl\/pb2020\/wp-json\/wp\/v2\/types\/page"}],"author":[{"embeddable":true,"href":"https:\/\/pb.edu.pl\/pb2020\/wp-json\/wp\/v2\/users\/2"}],"replies":[{"embeddable":true,"href":"https:\/\/pb.edu.pl\/pb2020\/wp-json\/wp\/v2\/comments?post=1681"}],"version-history":[{"count":0,"href":"https:\/\/pb.edu.pl\/pb2020\/wp-json\/wp\/v2\/pages\/1681\/revisions"}],"up":[{"embeddable":true,"href":"https:\/\/pb.edu.pl\/pb2020\/wp-json\/wp\/v2\/pages\/757"}],"wp:attachment":[{"href":"https:\/\/pb.edu.pl\/pb2020\/wp-json\/wp\/v2\/media?parent=1681"}],"curies":[{"name":"wp","href":"https:\/\/api.w.org\/{rel}","templated":true}]}}

<p><img loading="lazy" decoding="async" class="aligncenter size-full wp-image-112" src="https://pb.edu.pl/pb2020/wp-content/uploads/sites/21/2018/10/FE_POWER_poziom_pl-1_rgb.jpg" alt="Z lewej strony logotyp Programu Operacyjnego Wiedza Edukacja Rozwój zawierający jedną gwiazdkę białą, jedną żółtą oraz jedną czerwoną na niebieskim tle, z prawej strony logo Unii Europejskiej, żółte gwiazdki ułożone w kółko na niebieskim tle oraz napis Unia Europejska Europejski Funduszu Społeczny. Na środku biało-czerwona flaga Polski z napisem Rzeczypospolita Polska" width="5883" height="756" srcset="https://pb.edu.pl/pb2020/wp-content/uploads/sites/21/2018/10/FE_POWER_poziom_pl-1_rgb.jpg 5883w, https://pb.edu.pl/pb2020/wp-content/uploads/sites/21/2018/10/FE_POWER_poziom_pl-1_rgb-300x39.jpg 300w, https://pb.edu.pl/pb2020/wp-content/uploads/sites/21/2018/10/FE_POWER_poziom_pl-1_rgb-768x99.jpg 768w, https://pb.edu.pl/pb2020/wp-content/uploads/sites/21/2018/10/FE_POWER_poziom_pl-1_rgb-1024x132.jpg 1024w" sizes="auto, (max-width: 5883px) 100vw, 5883px" /></p>
<p>Rejestracja zakończona.</p>

<p>Rejestracja zakończona.</p>
