{"id":493,"date":"2021-03-24T11:59:50","date_gmt":"2021-03-24T10:59:50","guid":{"rendered":"https:\/\/pb.edu.pl\/pb2\/?page_id=493"},"modified":"2023-05-08T10:46:49","modified_gmt":"2023-05-08T08:46:49","slug":"szkolenia-studentow-fmi","status":"publish","type":"page","link":"https:\/\/pb.edu.pl\/pb2\/szkolenia\/szkolenia-studentow-fmi\/","title":{"rendered":"Szkolenia student\u00f3w FMI"},"content":{"rendered":"<p><img loading=\"lazy\" decoding=\"async\" class=\"alignnone size-full wp-image-714\" src=\"https:\/\/pb.edu.pl\/pb2\/wp-content\/uploads\/sites\/34\/2022\/09\/belka-POWER_pl.jpg\" alt=\"\" width=\"1871\" height=\"183\" srcset=\"https:\/\/pb.edu.pl\/pb2\/wp-content\/uploads\/sites\/34\/2022\/09\/belka-POWER_pl.jpg 1871w, https:\/\/pb.edu.pl\/pb2\/wp-content\/uploads\/sites\/34\/2022\/09\/belka-POWER_pl-300x29.jpg 300w, https:\/\/pb.edu.pl\/pb2\/wp-content\/uploads\/sites\/34\/2022\/09\/belka-POWER_pl-1024x100.jpg 1024w, https:\/\/pb.edu.pl\/pb2\/wp-content\/uploads\/sites\/34\/2022\/09\/belka-POWER_pl-768x75.jpg 768w, https:\/\/pb.edu.pl\/pb2\/wp-content\/uploads\/sites\/34\/2022\/09\/belka-POWER_pl-1536x150.jpg 1536w\" sizes=\"auto, (max-width: 1871px) 100vw, 1871px\" \/><\/p>\n<div class=\"panel-group\" id=\"custom-collapse-0\">\n<div class=\"panel panel-default\">\n\t\t\t\t<div class=\"panel-heading\">\n\t\t\t\t\t<div class=\"panel-title\">\n\t\t\t\t\t\t<a class=\"collapsed h4\" data-toggle=\"collapse\" data-parent=\"#custom-collapse-0\" href=\"#custom-collapse-0-0\">Terminy realizacji kurs\u00f3w graficznych<\/a>\n\t\t\t\t\t<\/div>\n\t\t\t\t<\/div>\n\t\t\t\t<div id=\"custom-collapse-0-0\" class=\"panel-collapse collapse\">\n\t\t\t\t\t<div class=\"panel-body\">\nProsz\u0119 o wskazanie pasuj\u0105cych termin\u00f3w szkole\u0144 certyfikowanych w ramach Fabryki M\u0142odego In\u017cyniera z projektu &#8222;PB2.0 \u2013 Zintegrowany Program Rozwoju&#8221; realizowanego z Programu Operacyjnego Wiedza Edukacja Rozw\u00f3j.<\/p>\n<p><a title=\"Przejd\u017a do opisu szkolenia: Design Thinking\" href=\"https:\/\/pb.edu.pl\/pb2\/szkolenia\/szkolenia-studentow-fmi\/szkolenia-graficzne\/\">Poznaj szczeg\u00f3\u0142ow\u0105 ofert\u0105<\/a><br \/>\n<\/div>\n\t\t\t\t<\/div>\n\t\t\t<\/div>\n<div class=\"panel panel-default\">\n\t\t\t\t<div class=\"panel-heading\">\n\t\t\t\t\t<div class=\"panel-title\">\n\t\t\t\t\t\t<a class=\"collapsed h4\" data-toggle=\"collapse\" data-parent=\"#custom-collapse-0\" href=\"#custom-collapse-0-1\">Terminy realizacji kurs\u00f3w informatycznych<\/a>\n\t\t\t\t\t<\/div>\n\t\t\t\t<\/div>\n\t\t\t\t<div id=\"custom-collapse-0-1\" class=\"panel-collapse collapse\">\n\t\t\t\t\t<div class=\"panel-body\">\nProsz\u0119 o wskazanie pasuj\u0105cych termin\u00f3w szkole\u0144 certyfikowanych w ramach Fabryki M\u0142odego In\u017cyniera z projektu &#8222;PB2.0 \u2013 Zintegrowany Program Rozwoju&#8221; realizowanego z Programu Operacyjnego Wiedza Edukacja Rozw\u00f3j.<\/p>\n<p><a title=\"Przejd\u017a do opisu szkolenia: Warsztaty wyst\u0105pie\u0144 publicznych\" href=\"https:\/\/pb.edu.pl\/pb2\/szkolenia\/szkolenia-studentow-fmi\/szkolenia-informatyczne\/\">Poznaj szczeg\u00f3\u0142ow\u0105 ofert\u0105<\/a><br \/>\n<\/div>\n\t\t\t\t<\/div>\n\t\t\t<\/div>\n<div class=\"panel panel-default\">\n\t\t\t\t<div class=\"panel-heading\">\n\t\t\t\t\t<div class=\"panel-title\">\n\t\t\t\t\t\t<a class=\"collapsed h4\" data-toggle=\"collapse\" data-parent=\"#custom-collapse-0\" href=\"#custom-collapse-0-2\">Terminy realizacji kurs\u00f3w in\u017cynierskich<\/a>\n\t\t\t\t\t<\/div>\n\t\t\t\t<\/div>\n\t\t\t\t<div id=\"custom-collapse-0-2\" class=\"panel-collapse collapse\">\n\t\t\t\t\t<div class=\"panel-body\">\nProsz\u0119 o wskazanie pasuj\u0105cych termin\u00f3w szkole\u0144 certyfikowanych w ramach Fabryki M\u0142odego In\u017cyniera z projektu &#8222;PB2.0 \u2013 Zintegrowany Program Rozwoju&#8221; realizowanego z Programu Operacyjnego Wiedza Edukacja Rozw\u00f3j.<\/p>\n<p><a title=\"Przejd\u017a do opisu szkolenia: Warsztaty wyst\u0105pie\u0144 publicznych\" href=\"https:\/\/pb.edu.pl\/pb2\/szkolenia\/szkolenia-studentow-fmi\/szkolenia-inzynierskie\/\">Poznaj szczeg\u00f3\u0142ow\u0105 ofert\u0105<\/a><br \/>\n<\/div>\n\t\t\t\t<\/div>\n\t\t\t<\/div>\n<div class=\"panel panel-default\">\n\t\t\t\t<div class=\"panel-heading\">\n\t\t\t\t\t<div class=\"panel-title\">\n\t\t\t\t\t\t<a class=\"collapsed h4\" data-toggle=\"collapse\" data-parent=\"#custom-collapse-0\" href=\"#custom-collapse-0-3\">Terminy realizacji kurs\u00f3w programowania<\/a>\n\t\t\t\t\t<\/div>\n\t\t\t\t<\/div>\n\t\t\t\t<div id=\"custom-collapse-0-3\" class=\"panel-collapse collapse\">\n\t\t\t\t\t<div class=\"panel-body\">\nProsz\u0119 o wskazanie pasuj\u0105cych termin\u00f3w szkole\u0144 certyfikowanych w ramach Fabryki M\u0142odego In\u017cyniera z projektu &#8222;PB2.0 \u2013 Zintegrowany Program Rozwoju&#8221; realizowanego z Programu Operacyjnego Wiedza Edukacja Rozw\u00f3j.<\/p>\n<p><a title=\"Przejd\u017a do opisu szkolenia: Warsztaty wyst\u0105pie\u0144 publicznych\" href=\"https:\/\/pb.edu.pl\/pb2\/szkolenia\/szkolenia-studentow-fmi\/szkolenia-z-programowania\/\">Poznaj szczeg\u00f3\u0142ow\u0105 ofert\u0105<\/a><br \/>\n<\/div>\n\t\t\t\t<\/div>\n\t\t\t<\/div>\n<div class=\"panel panel-default\">\n\t\t\t\t<div class=\"panel-heading\">\n\t\t\t\t\t<div class=\"panel-title\">\n\t\t\t\t\t\t<a class=\"collapsed h4\" data-toggle=\"collapse\" data-parent=\"#custom-collapse-0\" href=\"#custom-collapse-0-4\">Terminy realizacji kurs\u00f3w zarz\u0105dzania<\/a>\n\t\t\t\t\t<\/div>\n\t\t\t\t<\/div>\n\t\t\t\t<div id=\"custom-collapse-0-4\" class=\"panel-collapse collapse\">\n\t\t\t\t\t<div class=\"panel-body\">\nProsz\u0119 o wskazanie pasuj\u0105cych termin\u00f3w szkole\u0144 certyfikowanych w ramach Fabryki M\u0142odego In\u017cyniera z projektu &#8222;PB2.0 \u2013 Zintegrowany Program Rozwoju&#8221; realizowanego z Programu Operacyjnego Wiedza Edukacja Rozw\u00f3j.<\/p>\n<p><a title=\"Przejd\u017a do opisu szkolenia: Warsztaty wyst\u0105pie\u0144 publicznych\" href=\"https:\/\/pb.edu.pl\/pb2\/szkolenia\/szkolenia-studentow-fmi\/szkolenia-z-zarzadzania\/\">Poznaj szczeg\u00f3\u0142ow\u0105 ofert\u0105<\/a><br \/>\n<\/div>\n\t\t\t\t<\/div>\n\t\t\t<\/div>\n<div class=\"panel panel-default\">\n\t\t\t\t<div class=\"panel-heading\">\n\t\t\t\t\t<div class=\"panel-title\">\n\t\t\t\t\t\t<a class=\"collapsed h4\" data-toggle=\"collapse\" data-parent=\"#custom-collapse-0\" href=\"#custom-collapse-0-5\">Terminy realizacji kurs\u00f3w zawodowych<\/a>\n\t\t\t\t\t<\/div>\n\t\t\t\t<\/div>\n\t\t\t\t<div id=\"custom-collapse-0-5\" class=\"panel-collapse collapse\">\n\t\t\t\t\t<div class=\"panel-body\">\nProsz\u0119 o wskazanie pasuj\u0105cych termin\u00f3w szkole\u0144 certyfikowanych w ramach Fabryki M\u0142odego In\u017cyniera z projektu &#8222;PB2.0 \u2013 Zintegrowany Program Rozwoju&#8221; realizowanego z Programu Operacyjnego Wiedza Edukacja Rozw\u00f3j.<\/p>\n<p><a title=\"Przejd\u017a do opisu szkolenia: Warsztaty wyst\u0105pie\u0144 publicznych\" href=\"https:\/\/pb.edu.pl\/pb2\/szkolenia\/szkolenia-studentow-fmi\/szkolenia-zawodowe\/\">Poznaj szczeg\u00f3\u0142ow\u0105 ofert\u0105<\/a><br \/>\n<\/div>\n\t\t\t\t<\/div>\n\t\t\t<\/div>\n<\/div>\n","protected":false},"excerpt":{"rendered":"","protected":false},"author":33,"featured_media":0,"parent":174,"menu_order":0,"comment_status":"closed","ping_status":"closed","template":"","meta":{"_acf_changed":false,"ngg_post_thumbnail":0,"footnotes":""},"class_list":["post-493","page","type-page","status-publish","hentry"],"acf":[],"_links":{"self":[{"href":"https:\/\/pb.edu.pl\/pb2\/wp-json\/wp\/v2\/pages\/493","targetHints":{"allow":["GET"]}}],"collection":[{"href":"https:\/\/pb.edu.pl\/pb2\/wp-json\/wp\/v2\/pages"}],"about":[{"href":"https:\/\/pb.edu.pl\/pb2\/wp-json\/wp\/v2\/types\/page"}],"author":[{"embeddable":true,"href":"https:\/\/pb.edu.pl\/pb2\/wp-json\/wp\/v2\/users\/33"}],"replies":[{"embeddable":true,"href":"https:\/\/pb.edu.pl\/pb2\/wp-json\/wp\/v2\/comments?post=493"}],"version-history":[{"count":0,"href":"https:\/\/pb.edu.pl\/pb2\/wp-json\/wp\/v2\/pages\/493\/revisions"}],"up":[{"embeddable":true,"href":"https:\/\/pb.edu.pl\/pb2\/wp-json\/wp\/v2\/pages\/174"}],"wp:attachment":[{"href":"https:\/\/pb.edu.pl\/pb2\/wp-json\/wp\/v2\/media?parent=493"}],"curies":[{"name":"wp","href":"https:\/\/api.w.org\/{rel}","templated":true}]}}