{"id":35,"date":"2021-09-02T20:51:38","date_gmt":"2021-09-02T18:51:38","guid":{"rendered":"https:\/\/pb.edu.pl\/pakapierwszakapb\/?page_id=35"},"modified":"2026-02-11T17:20:34","modified_gmt":"2026-02-11T16:20:34","slug":"kto-jest-kim-na-uczelni","status":"publish","type":"page","link":"https:\/\/pb.edu.pl\/pakapierwszakapb\/kto-jest-kim-na-uczelni\/","title":{"rendered":"Struktura Uczelni i s\u0142owniczek"},"content":{"rendered":"<h3>Kto jest kim na uczelni<\/h3>\n<p>Spo\u0142eczno\u015b\u0107 akademick\u0105 Politechniki Bia\u0142ostockiej tworz\u0105 wszyscy studenci, doktoranci, wyk\u0142adowcy i pracownicy Uczelni.<\/p>\n<p>Na czele struktury organizacyjnej Uczelni stoi Rektor. Kieruje dzia\u0142alno\u015bci\u0105 Uczelni, reprezentuje j\u0105 na zewn\u0105trz oraz jest prze\u0142o\u017conym pracownik\u00f3w, student\u00f3w i doktorant\u00f3w Uczelni. Rektor zarz\u0105dza Uczelni\u0105 przy wsparciu prorektor\u00f3w, dziekan\u00f3w, dyrektor\u00f3w i kierownik\u00f3w jednostek organizacyjnych.<\/p>\n<p>Poznaj <a href=\"https:\/\/pb.edu.pl\/uczelnia\/wladze-uczelni\/\">w\u0142adze Politechniki Bia\u0142ostockiej<\/a><\/p>\n<p>&nbsp;<\/p>\n<p>W strukturach Politechniki Bia\u0142ostockiej funkcjonuje sze\u015b\u0107 wydzia\u0142\u00f3w. Na czele ka\u017cdego z nich stoi Dziekan, kt\u00f3ry jest prze\u0142o\u017conym wszystkich pracownik\u00f3w wydzia\u0142u, kieruje prac\u0105 wydzia\u0142u oraz odpowiada za realizacj\u0119 zada\u0144 wydzia\u0142u przed Rektorem. Dziekan wsp\u00f3\u0142pracuje z Prodziekanami.<\/p>\n<p>Poznaj <a href=\"https:\/\/wa.pb.edu.pl\/wydzial\/wladze\/\">struktur\u0119 organizacyjn\u0105 Wydzia\u0142u Architektury<\/a><\/p>\n<p>Poznaj <a href=\"https:\/\/wb.pb.edu.pl\/wladze\/\">struktur\u0119 organizacyjn\u0105 Wydzia\u0142u Budownictwa i Nauk o \u015arodowisku<\/a><\/p>\n<p>Poznaj <a href=\"https:\/\/we.pb.edu.pl\/wydzial\/wladze\/\">struktur\u0119 organizacyjn\u0105 Wydzia\u0142u Elektrycznego<\/a><\/p>\n<p>Poznaj <a href=\"https:\/\/wi.pb.edu.pl\/wydzial\/wladze\/\">struktur\u0119 organizacyjn\u0105 Wydzia\u0142u Informatyki<\/a><\/p>\n<p>Poznaj <a href=\"https:\/\/wiz.pb.edu.pl\/wydzial\/wladze\/\">struktur\u0119 organizacyjn\u0105 Wydzia\u0142u In\u017cynierii Zarz\u0105dzania<\/a><\/p>\n<p>Poznaj <a href=\"https:\/\/wm.pb.edu.pl\/wydzial\/wladze\/\">struktur\u0119 organizacyjn\u0105 Wydzia\u0142u Mechanicznego<\/a><br \/>\n&nbsp;<\/p>\n<h3>Uczelniany s\u0142ownik + skr\u00f3ty USOS, ECTS, CNK, Eduportal, Eduroam<\/h3>\n<p>&nbsp;<br \/>\n<strong>Absolutorium<\/strong> \u2013 posiadanie zaliczonych wszystkich przedmiot\u00f3w w toku studi\u00f3w i mo\u017cliwo\u015b\u0107 podej\u015bcia do obrony dyplomu<\/p>\n<p><strong>Adiunkt<\/strong> \u2013 jedno ze stanowisk pracownik\u00f3w akademickich. Po\u015brednie pomi\u0119dzy asystentem i profesorem<\/p>\n<p><strong>Ankiety studenckie<\/strong> \u2013 zbierana co semestr opinia student\u00f3w na temat nauczycieli prowadz\u0105cych przedmioty<\/p>\n<p><strong>Asystent<\/strong> \u2013 jedno ze stanowisk pracownik\u00f3w akademickich, od tego stanowiska rozpoczyna si\u0119 karier\u0119 naukow\u0105<\/p>\n<p><strong>\u0106wiczenia<\/strong> \u2013 podstawowy rodzaj zaj\u0119\u0107 dydaktycznych na studiach. S\u0142u\u017c\u0105 pog\u0142\u0119bieniu zagadnie\u0144 przekazywanych w czasie wyk\u0142ad\u00f3w. \u0106wiczenia odbywaj\u0105 si\u0119 zazwyczaj w ma\u0142ych grupach.<\/p>\n<p><strong>Doktor habilitowany<\/strong> \u2013 najwy\u017cszy stopie\u0144 naukowy, uzyskany po obronie pracy habilitacyjnej. Do os\u00f3b z tym stopniem zwracaj si\u0119 \u201ePani\/e Profesorze\u201d.<\/p>\n<p><strong>Doktor<\/strong> \u2013 stopie\u0144 naukowy nadawany osobom, kt\u00f3re obroni\u0142y prace doktorskie<\/p>\n<p><strong>Dziekan<\/strong> \u2013 szef Wydzia\u0142u<\/p>\n<p><strong>Dziekanat<\/strong> \u2013 biuro na wydziale, kt\u00f3re zajmuje si\u0119 sprawami studenckimi<\/p>\n<p><strong>Egzamin<\/strong> \u2013 forma zaliczenia ko\u0144cowego przedmiotu<\/p>\n<p><strong>Godziny rektorskie<\/strong> \u2013 godziny wolne od zaj\u0119\u0107 og\u0142oszone oficjaln\u0105 decyzj\u0105 Rektora. Informacji o nich szukajcie na stronie wydzia\u0142u i uczelni.<\/p>\n<p><strong>Immatrykulacja<\/strong> \u2013 uroczysty akt przyj\u0119cia w poczet student\u00f3w uczelni<\/p>\n<p><strong>Inauguracja<\/strong> \u2013 uroczyste rozpocz\u0119cie roku akademickiego<\/p>\n<p><strong>Rektor<\/strong> \u2013 najwa\u017cniejsze stanowisko na uczelni. Rektor sprawuje w\u0142adz\u0119 na uczelni. Z pomoc\u0105 prorektor\u00f3w kieruje dzia\u0142alno\u015bci\u0105 naukow\u0105, dydaktyczn\u0105, organizacyjn\u0105, kulturaln\u0105, sportow\u0105 i gospodarcz\u0105 uczelni.<\/p>\n<p><strong>Katedra<\/strong> \u2013 jednostka organizacyjna wydzia\u0142u<\/p>\n<p><strong>Kierunek studi\u00f3w<\/strong> \u2013 wyodr\u0119bniona cz\u0119\u015b\u0107 jednego lub kilku obszar\u00f3w kszta\u0142cenia, realizowana w uczelni w spos\u00f3b okre\u015blony przez program kszta\u0142cenia. Studia na uczelni prowadzone s\u0105 w ramach kierunku studi\u00f3w. Kierunek studi\u00f3w mo\u017ce by\u0107 prowadzony przez wydzia\u0142 albo \u0142\u0105cznie, przez kilka jednostek organizacyjnych.<\/p>\n<p><strong>Kolokwium<\/strong> \u2013 pisemna forma sprawdzenia wiedzy studenta<\/p>\n<p><strong>Ko\u0142o naukowe<\/strong> \u2013 ciekawa forma dzia\u0142alno\u015bci rozwijana poza zaj\u0119ciami. Uczestnicz\u0105c w ko\u0142ach studenci pog\u0142\u0119biaj\u0105 wiedz\u0119 i zbieraj\u0105 nowe do\u015bwiadczenia. Prowadz\u0105 badania naukowe, wydaj\u0105 publikacje, bior\u0105 udzia\u0142 w konferencjach, organizuj\u0105 szkolenia i spotkania z przedstawicielami \u015bwiata nauki i biznesu.<\/p>\n<p><strong>Laboratorium<\/strong> \u2013 miejsce, gdzie odbywaj\u0105 si\u0119 zaj\u0119cia praktyczne na studiach. R\u00f3wnie\u017c forma zaj\u0119\u0107 dydaktycznych ze szczeg\u00f3lnym naciskiem na umiej\u0119tno\u015bci praktyczne. Z tego powodu zaliczenie laboratorium wymaga najcz\u0119\u015bciej pe\u0142nej frekwencji na zaj\u0119ciach.<\/p>\n<p><strong>Legitymacja studencka<\/strong> \u2013 dokument potwierdzaj\u0105cy, \u017ce jeste\u015b studentem. Dzi\u0119ki niemu masz zni\u017cki w wielu miejscach, np. w komunikacji publicznej. Nie zgub!<\/p>\n<p><strong>Lektor<\/strong> \u2013 nauczyciel akademicki od j\u0119zyk\u00f3w obcych<\/p>\n<p><strong>Lektorat<\/strong> \u2013 zaj\u0119cia z j\u0119zyka obcego<\/p>\n<p><strong>Licencjat<\/strong> \u2013 tytu\u0142 zawodowy nadawany absolwentom studi\u00f3w I stopnia po uko\u0144czeniu studi\u00f3w i obronie pracy dyplomowej. Tytu\u0142 ten oznacza posiadanie wykszta\u0142cenia wy\u017cszego.<\/p>\n<p><strong>Magister<\/strong> \u2013 tytu\u0142 zawodowy nadawany absolwentom studi\u00f3w II stopnia. Tytu\u0142 ten uzyskuje si\u0119 po zaliczeniu wszystkich obowi\u0105zuj\u0105cych na studiach przedmiot\u00f3w oraz napisaniu i obronie pracy magisterskiej.<\/p>\n<p><strong>Opiekun roku<\/strong> \u2013 nauczyciel akademicki sprawuj\u0105cy piecz\u0119 nad rocznikiem student\u00f3w. Mo\u017cecie zwr\u00f3ci\u0107 si\u0119 do niego o pomoc zanim traficie do Prodziekana.<\/p>\n<p><strong>Pracownia specjalistyczna<\/strong> \u2013 zaj\u0119cia podobne do \u0107wicze\u0144 i zaj\u0119\u0107 projektowych, \u0142\u0105cz\u0105ca obie te formy.<\/p>\n<p><strong>Praktyczny profil kszta\u0142cenia<\/strong> \u2013 profil programu kszta\u0142cenia obejmuj\u0105cy zaj\u0119cia pozwalaj\u0105ce studentowi zdoby\u0107 umiej\u0119tno\u015bci praktyczne i kompetencji spo\u0142eczne, realizowany przy za\u0142o\u017ceniu, \u017ce ponad po\u0142owa programu studi\u00f3w okre\u015blonego w punktach ECTS obejmuje zaj\u0119cia praktyczne kszta\u0142tuj\u0105ce te umiej\u0119tno\u015bci i kompetencje, w tym umiej\u0119tno\u015bci uzyskiwane na zaj\u0119ciach warsztatowych, kt\u00f3re s\u0105 prowadzone przez osoby posiadaj\u0105ce do\u015bwiadczenie zawodowe zdobyte poza uczelni\u0105.<\/p>\n<p><strong>Prodziekan<\/strong> \u2013 prawa r\u0119ka Dziekana, osoba od rozwi\u0105zywania trudnych spraw na Wydziale. Na przyk\u0142ad prodziekan ds. studenckich pomaga w sprawach dotycz\u0105cych student\u00f3w.<\/p>\n<p><strong>Profesor PB<\/strong> \u2013 stanowisko nadane przez Senat Politechniki Bia\u0142ostockiej za osi\u0105gni\u0119cia naukowe i dydaktyczne<\/p>\n<p><strong>Profesor<\/strong> \u2013 tytu\u0142 nadany przez Prezydenta RP za osi\u0105gni\u0119cia naukowe i dydaktyczne<\/p>\n<p><strong>Projekt<\/strong> \u2013 jedna z form zaj\u0119\u0107 dydaktycznych, na kt\u00f3rych realizujesz zadanie projektowe<\/p>\n<p><strong>Prorektor<\/strong> \u2013 prawa r\u0119ka Rektora. Najwa\u017cniejszy dla kandydata i studenta jest prorektor ds. studenckich, to u niego mo\u017cna sk\u0142ada\u0107 wszelkiego rodzaju podania zwi\u0105zane ze studiami.<\/p>\n<p><strong>Przedmiot obieralny\/wybieralny<\/strong> \u2013 przedmiot, kt\u00f3ry mo\u017cna wybra\u0107 z wielu opcji, ale bez przesady, zwykle s\u0105 dwa<\/p>\n<p><strong>Rektorat<\/strong> \u2013 miejsce pracy Rektora i Prorektor\u00f3w.<\/p>\n<p><strong>Rok akademicki<\/strong> \u2013 okres 9 miesi\u0119cy, w kt\u00f3rym chodzisz na uczelni\u0119, studiujesz i zaliczasz poszczeg\u00f3lne przedmioty. Sk\u0142ada si\u0119 z 2 semestr\u00f3w, a ka\u017cdy semestr z 15 tygodni zaj\u0119\u0107.<\/p>\n<p><strong>Samorz\u0105d student\u00f3w PB<\/strong> \u2013 wszyscy studenci Politechniki Bia\u0142ostockiej reprezentowani przez Parlament Student\u00f3w PB i Wydzia\u0142owe Rady Samorz\u0105du Student\u00f3w PB. Poznacie ich ju\u017c w pierwszych tygodniach roku akademickiego podczas szkolenia z Praw i Obowi\u0105zk\u00f3w Studenta &#8211; <a href=\"https:\/\/pb.edu.pl\/sspb\/\">pb.edu.pl\/sspb\/<\/a><\/p>\n<p><strong>Semestr<\/strong> \u2013 okres zaj\u0119\u0107 dydaktycznych. Rok akademicki sk\u0142ada si\u0119 z 2 semestr\u00f3w, a ka\u017cdy semestr z 15 tygodni zaj\u0119\u0107.<\/p>\n<p><strong>Seminarium<\/strong> \u2013 zaj\u0119cia, na kt\u00f3rych opowiadasz o swojej pracy dyplomowej i dowiadujesz si\u0119, jak j\u0105 przygotowa\u0107 i poprawnie zredagowa\u0107.<\/p>\n<p><strong>Sesja<\/strong> \u2013 czas kiedy ko\u0144cz\u0105 si\u0119 zaj\u0119cia i musisz wykaza\u0107 si\u0119 wiedz\u0105, kt\u00f3r\u0105 zdoby\u0142e\u015b w czasie semestru. To czas finalnych egzamin\u00f3w i zalicze\u0144.<\/p>\n<p><strong>Sesja poprawkowa<\/strong> \u2013 dodatkowy termin egzamin\u00f3w dla os\u00f3b, kt\u00f3re nie przyst\u0105pi\u0142y lub nie zda\u0142y egzamin\u00f3w w terminie podstawowym.<\/p>\n<p><strong>Studia I stopnia<\/strong> \u2013 studia pierwszego stopnia (studia in\u017cynierskie lub studia licencjackie) \u2013 forma kszta\u0142cenia, na kt\u00f3r\u0105 s\u0105 przyjmowani kandydaci posiadaj\u0105cy \u015bwiadectwo dojrza\u0142o\u015bci. Studia I stopnia ko\u0144cz\u0105 si\u0119 uzyskaniem tytu\u0142u zawodowego in\u017cyniera lub licencjata.<\/p>\n<p><strong>Studia II stopnia<\/strong> \u2013 studia drugiego stopnia (studia magisterskie) studia magisterskie, umo\u017cliwiaj\u0105ce uzyskanie specjalistycznej wiedzy w okre\u015blonym zakresie kszta\u0142cenia, jak r\u00f3wnie\u017c przygotowuj\u0105ce do tw\u00f3rczej pracy w okre\u015blonym zawodzie, ko\u0144cz\u0105ce si\u0119 uzyskaniem tytu\u0142u magistra albo tytu\u0142u r\u00f3wnorz\u0119dnego. Studia magisterskie przeznaczone s\u0105 dla os\u00f3b, kt\u00f3re uzyska\u0142y tytu\u0142 zawodowy licencjata lub in\u017cyniera w tej samej b\u0105d\u017a w innej uczelni.<\/p>\n<p><strong>Studia niestacjonarne<\/strong> \u2013 forma studi\u00f3w wy\u017cszych. Zaj\u0119cia odbywaj\u0105 si\u0119 w weekendy i s\u0105 p\u0142atne.<\/p>\n<p><strong>Studia podyplomowe<\/strong> \u2013 dodatkowa forma studi\u00f3w dla absolwent\u00f3w studi\u00f3w I lub II stopnia. Mo\u017cecie na nich poszerzy\u0107 lub uzupe\u0142ni\u0107 swoje kwalifikacje zawodowe.<\/p>\n<p><strong>Studia stacjonarne<\/strong> \u2013 forma studi\u00f3w wy\u017cszych, w kt\u00f3rej co najmniej po\u0142owa programu kszta\u0142cenia jest realizowana w postaci zaj\u0119\u0107 dydaktycznych wymagaj\u0105cych bezpo\u015bredniego udzia\u0142u nauczycieli akademickich i student\u00f3w.<\/p>\n<p><strong>Wej\u015bci\u00f3wka<\/strong> \u2013 kr\u00f3tki sprawdzian wiedzy na pocz\u0105tku zaj\u0119\u0107.<\/p>\n<p><strong>Wydzia\u0142 <\/strong>\u2013 jednostka organizacyjna Uczelni. Na Politechnice Bia\u0142ostockiej jest ich sze\u015b\u0107.<\/p>\n<p><strong>Wyk\u0142ad<\/strong> \u2013 rodzaj zaj\u0119\u0107 dydaktycznych dla wi\u0119kszej liczby s\u0142uchaczy prowadzony w formie monologu wyk\u0142adowcy. Przekazywana tu wiedza, jest uszczeg\u00f3\u0142awiana na \u0107wiczeniach. Wk\u0142ad ko\u0144czy si\u0119 egzaminem b\u0105d\u017a zaliczeniem z ocen\u0105.<\/p>\n<p><strong>Zaliczenie<\/strong> \u2013 potwierdzenie zdania wszystkich przedmiot\u00f3w w danym semestrze.<\/p>\n<p><strong>Zer\u00f3wka<\/strong> \u2013 termin zerowy zaliczenia\/egzaminu. Prowadz\u0105cy zaj\u0119cia mo\u017ce dopu\u015bci\u0107 student\u00f3w do zaliczenia zaj\u0119\u0107 wyk\u0142adowych we wcze\u015bniejszym terminie po spe\u0142nieniu pewnych warunk\u00f3w (obecno\u015b\u0107 na wyk\u0142adach, odpowiednio wysoka ocena z \u0107wicze\u0144 itd.). Niepisan\u0105 zasad\u0105 jest, \u017ce nie dostaniesz oceny niedostatecznej! Najwy\u017cej spr\u00f3bujesz jeszcze raz.<br \/>\n&nbsp;<\/p>\n<div class=\"h2\" style=\"text-align: left\"><strong>Co znacz\u0105 skr\u00f3ty USOS, ECTS, CNK, Eduportal, Eduroam?<\/strong><\/div>\n<p><strong>USOS<\/strong> od Uniwersytecki System Obs\u0142ugi Studi\u00f3w to <a href=\"https:\/\/usosweb.pb.edu.pl\/\">system informatyczny<\/a> do obs\u0142ugi studi\u00f3w<\/p>\n<p><strong>ECTS <\/strong>\u2013 skr\u00f3t ECTS pochodzi od European Credit Transfer System czyli Europejskiego Systemu Transferu Punkt\u00f3w. Ka\u017cdy przedmiot uj\u0119ty w planie studi\u00f3w ma przypisan\u0105 liczb\u0119 punkt\u00f3w ECTS. Okre\u015blona w regulaminie studi\u00f3w liczba punkt\u00f3w ECTS pozwala na zaliczenie semestru. Dzi\u0119ki systemowi ECTS studenci Politechniki Bia\u0142ostockiej maj\u0105 mo\u017cliwo\u015b\u0107 podj\u0119cia lub kontynuacji studi\u00f3w we wszystkich uczelniach (krajowych i europejskich) realizuj\u0105cych projekt.<\/p>\n<p><strong>Eduportal <\/strong>to portal edukacyjny: <a href=\"https:\/\/usosweb.pb.edu.pl\/kontroler.php?_action=news\/default&amp;panel=DOMYSLNY&amp;file=eduportal.html\">platforma e-learningowa<\/a> dla student\u00f3w i pracownik\u00f3w Politechniki Bia\u0142ostockiej. Dzi\u0119ki niemu mo\u017cecie korzysta\u0107 z interaktywnych kurs\u00f3w i test\u00f3w opracowanych przez pracownik\u00f3w Politechniki. W&nbsp;ramach Eduportalu dost\u0119pne s\u0105 te\u017c r\u00f3\u017cne narz\u0119dzia wspomagaj\u0105ce prac\u0119 grupow\u0105 (np. forum, wiadomo\u015bci wewn\u0119trzne, czaty).&nbsp;Logowanie odbywa si\u0119 podobnie jak do systemu USOSweb.<\/p>\n<p><strong>Eduroam<\/strong> \u2013 bezprzewodowy, bezp\u0142atny internet w ramach us\u0142ugi <a href=\"https:\/\/pb.edu.pl\/eduroam\/\">eduroam<\/a> dost\u0119pny jest w budynkach wydzia\u0142\u00f3w i na terenie kampusu PB.<\/p>\n<p><strong>CNK<\/strong> czyli Centrum Nowoczesnego Kszta\u0142cenia Politechniki Bia\u0142ostockiej. Budynek przy ul. Zwierzynieckiej 16 (<a href=\"https:\/\/pb.edu.pl\/uczelnia\/mapa-kampusu\/miasteczko-akademickie-plan-przestrzenny\/\">sprawd\u017a plan kampusu<\/a>), w kt\u00f3rym mie\u015bci si\u0119 <a href=\"https:\/\/biblioteka.pb.edu.pl\">Biblioteka G\u0142\u00f3wna PB<\/a> oraz <a href=\"https:\/\/pb.edu.pl\/sjo\">Studium J\u0119zyk\u00f3w Obcych<\/a>.<\/p>\n<p>&nbsp;<\/p>\n","protected":false},"excerpt":{"rendered":"<p>Kto jest kim na uczelni Spo\u0142eczno\u015b\u0107 akademick\u0105 Politechniki Bia\u0142ostockiej tworz\u0105 wszyscy studenci, doktoranci, wyk\u0142adowcy i pracownicy Uczelni. Na czele struktury organizacyjnej Uczelni stoi Rektor. Kieruje dzia\u0142alno\u015bci\u0105 Uczelni, reprezentuje j\u0105 na zewn\u0105trz oraz jest prze\u0142o\u017conym pracownik\u00f3w, student\u00f3w i doktorant\u00f3w Uczelni. Rektor zarz\u0105dza Uczelni\u0105 przy wsparciu prorektor\u00f3w, dziekan\u00f3w, dyrektor\u00f3w i kierownik\u00f3w jednostek organizacyjnych. Poznaj w\u0142adze Politechniki Bia\u0142ostockiej [&hellip;]<\/p>\n","protected":false},"author":2,"featured_media":0,"parent":0,"menu_order":8,"comment_status":"closed","ping_status":"closed","template":"","meta":{"_acf_changed":false,"ngg_post_thumbnail":0,"footnotes":""},"class_list":["post-35","page","type-page","status-publish","hentry"],"acf":[],"_links":{"self":[{"href":"https:\/\/pb.edu.pl\/pakapierwszakapb\/wp-json\/wp\/v2\/pages\/35","targetHints":{"allow":["GET"]}}],"collection":[{"href":"https:\/\/pb.edu.pl\/pakapierwszakapb\/wp-json\/wp\/v2\/pages"}],"about":[{"href":"https:\/\/pb.edu.pl\/pakapierwszakapb\/wp-json\/wp\/v2\/types\/page"}],"author":[{"embeddable":true,"href":"https:\/\/pb.edu.pl\/pakapierwszakapb\/wp-json\/wp\/v2\/users\/2"}],"replies":[{"embeddable":true,"href":"https:\/\/pb.edu.pl\/pakapierwszakapb\/wp-json\/wp\/v2\/comments?post=35"}],"version-history":[{"count":2,"href":"https:\/\/pb.edu.pl\/pakapierwszakapb\/wp-json\/wp\/v2\/pages\/35\/revisions"}],"predecessor-version":[{"id":432,"href":"https:\/\/pb.edu.pl\/pakapierwszakapb\/wp-json\/wp\/v2\/pages\/35\/revisions\/432"}],"wp:attachment":[{"href":"https:\/\/pb.edu.pl\/pakapierwszakapb\/wp-json\/wp\/v2\/media?parent=35"}],"curies":[{"name":"wp","href":"https:\/\/api.w.org\/{rel}","templated":true}]}}