{"id":54,"date":"2017-11-22T21:49:54","date_gmt":"2017-11-22T20:49:54","guid":{"rendered":"https:\/\/pb.edu.pl\/owi\/?page_id=54"},"modified":"2024-11-18T10:24:48","modified_gmt":"2024-11-18T09:24:48","slug":"przydatne-linki","status":"publish","type":"page","link":"https:\/\/pb.edu.pl\/owi\/przydatne-linki\/","title":{"rendered":"Przydatne linki"},"content":{"rendered":"<div class=\"h3\">WA\u017bNE STRONY<\/div>\n<p><a href=\"https:\/\/uprp.gov.pl\/pl\">URZ\u0104D PATENTOWY RZECZYPOSPOLITEJ POLSKIEJ<\/a><\/p>\n<p><a href=\"https:\/\/www.epo.org\">EUROPEJSKI URZ\u0104D PATENTOWY<\/a><\/p>\n<p><a href=\"http:\/\/www.nauka.gov.pl\/\">MINISTERSTWO NAUKI I SZKOLNICTWA WY\u017bSZEGO<\/a><br \/>\n&nbsp;<\/p>\n<div class=\"h3\">Skr\u00f3ty organizacji<\/div>\n<p>UPRP &#8211; Urz\u0105d Patentowy Rzeczypospolitej Polskiej<br \/>\nEPO &#8211; Europejski Urz\u0105d Patentowy (ang. European Patent Organization)<br \/>\nWIPO &#8211; \u015awiatowa Organizacja W\u0142asno\u015bci Intelektualnej (ang. World Intellectual Property Organization)<br \/>\nEUIPO &#8211; Urz\u0105d Unii Europejskiej ds. W\u0142asno\u015bci Intelektualnej (ang. European Union Intellectual Property Office)<br \/>\n&nbsp;<\/p>\n<div class=\"h3\">BAZY PATENT\u00d3W<\/div>\n<p>Wyszukiwarka Urz\u0119du Patentowego Rzeczypospolitej Polskiej \u2013 <a href=\"https:\/\/ewyszukiwarka.pue.uprp.gov.pl\/search\/simple-search?lng=pl\">ewyszukiwarka PUEUP<\/a><\/p>\n<div class=\"h3\">Bazy mi\u0119dzynarodowe:<\/div>\n<p><b>Znaki towarowe:<\/b><\/p>\n<ul>\n<li><a href=\"https:\/\/oami.europa.eu\/eSearch\/#advanced\/trademarks\">eSearch plus<\/a> \u2013 wyszukiwanie proste \u2013 wsp\u00f3lnotowe znaki towarowe \u2013 EUIPO;<\/li>\n<li><a href=\"https:\/\/www.tmdn.org\/tmview\/#\/tmview\">TMview<\/a> &#8211; wyszukiwarka znak\u00f3w towarowych;<\/li>\n<li><a href=\"http:\/\/tmclass.tmdn.org\/ec2\/\">TMclass<\/a> \u2013 narz\u0119dzie wspomagaj\u0105ce u\u017cytkownik\u00f3w w klasyfikowaniu towar\u00f3w i us\u0142ug;<\/li>\n<li><a href=\"http:\/\/www.wipo.int\/romarin\">ROMARIN<\/a> \u2013 mi\u0119dzynarodowe znaki towarowe \u2013 bazy danych WIPO \u2013 wszystkie rejestracje znak\u00f3w pod rz\u0105dami Porozumienia Madryckiego i Protoko\u0142u;<\/li>\n<li><a href=\"http:\/\/www.wipo.int\/gsmanager\/\">Madrid System Goods &amp; Services Manager<\/a> \u2013 narz\u0119dzie do zestawiania wykazu towar\u00f3w i us\u0142ug do\u0142\u0105czanego do mi\u0119dzynarodowego zg\u0142oszenia w systemie madryckim rejestracji znak\u00f3w towarowych;<\/li>\n<li><a href=\"http:\/\/www.wipo.int\/branddb\/en\/index.jsp\">Global Brand Database<\/a> \u2013 narz\u0119dzie integruj\u0105ce wyszukiwanie znak\u00f3w towarowych pod rz\u0105dami: Porozumienia Madryckiego, artyku\u0142u 6ter Konwencji Paryskiej oraz Traktatu Lizbo\u0144skiego (Nazwy pochodzenia).<\/li>\n<\/ul>\n<p><b>Wzory przemys\u0142owe:<\/b><\/p>\n<ul>\n<li><a href=\"https:\/\/euipo.europa.eu\/eSearch\/#advanced\/designs\">eSearch plus<\/a> \u2013 wyszukiwanie proste \u2013 wsp\u00f3lnotowe wzory przemys\u0142owe \u2013 EUIPO;<\/li>\n<li><a href=\"https:\/\/www.tmdn.org\/tmdsview-web\/#\/dsview\">DESIGNview<\/a> &#8211; wyszukiwarka wzor\u00f3w przemys\u0142owych;<\/li>\n<li><a href=\"http:\/\/www.wipo.int\/designdb\/hague\/en\/\">Hague-Express<\/a> \u2013 mi\u0119dzynarodowe rejestracje wzor\u00f3w przemys\u0142owych \u2013 bazy danych WIPO.<\/li>\n<\/ul>\n<p><b>Wynalazki (i wzory u\u017cytkowe):<\/b><\/p>\n<ul>\n<li><a href=\"https:\/\/register.epo.org\/espacenet\/regviewer\">European Patent Register<\/a> \u2013 informacje z rejestru patentowego o zg\u0142oszeniach i patentach EP;<\/li>\n<li><a href=\"https:\/\/data.epo.org\/publication-server\/?lg=en\">European Publication Server<\/a> \u2013 pe\u0142ne teksty zg\u0142osze\u0144 i opis\u00f3w patentowych EP w zakresie od roku 1978 na bie\u017c\u0105co;<\/li>\n<li><a href=\"http:\/\/worldwide.espacenet.com\/\">Espacenet<\/a> \u2013 baza dokument\u00f3w patentowych EPO, WIPO (OMPI) i innych kraj\u00f3w dost\u0119pna poprzez interfejsy w j\u0119zykach: angielskim, francuskim i niemieckim;<\/li>\n<li><a href=\"http:\/\/www.wipo.int\/patentscope\/en\/\">PATENTSCOPE<\/a> (WIPO) \u2013 poszukiwania w zasobach dokumentacji WIPO \u2013 zg\u0142oszenia mi\u0119dzynarodowe (zg\u0142oszenia mi\u0119dzynarodowe PCT) w zakresie od roku 1978 na bie\u017c\u0105co;<\/li>\n<li><a href=\"http:\/\/depatisnet.dpma.de\/\">DepatisNET<\/a> (Niemcy)<\/li>\n<li><a href=\"http:\/\/patft.uspto.gov\/\">USPTO<\/a> (USA) \u2013 bazy z pe\u0142nymi tekstami oraz faksymile patentowej dokumentacji zg\u0142osze\u0144 oraz udzielonych patent\u00f3w (patenty w zakresie od roku 1790 na bie\u017c\u0105co; zg\u0142oszenia w zakresie od roku 2001 na bie\u017c\u0105co).<\/li>\n<\/ul>\n","protected":false},"excerpt":{"rendered":"<p>WA\u017bNE STRONY URZ\u0104D PATENTOWY RZECZYPOSPOLITEJ POLSKIEJ EUROPEJSKI URZ\u0104D PATENTOWY MINISTERSTWO NAUKI I SZKOLNICTWA WY\u017bSZEGO &nbsp;<\/p>\n","protected":false},"author":2,"featured_media":0,"parent":0,"menu_order":6,"comment_status":"closed","ping_status":"closed","template":"","meta":{"_acf_changed":false,"ngg_post_thumbnail":0,"footnotes":""},"class_list":["post-54","page","type-page","status-publish","hentry"],"acf":[],"_links":{"self":[{"href":"https:\/\/pb.edu.pl\/owi\/wp-json\/wp\/v2\/pages\/54","targetHints":{"allow":["GET"]}}],"collection":[{"href":"https:\/\/pb.edu.pl\/owi\/wp-json\/wp\/v2\/pages"}],"about":[{"href":"https:\/\/pb.edu.pl\/owi\/wp-json\/wp\/v2\/types\/page"}],"author":[{"embeddable":true,"href":"https:\/\/pb.edu.pl\/owi\/wp-json\/wp\/v2\/users\/2"}],"replies":[{"embeddable":true,"href":"https:\/\/pb.edu.pl\/owi\/wp-json\/wp\/v2\/comments?post=54"}],"version-history":[{"count":0,"href":"https:\/\/pb.edu.pl\/owi\/wp-json\/wp\/v2\/pages\/54\/revisions"}],"wp:attachment":[{"href":"https:\/\/pb.edu.pl\/owi\/wp-json\/wp\/v2\/media?parent=54"}],"curies":[{"name":"wp","href":"https:\/\/api.w.org\/{rel}","templated":true}]}}