{"id":25,"date":"2017-11-22T21:39:53","date_gmt":"2017-11-22T20:39:53","guid":{"rendered":"https:\/\/pb.edu.pl\/owi\/?page_id=25"},"modified":"2024-11-18T10:25:26","modified_gmt":"2024-11-18T09:25:26","slug":"baza-wiedzy","status":"publish","type":"page","link":"https:\/\/pb.edu.pl\/owi\/baza-wiedzy\/","title":{"rendered":"Baza wiedzy"},"content":{"rendered":"<div class=\"h3\">Prawo Uczelniane i krajowe<\/div>\n<p><a class=\"pdf\" href=\"https:\/\/pb.edu.pl\/owi\/wp-content\/uploads\/sites\/12\/2021\/12\/Uchwalanr93-Regulamin.pdf\" target=\"_blank\" rel=\"noopener\" data-id=\"367\">Uchwa\u0142a nr 93 Regulamin zarz\u0105dzania w\u0142asno\u015bci\u0105 intelektualn\u0105 w Politechnice Bia\u0142ostockiej (PDF, 5 MB, otworzy si\u0119 w nowej karcie)<\/a><\/p>\n<p><a class=\"pdf\" href=\"https:\/\/pb.edu.pl\/owi\/wp-content\/uploads\/sites\/12\/2021\/12\/Uchwalynr93wersjadost.cyfrowo.pdf\" target=\"_blank\" rel=\"noopener\" data-id=\"368\">Uchwa\u0142a nr 93 Regulamin zarz\u0105dzania w\u0142asno\u015bci\u0105 intelektualn\u0105 w Politechnice Bia\u0142ostockiej (PDF, 200 KB, otworzy si\u0119 w nowej karcie)<\/a><\/p>\n<p><a class=\"pdf\" href=\"https:\/\/pb.edu.pl\/owi\/wp-content\/uploads\/sites\/12\/2021\/12\/D20210478Lj.pdf\" target=\"_blank\" rel=\"noopener\" data-id=\"369\">Ustawa z dnia 20 lipca 2018 r. Prawo o szkolnictwie wy\u017cszym i nauce (tj. Dz. U. z 2021 poz. 478 z p\u00f3\u017an. zm) (PDF, 2 MB, otworzy si\u0119 w nowej karcie)<\/a><\/p>\n<p><a class=\"pdf\" href=\"https:\/\/pb.edu.pl\/owi\/wp-content\/uploads\/sites\/12\/2021\/12\/D20010508Lj-1.pdf\" target=\"_blank\" rel=\"noopener\" data-id=\"372\">Ustawa z dnia 30 czerwca 2000 r. Prawo w\u0142asno\u015bci przemys\u0142owej (tj. Dz. U. z 2021 r. poz. 324) (PDF, 1 MB, otworzy si\u0119 w nowej karcie)<\/a><\/p>\n<p>&nbsp;<\/p>\n<p><span style=\"font-size: 14pt\"><strong>W\u0141ASNO\u015a\u0106 INTELEKTUALNA<\/strong><\/span><\/p>\n<p>Co to jest w\u0142asno\u015b\u0107 intelektualna?<br \/>\nJak\u0105 rol\u0119 odgrywa w naszym \u017cyciu?<br \/>\nJak j\u0105 zabezpiecza\u0107?<\/p>\n<p>Odpowiedzi znajdziecie w publikacjach Urz\u0119du Patentowego RP:<\/p>\n<p><a class=\"pdf\" href=\"https:\/\/pb.edu.pl\/owi\/wp-content\/uploads\/sites\/12\/2020\/01\/Czym_jest_wlasnosc_intelektualna.pdf\" target=\"_blank\" rel=\"noopener noreferrer\" data-id=\"293\">Czym jest w\u0142asno\u015b\u0107 intelektualna (PDF, 1 MB, otworzy si\u0119 w nowej karcie)<\/a><\/p>\n<p><a class=\"pdf\" href=\"https:\/\/pb.edu.pl\/owi\/wp-content\/uploads\/sites\/12\/2020\/01\/Ochrona_wlasnosci_przemyslowej_w_pigulce.pdf\" target=\"_blank\" rel=\"noopener noreferrer\" data-id=\"294\">Ochrona w\u0142asno\u015bci przemys\u0142owej w pigu\u0142ce (PDF, 1 MB, otworzy si\u0119 w nowej karcie)<\/a><\/p>\n<p><a class=\"pdf\" href=\"https:\/\/pb.edu.pl\/owi\/wp-content\/uploads\/sites\/12\/2020\/01\/IP-ksi\u0105\u017ceczka-przedsi\u0119biorcy.pdf\" target=\"_blank\" rel=\"noopener noreferrer\" data-id=\"295\">Ksi\u0105\u017ceczka przedsi\u0119biorcy (PDF, 564 KB, otworzy si\u0119 w nowej karcie)<\/a><\/p>\n","protected":false},"excerpt":{"rendered":"<p>Prawo Uczelniane i krajowe Uchwa\u0142a nr 93 Regulamin zarz\u0105dzania w\u0142asno\u015bci\u0105 intelektualn\u0105 w Politechnice Bia\u0142ostockiej (PDF,<\/p>\n","protected":false},"author":2,"featured_media":0,"parent":0,"menu_order":6,"comment_status":"closed","ping_status":"closed","template":"","meta":{"_acf_changed":false,"ngg_post_thumbnail":0,"footnotes":""},"class_list":["post-25","page","type-page","status-publish","hentry"],"acf":[],"_links":{"self":[{"href":"https:\/\/pb.edu.pl\/owi\/wp-json\/wp\/v2\/pages\/25","targetHints":{"allow":["GET"]}}],"collection":[{"href":"https:\/\/pb.edu.pl\/owi\/wp-json\/wp\/v2\/pages"}],"about":[{"href":"https:\/\/pb.edu.pl\/owi\/wp-json\/wp\/v2\/types\/page"}],"author":[{"embeddable":true,"href":"https:\/\/pb.edu.pl\/owi\/wp-json\/wp\/v2\/users\/2"}],"replies":[{"embeddable":true,"href":"https:\/\/pb.edu.pl\/owi\/wp-json\/wp\/v2\/comments?post=25"}],"version-history":[{"count":0,"href":"https:\/\/pb.edu.pl\/owi\/wp-json\/wp\/v2\/pages\/25\/revisions"}],"wp:attachment":[{"href":"https:\/\/pb.edu.pl\/owi\/wp-json\/wp\/v2\/media?parent=25"}],"curies":[{"name":"wp","href":"https:\/\/api.w.org\/{rel}","templated":true}]}}