{"id":2623,"date":"2025-03-24T14:52:38","date_gmt":"2025-03-24T13:52:38","guid":{"rendered":"https:\/\/pb.edu.pl\/oknmut\/?page_id=2623"},"modified":"2025-03-26T23:55:48","modified_gmt":"2025-03-26T22:55:48","slug":"zakwaterowanie","status":"publish","type":"page","link":"https:\/\/pb.edu.pl\/oknmut\/dla-uczestnikow\/zakwaterowanie\/","title":{"rendered":"Zakwaterowanie"},"content":{"rendered":"<div class=\"panel-group\" id=\"custom-collapse-0\">\n<div class=\"panel panel-default\">\n\t\t\t\t<div class=\"panel-heading\">\n\t\t\t\t\t<div class=\"panel-title\">\n\t\t\t\t\t\t<a class=\"collapsed h4\" data-toggle=\"collapse\" data-parent=\"#custom-collapse-0\" href=\"#custom-collapse-0-0\">AKADEMIKI POLITECHNIKI BIA\u0141OSTOCKIEJ<\/a>\n\t\t\t\t\t<\/div>\n\t\t\t\t<\/div>\n\t\t\t\t<div id=\"custom-collapse-0-0\" class=\"panel-collapse collapse\">\n\t\t\t\t\t<div class=\"panel-body\">\nAdres: ul. Zwierzyniecka 4-8, 15-333 Bia\u0142ystok<br \/>\nOdleg\u0142o\u015b\u0107 od PB: ok. 400 m<br \/>\nTelefon: +48 500 004 694<br \/>\nStrona www: <a href=\"https:\/\/pb.edu.pl\/wspolpraca\/obiekty-i-zasoby\/wynajem-akademikow\/\">pb.edu.pl\/wspolpraca\/obiekty-i-zasoby\/wynajem-akademikow<\/a><\/p>\n<p><strong>Oferta dla uczestnik\u00f3w OKNMUT 2025 na has\u0142o \u201eOKNMUT 2025\u201d:<\/strong><br \/>\nPok\u00f3j jednoosobowy \u2013 100 z\u0142\/doba<br \/>\nPok\u00f3j 2 osobowy \u2013 130 z\u0142 \/doba<\/p>\n<p>Segmenty ze wsp\u00f3ln\u0105 \u0142azienk\u0105 (w standardzie hotelowym)<\/p>\n<p>Rezerwacja:<br \/>\n <i class=\"fal fa-envelope\"><\/i> <a href=\"#\" rel=\"nofollow\"  onclick=\"this.href='mailto:' + 'rezerwacjegrupowe' + '@' + 'pb.edu.pl'\">rezerwacjegrupowe [at] pb.edu.pl<\/a>\n<p><i class=\"fal fa-envelope\"><\/i> <a href=\"#\" rel=\"nofollow\"  onclick=\"this.href='mailto:' + 'kwaterowanie' + '@' + 'pb.edu.pl'\">kwaterowanie [at] pb.edu.pl<\/a>\n<p>Prosz\u0119 wzi\u0105\u0107 po uwag\u0119, \u017ce 12 i 13 wrze\u015bnia 2025 na terenie kampusu Politechniki Bia\u0142ostockiej odb\u0119dzie si\u0119 DLA CIEBIE FESTIWAL 2025.<br \/>\n<\/div>\n\t\t\t\t<\/div>\n\t\t\t<\/div>\n<div class=\"panel panel-default\">\n\t\t\t\t<div class=\"panel-heading\">\n\t\t\t\t\t<div class=\"panel-title\">\n\t\t\t\t\t\t<a class=\"collapsed h4\" data-toggle=\"collapse\" data-parent=\"#custom-collapse-0\" href=\"#custom-collapse-0-1\">CENTRUM KONFERENCYJNO-BANKIETOWE TITANIC<\/a>\n\t\t\t\t\t<\/div>\n\t\t\t\t<\/div>\n\t\t\t\t<div id=\"custom-collapse-0-1\" class=\"panel-collapse collapse\">\n\t\t\t\t\t<div class=\"panel-body\">\nAdres: ul. Pogodna 16D, 15-354 Bia\u0142ystok<br \/>\nOdleg\u0142o\u015b\u0107 od PB: ok. 700 m<br \/>\nTelefon: +48 85 742 92 46<\/p>\n<p>Strona www: <a href=\"http:\/\/ckbtitanic.pl\/\">ckbtitanic.pl<\/a><\/p>\n<p><strong>Oferta dla uczestnik\u00f3w OKNMUT 2025 na has\u0142o \u201eOKNMUT 2025\u201d<\/strong><br \/>\nPok\u00f3j jednoosobowy comfort &#8211; 210 z\u0142\/doba<br \/>\nPok\u00f3j 2 osobowy double lub twin &#8211; 250 z\u0142 \/doba<\/p>\n<p>W cen\u0119 pokoi wliczone s\u0105 \u015bniadania (bufet), darmowy parking oraz wifi<br \/>\n<\/div>\n\t\t\t\t<\/div>\n\t\t\t<\/div>\n<div class=\"panel panel-default\">\n\t\t\t\t<div class=\"panel-heading\">\n\t\t\t\t\t<div class=\"panel-title\">\n\t\t\t\t\t\t<a class=\"collapsed h4\" data-toggle=\"collapse\" data-parent=\"#custom-collapse-0\" href=\"#custom-collapse-0-2\">HOTEL 3 TRIO * * *<\/a>\n\t\t\t\t\t<\/div>\n\t\t\t\t<\/div>\n\t\t\t\t<div id=\"custom-collapse-0-2\" class=\"panel-collapse collapse\">\n\t\t\t\t\t<div class=\"panel-body\">\nAdres:\tul. Hurtowa 3, 15-399 Bia\u0142ystok<br \/>\nOdleg\u0142o\u015b\u0107 od PB: ok. 1,7 km<br \/>\nTelefon: +48 85 745 40 50<\/p>\n<p>Strona www: <a href=\"https:\/\/www.hotel3trio.pl\/\">www.hotel3trio.pl<\/a><\/p>\n<p><strong>Oferta dla uczestnik\u00f3w OKNMUT 2025 na has\u0142o \u201eOKNMUT 2025\u201d<\/strong><\/p>\n<p>Pokoje Comfort (starsza cz\u0119\u015b\u0107 hotelu, pokoje z balkonem, bez klimatyzacji):<br \/>\npokoje 1-osobowe : 225 z\u0142 \/ dob\u0119  (w pokojach 2 oddzielne pojedyncze \u0142\u00f3\u017cka do pojedynczego wykorzystania)<br \/>\npokoje 2-osobowe : 275 z\u0142 \/ dob\u0119  (w pokojach 2 oddzielne pojedyncze \u0142\u00f3\u017cka)<\/p>\n<p>Pokoje Superior (nowa cz\u0119\u015b\u0107 hotelu, pokoje klimatyzowane, bez balkonu):<br \/>\npokoje 1-osobowe : 255 z\u0142 \/ dob\u0119  (w pokojach 1 \u0142\u00f3\u017cko du\u017ce)<br \/>\npokoje 2-osobowe : 320 z\u0142 \/ dob\u0119  (w pokojach 2 oddzielne pojedyncze \u0142\u00f3\u017cka\/\u0142\u00f3zko ma\u0142\u017ce\u0144skie + mo\u017cliwo\u015b\u0107 dostawki za 90z\u0142\/doba ze \u015bniadaniem (fotel albo \u0142\u00f3\u017cko polowe)<\/p>\n<p>Dodatkowo:<br \/>\n&#8211; bezp\u0142atny bezprzewodowy Internet na terenie ca\u0142ego obiektu<br \/>\n&#8211; bezp\u0142atny du\u017cy parking<br \/>\n&#8211; \u015bniadanie w formie bufetu jest wliczone w cen\u0119<br \/>\n&#8211; podane ceny s\u0105 cenami brutto<\/p>\n<p>W niekt\u00f3re weekendy (pi\u0105tek, sobota) w obiekcie odbywaj\u0105 si\u0119 przyj\u0119cia weselne, co mo\u017ce powodowa\u0107 pewne niedogodno\u015bci.<\/p>\n<\/div>\n\t\t\t\t<\/div>\n\t\t\t<\/div>\n<div class=\"panel panel-default\">\n\t\t\t\t<div class=\"panel-heading\">\n\t\t\t\t\t<div class=\"panel-title\">\n\t\t\t\t\t\t<a class=\"collapsed h4\" data-toggle=\"collapse\" data-parent=\"#custom-collapse-0\" href=\"#custom-collapse-0-3\">HOTEL ARISTO<\/a>\n\t\t\t\t\t<\/div>\n\t\t\t\t<\/div>\n\t\t\t\t<div id=\"custom-collapse-0-3\" class=\"panel-collapse collapse\">\n\t\t\t\t\t<div class=\"panel-body\">\nAdres: ul. J. Kilinskiego 15, 15-089 Bia\u0142ystok<br \/>\nOdleg\u0142o\u015b\u0107 od PB: ok. 2,4 km<br \/>\nTelefon: +48 85 740 8990<\/p>\n<p>Strona www: <a href=\"https:\/\/www.aristohotel.pl\/\">www.aristohotel.pl<\/a><\/p>\n<p><strong>Oferta dla uczestnik\u00f3w OKNMUT 2025 na has\u0142o \u201eOKNMUT 2025\u201d<\/strong><\/p>\n<p>pokoje jednoosobowe 310 PLN\/doba<br \/>\npokoje dwuosobowe 370 PLN\/doba <\/p>\n<p>Wszystkie ceny obejmuj\u0105 \u015bniadanie.<\/p>\n<\/div>\n\t\t\t\t<\/div>\n\t\t\t<\/div>\n<div class=\"panel panel-default\">\n\t\t\t\t<div class=\"panel-heading\">\n\t\t\t\t\t<div class=\"panel-title\">\n\t\t\t\t\t\t<a class=\"collapsed h4\" data-toggle=\"collapse\" data-parent=\"#custom-collapse-0\" href=\"#custom-collapse-0-4\">HOTEL CRISTAL * * * *<\/a>\n\t\t\t\t\t<\/div>\n\t\t\t\t<\/div>\n\t\t\t\t<div id=\"custom-collapse-0-4\" class=\"panel-collapse collapse\">\n\t\t\t\t\t<div class=\"panel-body\">\nAdres: ul. Lipowa 3\/5, 15-424 Bia\u0142ystok<br \/>\nOdleg\u0142o\u015b\u0107 od PB: ok. 2 km<br \/>\nTelefon: +48 85 74 96 151<\/p>\n<p>Strona www: <a href=\"https:\/\/hotelcristal.com.pl\/\">hotelcristal.com.pl<\/a><\/p>\n<p><strong>Oferta dla uczestnik\u00f3w OKNMUT 2025 na has\u0142o \u201eOKNMUT 2025\u201d<\/strong><\/p>\n<p>Pok\u00f3j 1-osobowy: 290,00 PLN<br \/>\nPok\u00f3j 2-osobowy do pojedynczego wykorzystania: 350,00 PLN<br \/>\nPok\u00f3j 2-osobowy: 380,00 PLN<\/p>\n<p>Wszystkie ceny obejmuj\u0105 \u015bniadanie.<\/p>\n<p>Dodatkowo, dla ka\u017cdego go\u015bcia powitalny s\u0142odki upominek.<\/p>\n<\/div>\n\t\t\t\t<\/div>\n\t\t\t<\/div>\n<div class=\"panel panel-default\">\n\t\t\t\t<div class=\"panel-heading\">\n\t\t\t\t\t<div class=\"panel-title\">\n\t\t\t\t\t\t<a class=\"collapsed h4\" data-toggle=\"collapse\" data-parent=\"#custom-collapse-0\" href=\"#custom-collapse-0-5\">HOTEL ESPERANTO * * *<\/a>\n\t\t\t\t\t<\/div>\n\t\t\t\t<\/div>\n\t\t\t\t<div id=\"custom-collapse-0-5\" class=\"panel-collapse collapse\">\n\t\t\t\t\t<div class=\"panel-body\">\nAdres:\tul. Legionowa 10, 15-099 Bia\u0142ystok (wjazd od ul. Sienkiewicza 1)<br \/>\nOdleg\u0142o\u015b\u0107 od PB: ok. 2,1 km<br \/>\nTelefon: +48 85 740 99 00<\/p>\n<p>Strona www: <a href=\"https:\/\/hotelesperanto.net\/\">hotelesperanto.net<\/a><\/p>\n<p><strong>Oferta dla uczestnik\u00f3w OKNMUT 2025 na has\u0142o \u201eOKNMUT 2025\u201d<\/strong><\/p>\n<p>1- osobowy: 350 PLN\/doba<br \/>\n2- osobowy: 400 PLN\/doba<br \/>\n3 osobowy: 450 PLN\/doba<\/p>\n<p>Wszystkie ceny obejmuj\u0105 \u015bniadanie.<\/p>\n<p>Bezpo\u015brednio przed hotelem znajduje si\u0119 miejska, p\u0142atna strefa parkowania. Parkomat znajduje si\u0119 przed wej\u015bciem do hotelu. <\/p>\n<p>Hotel dysponuje monitorowanym, podziemnym parkingiem dodatkowo p\u0142atnym w cenie specjalnej 45 PLN\/doba.<\/p>\n<\/div>\n\t\t\t\t<\/div>\n\t\t\t<\/div>\n<div class=\"panel panel-default\">\n\t\t\t\t<div class=\"panel-heading\">\n\t\t\t\t\t<div class=\"panel-title\">\n\t\t\t\t\t\t<a class=\"collapsed h4\" data-toggle=\"collapse\" data-parent=\"#custom-collapse-0\" href=\"#custom-collapse-0-6\">HOTEL HAMPTON BY HILTON BIALYSTOK<\/a>\n\t\t\t\t\t<\/div>\n\t\t\t\t<\/div>\n\t\t\t\t<div id=\"custom-collapse-0-6\" class=\"panel-collapse collapse\">\n\t\t\t\t\t<div class=\"panel-body\">\nAdres: ul. Wis\u0142awy Szymborskiej 2, 15-424 Bia\u0142ystok<br \/>\nOdleg\u0142o\u015b\u0107 od PB: ok. 2,2 km<br \/>\nTelefon: +48 85 777 00 00<\/p>\n<p>Strona www: <a href=\"https:\/\/www.hilton.com\/en\/hotels\/wmibihx-hampton-bialystok\/\">www.hilton.com\/en\/hotels\/wmibihx-hampton-bialystok<\/a><\/p>\n<p><strong>Oferta dla uczestnik\u00f3w OKNMUT 2025 na has\u0142o \u201eOKNMUT 2025\u201d<\/strong><\/p>\n<p><a href=\"https:\/\/www.hilton.com\/pl\/book\/reservation\/rooms\/?ctyhocn=WMIBIHX&#038;arrivalDate=2025-09-11&#038;departureDate=2025-09-13&#038;groupCode=CHHOKN&#038;room1NumAdults=1&#038;cid=OM%2CWW%2CHILTONLINK%2CEN%2CDirectLink\">group.hamptoninn.com\/fj44np<\/a><br \/>\n<\/div>\n\t\t\t\t<\/div>\n\t\t\t<\/div>\n<div class=\"panel panel-default\">\n\t\t\t\t<div class=\"panel-heading\">\n\t\t\t\t\t<div class=\"panel-title\">\n\t\t\t\t\t\t<a class=\"collapsed h4\" data-toggle=\"collapse\" data-parent=\"#custom-collapse-0\" href=\"#custom-collapse-0-7\">HOTEL POD HERBEM * *<\/a>\n\t\t\t\t\t<\/div>\n\t\t\t\t<\/div>\n\t\t\t\t<div id=\"custom-collapse-0-7\" class=\"panel-collapse collapse\">\n\t\t\t\t\t<div class=\"panel-body\">\nAdres: ul. Wiejska 49, 15-351 Bia\u0142ystok<br \/>\nOdleg\u0142o\u015b\u0107 od PB: ok. 300 m<br \/>\nTelefon: +48 85 742 24 30<\/p>\n<p>Strona www: <a href=\"https:\/\/www.hotel-podherbem.pl\/\">www.hotel-podherbem.pl<\/a><\/p>\n<p><strong>Oferta dla uczestnik\u00f3w OKNMUT 2025 na has\u0142o \u201eOKNMUT 2025\u201d<\/strong><\/p>\n<p>10 z\u0142 zni\u017cki za pok\u00f3j<\/p>\n<\/div>\n\t\t\t\t<\/div>\n\t\t\t<\/div>\n<div class=\"panel panel-default\">\n\t\t\t\t<div class=\"panel-heading\">\n\t\t\t\t\t<div class=\"panel-title\">\n\t\t\t\t\t\t<a class=\"collapsed h4\" data-toggle=\"collapse\" data-parent=\"#custom-collapse-0\" href=\"#custom-collapse-0-8\">HOTEL IBIS STYLES BIA\u0141YSTOK<\/a>\n\t\t\t\t\t<\/div>\n\t\t\t\t<\/div>\n\t\t\t\t<div id=\"custom-collapse-0-8\" class=\"panel-collapse collapse\">\n\t\t\t\t\t<div class=\"panel-body\">\nAdres:\tAleja Pi\u0142sudskiego 25, 15-444 Bia\u0142ystok, Polska<br \/>\nOdleg\u0142o\u015b\u0107 od PB: ok. 2,8 km<br \/>\nTelefon: +48 85 877 2500<\/p>\n<p>Strona www: <a href=\"https:\/\/ibisstylesbialystok.pl\/\">ibisstylesbialystok.pl<\/a><\/p>\n<p><strong>Oferta dla uczestnik\u00f3w OKNMUT 2025 na has\u0142o \u201eOKNMUT 2025\u201d<\/strong><\/p>\n<p><a  class=\"pdf\" href=\"https:\/\/pb.edu.pl\/oknmut\/wp-content\/uploads\/sites\/136\/2025\/03\/OFERTA-SPECJALNA-ibis-styles-Bialystok.pdf\" target=\"_blank\" data-id=\"2644\" >Oferta specjalna IBIS STYLES Bia\u0142ystok <span>(PDF, 226 KB, otworzy si\u0119 w nowej karcie)<\/span><\/a><\/p>\n<\/div>\n\t\t\t\t<\/div>\n\t\t\t<\/div>\n<div class=\"panel panel-default\">\n\t\t\t\t<div class=\"panel-heading\">\n\t\t\t\t\t<div class=\"panel-title\">\n\t\t\t\t\t\t<a class=\"collapsed h4\" data-toggle=\"collapse\" data-parent=\"#custom-collapse-0\" href=\"#custom-collapse-0-9\">HOTEL OPERA * * * *<\/a>\n\t\t\t\t\t<\/div>\n\t\t\t\t<\/div>\n\t\t\t\t<div id=\"custom-collapse-0-9\" class=\"panel-collapse collapse\">\n\t\t\t\t\t<div class=\"panel-body\">\nAdres: ul. Kijowska 5, 15-410 Bia\u0142ystok<br \/>\nOdleg\u0142o\u015b\u0107 od PB: ok. 1,5 km<br \/>\nTelefon: +48 85 685 59 00<\/p>\n<p>Strona www: <a href=\"https:\/\/hotel-opera.pl\/\">hotel-opera.pl<\/a><\/p>\n<p><strong>Oferta dla uczestnik\u00f3w OKNMUT 2025 na has\u0142o \u201eOKNMUT 2025\u201d<\/strong><\/p>\n<p>15% zni\u017cki na pobyt<\/p>\n<\/div>\n\t\t\t\t<\/div>\n\t\t\t<\/div>\n<div class=\"panel panel-default\">\n\t\t\t\t<div class=\"panel-heading\">\n\t\t\t\t\t<div class=\"panel-title\">\n\t\t\t\t\t\t<a class=\"collapsed h4\" data-toggle=\"collapse\" data-parent=\"#custom-collapse-0\" href=\"#custom-collapse-0-10\">HOTEL PODLASIE * * *<\/a>\n\t\t\t\t\t<\/div>\n\t\t\t\t<\/div>\n\t\t\t\t<div id=\"custom-collapse-0-10\" class=\"panel-collapse collapse\">\n\t\t\t\t\t<div class=\"panel-body\">\nAdres: ul. 42 Pu\u0142ku Piechoty 6, 15-181 Bia\u0142ystok<br \/>\nOdleg\u0142o\u015b\u0107 od PB: ok. 5,2 km<br \/>\nTelefon: +48 85 67 56 600<\/p>\n<p>Strona www: <a href=\"https:\/\/www.hotelpodlasie.pl\/\">www.hotelpodlasie.pl<\/a><\/p>\n<p><strong>Oferta dla uczestnik\u00f3w OKNMUT 2025 na has\u0142o \u201eOKNMUT 2025\u201d<\/strong><\/p>\n<p>pok\u00f3j jednoosobowy standard  &#8211; 240 z\u0142 brutto\/1 doba<br \/>\npok\u00f3j jednoosobowy delux &#8211; 260 z\u0142 brutto\/1 doba<br \/>\npok\u00f3j dwuosobowy standard &#8211; 315 z\u0142 brutto\/1 doba<br \/>\npok\u00f3j dwuosobowy delux &#8211; 350 z\u0142 brutto\/1 doba<\/p>\n<p>Wszystkie ceny obejmuj\u0105 \u015bniadanie &#8211; bufet szwedzki w godzinach 6.30-10.30<br \/>\nparking \u2013 bezp\u0142atny<\/p>\n<\/div>\n\t\t\t\t<\/div>\n\t\t\t<\/div>\n<div class=\"panel panel-default\">\n\t\t\t\t<div class=\"panel-heading\">\n\t\t\t\t\t<div class=\"panel-title\">\n\t\t\t\t\t\t<a class=\"collapsed h4\" data-toggle=\"collapse\" data-parent=\"#custom-collapse-0\" href=\"#custom-collapse-0-11\">WILLA PASTEL<\/a>\n\t\t\t\t\t<\/div>\n\t\t\t\t<\/div>\n\t\t\t\t<div id=\"custom-collapse-0-11\" class=\"panel-collapse collapse\">\n\t\t\t\t\t<div class=\"panel-body\">\nAdres:\tul. Waszyngtona 24a, 15-269 Bia\u0142ystok<br \/>\nOdleg\u0142o\u015b\u0107 od PB: ok. 1,4 km<br \/>\nTelefon: +48 85 748 60 60<\/p>\n<p>Strona www: <a href=\"https:\/\/pastel.kasol.com.pl\/pl\/\">pastel.kasol.com.pl\/pl<\/a><\/p>\n<p><strong>Oferta dla uczestnik\u00f3w OKNMUT 2025 na has\u0142o \u201eOKNMUT 2025\u201d<\/strong><\/p>\n<p>15% zni\u017cki na pobyt<\/p>\n<\/div>\n\t\t\t\t<\/div>\n\t\t\t<\/div>\n<div class=\"panel panel-default\">\n\t\t\t\t<div class=\"panel-heading\">\n\t\t\t\t\t<div class=\"panel-title\">\n\t\t\t\t\t\t<a class=\"collapsed h4\" data-toggle=\"collapse\" data-parent=\"#custom-collapse-0\" href=\"#custom-collapse-0-12\">HOTEL TRAUGUTTA3<\/a>\n\t\t\t\t\t<\/div>\n\t\t\t\t<\/div>\n\t\t\t\t<div id=\"custom-collapse-0-12\" class=\"panel-collapse collapse\">\n\t\t\t\t\t<div class=\"panel-body\">\nAdres: ul. Romualda Traugutta 3, 15-145 Bia\u0142ystok<br \/>\nOdleg\u0142o\u015b\u0107 od PB: ok. 4,2 km<br \/>\nTelefon: +48 733 733 722<\/p>\n<p>Strona www: <a href=\"https:\/\/www.hoteltraugutta3.pl\/\">www.hoteltraugutta3.pl<\/a><\/p>\n<p><strong>Oferta dla uczestnik\u00f3w OKNMUT 2025 na has\u0142o \u201eOKNMUT 2025\u201d<\/strong><\/p>\n<p>10% zni\u017cki na pobyt<\/p>\n<p>Pokoje standardowe ze \u015bniadaniem, dost\u0119pem do Strefy Wellness oraz parkingiem przed Hotelem zaczynaj\u0105 si\u0119 od ceny 375 z\u0142 i 475 z\u0142 (do wykorzystania jednoosobowego i dwuosobowego).<br \/>\nWraz ze zni\u017ck\u0105 ceny b\u0119d\u0105 wygl\u0105da\u0107 nast\u0119puj\u0105co 327 z\u0142 oraz 427 z\u0142.<\/p>\n<\/div>\n\t\t\t\t<\/div>\n\t\t\t<\/div>\n<\/div>\n","protected":false},"excerpt":{"rendered":"","protected":false},"author":2,"featured_media":0,"parent":2202,"menu_order":6,"comment_status":"closed","ping_status":"closed","template":"","meta":{"_acf_changed":false,"ngg_post_thumbnail":0,"footnotes":""},"class_list":["post-2623","page","type-page","status-publish","hentry"],"acf":[],"_links":{"self":[{"href":"https:\/\/pb.edu.pl\/oknmut\/wp-json\/wp\/v2\/pages\/2623","targetHints":{"allow":["GET"]}}],"collection":[{"href":"https:\/\/pb.edu.pl\/oknmut\/wp-json\/wp\/v2\/pages"}],"about":[{"href":"https:\/\/pb.edu.pl\/oknmut\/wp-json\/wp\/v2\/types\/page"}],"author":[{"embeddable":true,"href":"https:\/\/pb.edu.pl\/oknmut\/wp-json\/wp\/v2\/users\/2"}],"replies":[{"embeddable":true,"href":"https:\/\/pb.edu.pl\/oknmut\/wp-json\/wp\/v2\/comments?post=2623"}],"version-history":[{"count":0,"href":"https:\/\/pb.edu.pl\/oknmut\/wp-json\/wp\/v2\/pages\/2623\/revisions"}],"up":[{"embeddable":true,"href":"https:\/\/pb.edu.pl\/oknmut\/wp-json\/wp\/v2\/pages\/2202"}],"wp:attachment":[{"href":"https:\/\/pb.edu.pl\/oknmut\/wp-json\/wp\/v2\/media?parent=2623"}],"curies":[{"name":"wp","href":"https:\/\/api.w.org\/{rel}","templated":true}]}}