{"id":2434,"date":"2024-09-19T14:39:34","date_gmt":"2024-09-19T12:39:34","guid":{"rendered":"https:\/\/pb.edu.pl\/oknmut\/?page_id=2434"},"modified":"2025-09-09T00:37:57","modified_gmt":"2025-09-08T22:37:57","slug":"lista-uczestnikow","status":"publish","type":"page","link":"https:\/\/pb.edu.pl\/oknmut\/dla-uczestnikow\/lista-uczestnikow\/","title":{"rendered":"Lista uczestnik\u00f3w"},"content":{"rendered":"<p>Katarzyna  Adrianowicz, Politechnika \u015al\u0105ska<br \/>\nJonas Al-Hadad, Politechnika Wroc\u0142awska<br \/>\nAleksandra Arkit, Uniwersytet Zielonog\u00f3rski<br \/>\nKamil Borawski, Politechnika Bia\u0142ostocka<br \/>\nAnna Borowska , Politechnika Bia\u0142ostocka<br \/>\nAgnieszka Dardzi\u0144ska-G\u0142\u0119bocka, Politechnika Bia\u0142ostocka<br \/>\nAnita D\u0105browicz-Tla\u0142ka, Politechnika Gda\u0144ska<br \/>\nKatarzyna  Dems-Rudnicka, Politechnika \u0141\u00f3dzka<br \/>\nAnna Dobosz, Uniwersytet Warmi\u0144sko-Mazurski w Olsztynie<br \/>\nTomasz Drwi\u0119ga, Akademia G\u00f3rniczo-Hutnicza<br \/>\nMarzena Filipowicz-Chomko, Politechnika Bia\u0142ostocka<br \/>\nEl\u017cbieta Galewska, Politechnika \u0141\u00f3dzka<br \/>\nAndrzej Giniewicz, Politechnika Wroc\u0142awska<br \/>\nMa\u0142gorzata Graczyk, Uniwersytet Przyrodniczy w Poznaniu<br \/>\nSambor Guze, Uniwersytet Morski w Gdyni<br \/>\nGertruda Gw\u00f3\u017ad\u017a-\u0141ukawska, Politechnika \u0141\u00f3dzka<br \/>\nMonika Herzog, Politechnika Krakowska<br \/>\nWaldemar Ho\u0142ubowski, Politechnika \u015al\u0105ska<br \/>\nIryna Hyrylovska, Politechnika Morska w Szczecinie<br \/>\nAgata Jakubczyk, Akademia Nauk Stosowanych w Elbl\u0105gu<br \/>\nMarta Jarocka, Politechnika Bia\u0142ostocka<br \/>\nOleksandr Jewtuszenko, Politechnika Bia\u0142ostocka<br \/>\nIzabela J\u00f3\u017awik, Politechnika \u0141\u00f3dzka<br \/>\nAnna Junosza-Szaniawska, Politechnika Warszawska<br \/>\nKonstanty Junosza-Szaniawski, Politechnika Warszawska<br \/>\nAndrzej Just, Politechnika \u0141\u00f3dzka<br \/>\nJoanna Karbowska-Chili\u0144ska, Politechnika Bia\u0142ostocka<br \/>\nAnna Kasperczuk, Politechnika Bia\u0142ostocka<br \/>\nLech Kasyk, Uniwersytet Warmi\u0144sko-Mazurski w Olsztynie<br \/>\nAleksandra Ki\u015blak-Malinowska, Uniwersytet Warmi\u0144sko-Mazurski w Olsztynie<br \/>\nMa\u0142gorzata Komisarska, Politechnika \u0141\u00f3dzka<br \/>\nAlina Kondratiuk-Janyska, Politechnika \u0141\u00f3dzka<br \/>\nEdwin Ko\u017aniewski, Politechnika Bia\u0142ostocka<br \/>\nMagdalena Kucharska, Zachodniopomorski Uniwersytet Technologiczny w Szczecinie<br \/>\nKatarzyna  Kujawska, Politechnika Gda\u0144ska<br \/>\nLech Kujawski , Politechnika Gda\u0144ska<br \/>\nEwa Kulesza, Politechnika Bia\u0142ostocka<br \/>\nMarta Kwiecie\u0144 , Uniwersytet Warmi\u0144sko-Mazurski w Olsztynie<br \/>\nAgnieszka Lasota, Uniwersytet Zielonog\u00f3rski<br \/>\nAndrzej Lenarcik, Politechnika \u015awi\u0119tokrzyska<br \/>\nVioletta Lipi\u0144ska, Politechnika \u0141\u00f3dzka<br \/>\nWaldemar \u0141upi\u0144ski, Politechnika Bia\u0142ostocka<br \/>\nBeata Madras-Kobus, Politechnika Bia\u0142ostocka<br \/>\nMarek Ma\u0142olepszy, Politechnika \u0141\u00f3dzka<br \/>\nIlona Michalik, Akademia G\u00f3rniczo-Hutnicza<br \/>\nJacek Mi\u0119kisz,  Uniwersytet Warszawski<br \/>\nWojciech Mitkowski, Akademia G\u00f3rniczo-Hutnicza<br \/>\nSandra Mlonek, Politechnika Bia\u0142ostocka<br \/>\nDorota Mozyrska, Politechnika Bia\u0142ostocka<br \/>\nMagdalena Musielak, Politechnika Gda\u0144ska<br \/>\nAgnieszka Niedzia\u0142kowska, Politechnika \u0141\u00f3dzka<br \/>\nIwona Nowak, Politechnika \u015al\u0105ska<br \/>\nAnna Olszewska, Politechnika Bia\u0142ostocka<br \/>\nEwa Paw\u0142uszewicz, Politechnika Bia\u0142ostocka<br \/>\nMonika Perl, Zachodniopomorski Uniwersytet Technologiczny w Szczecinie<br \/>\nEl\u017cbieta Puzniakowska-Galuch, Polsko-Japo\u0144ska Akademia Technik Komputerowych<br \/>\nEwelina Rutkowska, Pa\u0144stwowa Uczelnia Zawodowa w Suwa\u0142kach<br \/>\nMarek Si\u0142uszyk, Uniwersytet w Siedlcach<br \/>\nEwa Skotarczak, Uniwersytet Przyrodniczy w Poznaniu<br \/>\nJacek Sta\u0144do, Politechnika \u0141\u00f3dzka<br \/>\nRajmund Stasiewicz, Politechnika Bia\u0142ostocka<br \/>\nMagdalena Stefa\u0144ska , Pa\u0144stwowa Akademia Nauk Stosowanych w Ciechanowie<br \/>\nMarcin St\u0119pie\u0144 , Politechnika \u015awi\u0119tokrzyska<br \/>\nKatarzyna  Szybiak, Collegium Da Vinci<br \/>\nMa\u0142gorzata Terepeta, Politechnika \u0141\u00f3dzka<br \/>\nAgnieszka Tereszkiewicz, Politechnika Bia\u0142ostocka<br \/>\nArtur Wachowicz, Politechnika \u0141\u00f3dzka<br \/>\nDamian Wi\u015bniewski, Uniwersytet Warmi\u0144sko-Mazurski w Olsztynie<br \/>\nMa\u0142gorzata Zdrodowska, Politechnika Bia\u0142ostocka<br \/>\nDorota \u017barek , Politechnika Gda\u0144ska<\/p>\n","protected":false},"excerpt":{"rendered":"<p>Katarzyna Adrianowicz, Politechnika \u015al\u0105ska Jonas Al-Hadad, Politechnika Wroc\u0142awska Aleksandra Arkit, Uniwersytet Zielonog\u00f3rski Kamil Borawski, Politechnika<\/p>\n","protected":false},"author":2,"featured_media":0,"parent":2202,"menu_order":3,"comment_status":"closed","ping_status":"closed","template":"","meta":{"_acf_changed":false,"ngg_post_thumbnail":0,"footnotes":""},"class_list":["post-2434","page","type-page","status-publish","hentry"],"acf":[],"_links":{"self":[{"href":"https:\/\/pb.edu.pl\/oknmut\/wp-json\/wp\/v2\/pages\/2434","targetHints":{"allow":["GET"]}}],"collection":[{"href":"https:\/\/pb.edu.pl\/oknmut\/wp-json\/wp\/v2\/pages"}],"about":[{"href":"https:\/\/pb.edu.pl\/oknmut\/wp-json\/wp\/v2\/types\/page"}],"author":[{"embeddable":true,"href":"https:\/\/pb.edu.pl\/oknmut\/wp-json\/wp\/v2\/users\/2"}],"replies":[{"embeddable":true,"href":"https:\/\/pb.edu.pl\/oknmut\/wp-json\/wp\/v2\/comments?post=2434"}],"version-history":[{"count":0,"href":"https:\/\/pb.edu.pl\/oknmut\/wp-json\/wp\/v2\/pages\/2434\/revisions"}],"up":[{"embeddable":true,"href":"https:\/\/pb.edu.pl\/oknmut\/wp-json\/wp\/v2\/pages\/2202"}],"wp:attachment":[{"href":"https:\/\/pb.edu.pl\/oknmut\/wp-json\/wp\/v2\/media?parent=2434"}],"curies":[{"name":"wp","href":"https:\/\/api.w.org\/{rel}","templated":true}]}}