{"id":2407,"date":"2024-09-19T14:22:32","date_gmt":"2024-09-19T12:22:32","guid":{"rendered":"https:\/\/pb.edu.pl\/oknmut\/?page_id=2407"},"modified":"2024-09-19T14:36:09","modified_gmt":"2024-09-19T12:36:09","slug":"zakres-i-tematyka","status":"publish","type":"page","link":"https:\/\/pb.edu.pl\/oknmut\/o-konferencji\/zakres-i-tematyka\/","title":{"rendered":"Zakres i tematyka"},"content":{"rendered":"<p><strong>G\u0142\u00f3wne zagadnienia konferencji obejmuj\u0105 mi\u0119dzy innymi:<\/strong><\/p>\n<ul>\n<li>rola matematyki jako jednego z kluczowych element\u00f3w edukacji w uczelniach technicznych;<\/li>\n<li>innowacyjne podej\u015bcia dydaktyczne w nauczaniu matematyki;<\/li>\n<li>wyzwania zwi\u0105zane z nauczaniem matematyki na etapie przej\u015bcia od szko\u0142y \u015bredniej do studi\u00f3w wy\u017cszych;<\/li>\n<li>zastosowanie nowoczesnych technologii w procesie dydaktycznym matematyki;<\/li>\n<li>wyzwania w nauczaniu matematyki w kontek\u015bcie projektowania uniwersalnego.<\/li>\n<\/ul>\n","protected":false},"excerpt":{"rendered":"<p>G\u0142\u00f3wne zagadnienia konferencji obejmuj\u0105 mi\u0119dzy innymi: rola matematyki jako jednego z kluczowych element\u00f3w edukacji w<\/p>\n","protected":false},"author":2,"featured_media":0,"parent":2191,"menu_order":1,"comment_status":"closed","ping_status":"closed","template":"","meta":{"_acf_changed":false,"ngg_post_thumbnail":0,"footnotes":""},"class_list":["post-2407","page","type-page","status-publish","hentry"],"acf":[],"_links":{"self":[{"href":"https:\/\/pb.edu.pl\/oknmut\/wp-json\/wp\/v2\/pages\/2407","targetHints":{"allow":["GET"]}}],"collection":[{"href":"https:\/\/pb.edu.pl\/oknmut\/wp-json\/wp\/v2\/pages"}],"about":[{"href":"https:\/\/pb.edu.pl\/oknmut\/wp-json\/wp\/v2\/types\/page"}],"author":[{"embeddable":true,"href":"https:\/\/pb.edu.pl\/oknmut\/wp-json\/wp\/v2\/users\/2"}],"replies":[{"embeddable":true,"href":"https:\/\/pb.edu.pl\/oknmut\/wp-json\/wp\/v2\/comments?post=2407"}],"version-history":[{"count":0,"href":"https:\/\/pb.edu.pl\/oknmut\/wp-json\/wp\/v2\/pages\/2407\/revisions"}],"up":[{"embeddable":true,"href":"https:\/\/pb.edu.pl\/oknmut\/wp-json\/wp\/v2\/pages\/2191"}],"wp:attachment":[{"href":"https:\/\/pb.edu.pl\/oknmut\/wp-json\/wp\/v2\/media?parent=2407"}],"curies":[{"name":"wp","href":"https:\/\/api.w.org\/{rel}","templated":true}]}}