{"id":13,"date":"2020-05-18T14:40:41","date_gmt":"2020-05-18T12:40:41","guid":{"rendered":"https:\/\/pb.edu.pl\/oknmut\/?page_id=13"},"modified":"2025-03-19T23:10:28","modified_gmt":"2025-03-19T22:10:28","slug":"home","status":"publish","type":"page","link":"https:\/\/pb.edu.pl\/oknmut\/","title":{"rendered":"Strona g\u0142\u00f3wna"},"content":{"rendered":"<div class=\"img-full\">\n<p><img decoding=\"async\" src=\"https:\/\/pb.edu.pl\/oknmut\/wp-content\/uploads\/sites\/136\/2024\/09\/Baner_konferencja_1920px.png\" alt=\"wzory matematyczne\" \/><\/p>\n<div class=\"img-full-text\">\n<div class=\"img-logo\"><img loading=\"lazy\" decoding=\"async\" class=\"aligncenter wp-image-2483\" src=\"https:\/\/pb.edu.pl\/oknmut\/wp-content\/uploads\/sites\/136\/2024\/09\/Logo.png\" alt=\"logo konferencji\" width=\"200\" height=\"195\" srcset=\"https:\/\/pb.edu.pl\/oknmut\/wp-content\/uploads\/sites\/136\/2024\/09\/Logo.png 3202w, https:\/\/pb.edu.pl\/oknmut\/wp-content\/uploads\/sites\/136\/2024\/09\/Logo-300x293.png 300w, https:\/\/pb.edu.pl\/oknmut\/wp-content\/uploads\/sites\/136\/2024\/09\/Logo-1024x1001.png 1024w, https:\/\/pb.edu.pl\/oknmut\/wp-content\/uploads\/sites\/136\/2024\/09\/Logo-768x750.png 768w, https:\/\/pb.edu.pl\/oknmut\/wp-content\/uploads\/sites\/136\/2024\/09\/Logo-1536x1501.png 1536w, https:\/\/pb.edu.pl\/oknmut\/wp-content\/uploads\/sites\/136\/2024\/09\/Logo-2048x2001.png 2048w\" sizes=\"auto, (max-width: 200px) 100vw, 200px\" \/><\/div>\n<div class=\"img-full-button2\">Bia\u0142ystok, 11-13 wrze\u015bnia 2025 r.<\/div>\n<div class=\"img-full-pb\">Politechnika Bia\u0142ostocka<\/div>\n<\/div>\n<\/div>\n<div id=\"box-menu\"><\/div>\n<p>&nbsp;<\/p>\n<div class=\"row\" id=\"box-menu\">\n<div class=\"col-sm-3 text-center\"><a class=\"button\" style=\"width: 100%;padding: 0px 5px 10px 5px\" href=\"\/oknmut\/o-konferencji\/\"><img loading=\"lazy\" decoding=\"async\" src=\"https:\/\/pb.edu.pl\/oknmut\/wp-content\/uploads\/sites\/136\/2024\/09\/box-o_konferencji.png\" alt=\"\" width=\"800\" height=\"800\" class=\"aligncenter size-full wp-image-2512\" srcset=\"https:\/\/pb.edu.pl\/oknmut\/wp-content\/uploads\/sites\/136\/2024\/09\/box-o_konferencji.png 800w, https:\/\/pb.edu.pl\/oknmut\/wp-content\/uploads\/sites\/136\/2024\/09\/box-o_konferencji-300x300.png 300w, https:\/\/pb.edu.pl\/oknmut\/wp-content\/uploads\/sites\/136\/2024\/09\/box-o_konferencji-150x150.png 150w, https:\/\/pb.edu.pl\/oknmut\/wp-content\/uploads\/sites\/136\/2024\/09\/box-o_konferencji-768x768.png 768w\" sizes=\"auto, (max-width: 800px) 100vw, 800px\" \/><span class=\"lead\">O konferencji<\/span><\/a><\/div>\n<div class=\"col-sm-3 text-center\"><a class=\"button\" style=\"width: 100%;padding: 0px 5px 10px 5px\" href=\"\/oknmut\/dla-uczestnikow\/\"><img loading=\"lazy\" decoding=\"async\" src=\"https:\/\/pb.edu.pl\/oknmut\/wp-content\/uploads\/sites\/136\/2024\/09\/box-uczestnicy.png\" alt=\"\" width=\"800\" height=\"800\" class=\"aligncenter size-full wp-image-2513\" srcset=\"https:\/\/pb.edu.pl\/oknmut\/wp-content\/uploads\/sites\/136\/2024\/09\/box-uczestnicy.png 800w, https:\/\/pb.edu.pl\/oknmut\/wp-content\/uploads\/sites\/136\/2024\/09\/box-uczestnicy-300x300.png 300w, https:\/\/pb.edu.pl\/oknmut\/wp-content\/uploads\/sites\/136\/2024\/09\/box-uczestnicy-150x150.png 150w, https:\/\/pb.edu.pl\/oknmut\/wp-content\/uploads\/sites\/136\/2024\/09\/box-uczestnicy-768x768.png 768w\" sizes=\"auto, (max-width: 800px) 100vw, 800px\" \/><span class=\"lead\">Dla uczestnik\u00f3w<\/span><\/a><\/div>\n<div class=\"col-sm-3 text-center\"><a class=\"button\" style=\"width: 100%;padding: 0px 5px 10px 5px\" href=\"\/oknmut\/organizacja\/\"><img loading=\"lazy\" decoding=\"async\" src=\"https:\/\/pb.edu.pl\/oknmut\/wp-content\/uploads\/sites\/136\/2024\/09\/box-organizacja.png\" alt=\"\" width=\"800\" height=\"800\" class=\"aligncenter size-full wp-image-2514\" srcset=\"https:\/\/pb.edu.pl\/oknmut\/wp-content\/uploads\/sites\/136\/2024\/09\/box-organizacja.png 800w, https:\/\/pb.edu.pl\/oknmut\/wp-content\/uploads\/sites\/136\/2024\/09\/box-organizacja-300x300.png 300w, https:\/\/pb.edu.pl\/oknmut\/wp-content\/uploads\/sites\/136\/2024\/09\/box-organizacja-150x150.png 150w, https:\/\/pb.edu.pl\/oknmut\/wp-content\/uploads\/sites\/136\/2024\/09\/box-organizacja-768x768.png 768w\" sizes=\"auto, (max-width: 800px) 100vw, 800px\" \/><span class=\"lead\">Organizacja<\/span><\/a><\/div>\n<div class=\"col-sm-3 text-center\"><a class=\"button\" style=\"width: 100%;padding: 0px 5px 10px 5px\" href=\"\/oknmut\/kontakt\/\"><img loading=\"lazy\" decoding=\"async\" src=\"https:\/\/pb.edu.pl\/oknmut\/wp-content\/uploads\/sites\/136\/2024\/09\/box-kontakt.png\" alt=\"\" width=\"800\" height=\"800\" class=\"aligncenter size-full wp-image-2515\" srcset=\"https:\/\/pb.edu.pl\/oknmut\/wp-content\/uploads\/sites\/136\/2024\/09\/box-kontakt.png 800w, https:\/\/pb.edu.pl\/oknmut\/wp-content\/uploads\/sites\/136\/2024\/09\/box-kontakt-300x300.png 300w, https:\/\/pb.edu.pl\/oknmut\/wp-content\/uploads\/sites\/136\/2024\/09\/box-kontakt-150x150.png 150w, https:\/\/pb.edu.pl\/oknmut\/wp-content\/uploads\/sites\/136\/2024\/09\/box-kontakt-768x768.png 768w\" sizes=\"auto, (max-width: 800px) 100vw, 800px\" \/><span class=\"lead\">Kontakt<\/span><\/a><\/div>\n<\/div>\n<p>&nbsp;<\/p>\n<div class=\"row\">\n<div class=\"col-sm-12 text-center\"><a class=\"button text-center animated zoomIn lead\" style=\"width: 100%;font-weight: 400;letter-spacing: 2px\" href=\"\/oknmut\/rejestracja\/\">Rejestracja<\/a><\/div>\n<\/div>\n<div class=\"row\">\n<div class=\"col-sm-12 text-center\"><a class=\"button text-center animated zoomIn lead\" style=\"width: 100%;font-weight: 400;letter-spacing: 2px\" href=\"\/oknmut\/bialystok\/\">Bia\u0142ystok w obiektywie fotografa<\/a><\/div>\n<\/div>\n<div class=\"h1 text-center\"><span style=\"font-size: 24pt\">Patronat honorowy<\/span><\/div>\n<div class=\"organizer-logos\"><a class=\"partnerzy-logos-item\" title=\"otworzy si\u0119 w nowej karcie\" href=\"https:\/\/pb.edu.pl\/uczelnia\/wladze-uczelni\/\" target=\"_blank\" rel=\"noopener\"><img loading=\"lazy\" decoding=\"async\" width=\"784\" height=\"200\" src=\"https:\/\/pb.edu.pl\/oknmut\/wp-content\/uploads\/sites\/136\/2023\/07\/logo-Patronat-Rektor-PB-kolor-podstawowy-na-bialym_200px.jpg\" alt=\"logo Patronat Rektor PB kolor podstawowy na bia\u0142ym_200px\" class=\"aligncenter size-full wp-image-1217\" srcset=\"https:\/\/pb.edu.pl\/oknmut\/wp-content\/uploads\/sites\/136\/2023\/07\/logo-Patronat-Rektor-PB-kolor-podstawowy-na-bialym_200px.jpg 784w, https:\/\/pb.edu.pl\/oknmut\/wp-content\/uploads\/sites\/136\/2023\/07\/logo-Patronat-Rektor-PB-kolor-podstawowy-na-bialym_200px-300x77.jpg 300w, https:\/\/pb.edu.pl\/oknmut\/wp-content\/uploads\/sites\/136\/2023\/07\/logo-Patronat-Rektor-PB-kolor-podstawowy-na-bialym_200px-768x196.jpg 768w\" sizes=\"auto, (max-width: 784px) 100vw, 784px\" \/><\/a><\/div>\n","protected":false},"excerpt":{"rendered":"<p>Bia\u0142ystok, 11-13 wrze\u015bnia 2025 r. Politechnika Bia\u0142ostocka &nbsp; O konferencji Dla uczestnik\u00f3w Organizacja Kontakt &nbsp;<\/p>\n","protected":false},"author":2,"featured_media":0,"parent":0,"menu_order":0,"comment_status":"closed","ping_status":"closed","template":"templates\/dzial.php","meta":{"_acf_changed":false,"ngg_post_thumbnail":0,"footnotes":""},"class_list":["post-13","page","type-page","status-publish","hentry"],"acf":[],"_links":{"self":[{"href":"https:\/\/pb.edu.pl\/oknmut\/wp-json\/wp\/v2\/pages\/13","targetHints":{"allow":["GET"]}}],"collection":[{"href":"https:\/\/pb.edu.pl\/oknmut\/wp-json\/wp\/v2\/pages"}],"about":[{"href":"https:\/\/pb.edu.pl\/oknmut\/wp-json\/wp\/v2\/types\/page"}],"author":[{"embeddable":true,"href":"https:\/\/pb.edu.pl\/oknmut\/wp-json\/wp\/v2\/users\/2"}],"replies":[{"embeddable":true,"href":"https:\/\/pb.edu.pl\/oknmut\/wp-json\/wp\/v2\/comments?post=13"}],"version-history":[{"count":0,"href":"https:\/\/pb.edu.pl\/oknmut\/wp-json\/wp\/v2\/pages\/13\/revisions"}],"wp:attachment":[{"href":"https:\/\/pb.edu.pl\/oknmut\/wp-json\/wp\/v2\/media?parent=13"}],"curies":[{"name":"wp","href":"https:\/\/api.w.org\/{rel}","templated":true}]}}