{"id":2191,"date":"2024-07-17T09:45:02","date_gmt":"2024-07-17T07:45:02","guid":{"rendered":"https:\/\/pb.edu.pl\/ofta\/?page_id=2191"},"modified":"2025-01-23T14:08:06","modified_gmt":"2025-01-23T13:08:06","slug":"o-konferencji","status":"publish","type":"page","link":"https:\/\/pb.edu.pl\/ofta\/o-konferencji\/","title":{"rendered":"O konferencji"},"content":{"rendered":"<div class=\"content\">\n<h4><strong>Wprowadzenie<\/strong><\/h4>\n<p>Konferencja \u201e\u015awiat\u0142owody i ich Zastosowania\u201d to tradycyjne wydarzenie naukowe organizowane od 1976 roku. Celem jest podsumowanie post\u0119p\u00f3w w dziedzinie technologii \u015bwiat\u0142owod\u00f3w i ich zastosowa\u0144 w regionie i na ca\u0142ym \u015bwiecie. Konferencja gromadzi ekspert\u00f3w z r\u00f3\u017cnych dziedzin: \u015brodowisk akademickich, laboratori\u00f3w rz\u0105dowych, przemys\u0142u, operator\u00f3w telekomunikacyjnych oraz dostawc\u00f3w sprz\u0119tu i oprogramowania.<\/p>\n<h4 class=\"wp-block-heading\"><strong>Historia<\/strong><\/h4>\n<p>Pierwsza konferencja \u201e\u015awiat\u0142owody i ich Zastosowania\u201d odby\u0142a si\u0119 w lutym 1976 roku. Pocz\u0105tkowo organizowano j\u0105 co trzy lata. Od 1986 roku podzielono j\u0105 na dwa podcykle: Technologie i Zastosowania, organizowane co 18 miesi\u0119cy. Pierwsze konferencje odbywa\u0142y si\u0119 w Jab\u0142onnie ko\u0142o Warszawy, w obiektach konferencyjnych Polskiej Akademii Nauk. Nast\u0119pnie edycje organizowane by\u0142y w Na\u0142\u0119czowie (wcze\u015bniej w Krasnobrodzie) przez Uniwersytet Marii Curie-Sk\u0142odowskiej w Lublinie i Politechnik\u0119 Lubelsk\u0105 oraz w Bia\u0142owie\u017cy, Supra\u015blu i Bia\u0142ymstoku przez Politechnik\u0119 Bia\u0142ostock\u0105. Z serii tych konferencji opublikowano kilka tom\u00f3w w \u201eProc. SPIE\u201d.<\/p>\n<p>Politechnika Bia\u0142ostocka zorganizuje kolejn\u0105 konferencj\u0119 \u201e\u015awiat\u0142owody i ich Zastosowania\u201d w 2025 roku.<\/p>\n<h4 class=\"wp-block-heading\"><strong>Organizatorzy Konferencji<\/strong><\/h4>\n<p>Politechnika Bia\u0142ostocka, Wydzia\u0142 Elektryczny (Polska)<br \/>\nPolskie Towarzystwo Elektrotechniki Teoretycznej i Stosowanej (PTETiS) (Polska)<\/p>\n<hr>\n<\/div>\n<h1>Zakres i Tematyka<\/h1>\n<p>Wyk\u0142ady zaproszonych go\u015bci i plenarne, referaty oraz sesje posterowe obejm\u0105 rozw\u00f3j technologii \u015bwiat\u0142owodowych. Konferencja skupi si\u0119 szczeg\u00f3lnie na nast\u0119puj\u0105cych kierunkach i zastosowaniach:<\/p>\n<ul>\n<li>materia\u0142y do fotoniki,<\/li>\n<li>technologia \u015bwiat\u0142owod\u00f3w,<\/li>\n<li>komponenty i uk\u0142ady optoelektroniczne,<\/li>\n<li>metrologia \u015bwiat\u0142owod\u00f3w, komponent\u00f3w i uk\u0142ad\u00f3w optoelektronicznych,<\/li>\n<li>zastosowania \u015bwiat\u0142owod\u00f3w,<\/li>\n<li>\u015bwiat\u0142owody luminescencyjne,<\/li>\n<li>technologia o\u015bwietleniowa.<\/li>\n<\/ul>\n<hr>\n<h1>Miejsce Konferencji<\/h1>\n<p>Sympozjum odb\u0119dzie si\u0119 w <a href=\"https:\/\/ibisstylesbialystok.pl\/\">Hotelu Ibis Styles<\/a> w centrum Bia\u0142egostoku.<\/p>\n<p>Hotel Ibis Styles to nowoczesny i komfortowy hotel, po\u0142o\u017cony w sercu miasta, co pozwala uczestnikom konferencji na \u0142atwy dost\u0119p do wszystkich atrakcji Bia\u0142egostoku.<\/p>\n<p>Bia\u0142ystok, stolica Podlasia, to miasto o wyj\u0105tkowych walorach przyrodniczych i kulturowych. Otoczony przez pi\u0119kne parki narodowe i rezerwaty, oferuje nie tylko blisko\u015b\u0107 natury, ale r\u00f3wnie\u017c bogat\u0105 histori\u0119 i r\u00f3\u017cnorodno\u015b\u0107 architektoniczn\u0105. Spaceruj\u0105c po mie\u015bcie, mo\u017cna podziwia\u0107 liczne zabytki, takie jak Pa\u0142ac Branickich, Rynek Ko\u015bciuszki, czy cerkwie i ko\u015bcio\u0142y, kt\u00f3re s\u0105 \u015bwiadectwem wielokulturowej przesz\u0142o\u015bci regionu.<\/p>\n<p>Bia\u0142ystok jest r\u00f3wnie\u017c dynamicznie rozwijaj\u0105cym si\u0119 o\u015brodkiem akademickim i kulturalnym, oferuj\u0105cym wiele wydarze\u0144 artystycznych, teatr\u00f3w, galerii sztuki i muze\u00f3w. Lokalne restauracje i kawiarnie zachwycaj\u0105 r\u00f3\u017cnorodno\u015bci\u0105 kuchni, zar\u00f3wno tradycyjnej podlaskiej, jak i mi\u0119dzynarodowej.<\/p>\n<p>Zapraszamy do Bia\u0142egostoku, gdzie w komfortowych warunkach hotelu Ibis Styles mo\u017cna po\u0142\u0105czy\u0107 udzia\u0142 w konferencji z odkrywaniem urok\u00f3w naszego miasta.<\/p>\n<p><strong>Adres<\/strong><\/p>\n<p>Hotel Ibis Styles<\/p>\n<p>ul. Aleja Pi\u0142sudskiego 25<\/p>\n<p>15-444 Bia\u0142ystok Polska<\/p>\n<p><a href=\"https:\/\/ibisstylesbialystok.pl\/\" target=\"_new\" rel=\"noreferrer noopener\">ibisstylesbialystok.pl<\/a><\/p>\n","protected":false},"excerpt":{"rendered":"<p>Wprowadzenie Konferencja \u201e\u015awiat\u0142owody i ich Zastosowania\u201d to tradycyjne wydarzenie naukowe organizowane od 1976 roku. Celem<\/p>\n","protected":false},"author":165,"featured_media":0,"parent":0,"menu_order":0,"comment_status":"closed","ping_status":"closed","template":"","meta":{"_acf_changed":false,"ngg_post_thumbnail":0,"footnotes":""},"class_list":["post-2191","page","type-page","status-publish","hentry"],"acf":[],"_links":{"self":[{"href":"https:\/\/pb.edu.pl\/ofta\/wp-json\/wp\/v2\/pages\/2191","targetHints":{"allow":["GET"]}}],"collection":[{"href":"https:\/\/pb.edu.pl\/ofta\/wp-json\/wp\/v2\/pages"}],"about":[{"href":"https:\/\/pb.edu.pl\/ofta\/wp-json\/wp\/v2\/types\/page"}],"author":[{"embeddable":true,"href":"https:\/\/pb.edu.pl\/ofta\/wp-json\/wp\/v2\/users\/165"}],"replies":[{"embeddable":true,"href":"https:\/\/pb.edu.pl\/ofta\/wp-json\/wp\/v2\/comments?post=2191"}],"version-history":[{"count":0,"href":"https:\/\/pb.edu.pl\/ofta\/wp-json\/wp\/v2\/pages\/2191\/revisions"}],"wp:attachment":[{"href":"https:\/\/pb.edu.pl\/ofta\/wp-json\/wp\/v2\/media?parent=2191"}],"curies":[{"name":"wp","href":"https:\/\/api.w.org\/{rel}","templated":true}]}}