{"id":13,"date":"2020-05-18T14:40:41","date_gmt":"2020-05-18T12:40:41","guid":{"rendered":"https:\/\/pb.edu.pl\/ofta\/?page_id=13"},"modified":"2025-01-23T14:23:38","modified_gmt":"2025-01-23T13:23:38","slug":"home","status":"publish","type":"page","link":"https:\/\/pb.edu.pl\/ofta\/","title":{"rendered":"Strona g\u0142\u00f3wna"},"content":{"rendered":"<div class=\"img-full\">\n<p><img decoding=\"async\" src=\"https:\/\/pb.edu.pl\/ofta\/wp-content\/uploads\/sites\/130\/2024\/06\/baner-optical-fiber.jpg\" alt=\"\u015bwiat\u0142owody\"><\/p>\n<div class=\"img-full-text\">\n<div class=\"img-full-title\">Konferencja OFTA 2025<\/div>\n<div class=\"img-full-pb\">Politechnika Bia\u0142ostocka<\/div>\n<div class=\"img-full-button2\">Bia\u0142ystok, 20-23 stycznia 2025 r.<\/div>\n<\/div>\n<\/div>\n<p>&nbsp;<\/p>\n<div class=\"row\">\n<div class=\"col-sm-3 text-center\"><a class=\"button\" style=\"width: 100%;padding: 0px 5px 10px 5px\" title=\"O konferencji\" href=\"\/ofta\/o-konferencji\/\"><img loading=\"lazy\" decoding=\"async\" class=\"aligncenter size-full wp-image-251\" src=\"https:\/\/pb.edu.pl\/ofta\/wp-content\/uploads\/sites\/130\/2024\/07\/3-1.png\" alt=\"\" width=\"800\" height=\"536\"><span class=\"lead\">O konferencji<\/span><\/a><\/div>\n<div class=\"col-sm-3 text-center\"><a class=\"button\" style=\"width: 100%;padding: 0px 5px 10px 5px\" title=\"Dla uczestnik\u00f3w\" href=\"\/ofta\/dla-uczestnikow\/\"><img loading=\"lazy\" decoding=\"async\" class=\"aligncenter size-full wp-image-251\" src=\"https:\/\/pb.edu.pl\/ofta\/wp-content\/uploads\/sites\/130\/2024\/07\/1-5.png\" alt=\"\" width=\"800\" height=\"536\"><span class=\"lead\">Dla uczestnik\u00f3w<\/span><\/a><\/div>\n<div class=\"col-sm-3 text-center\"><a class=\"button\" style=\"width: 100%;padding: 0px 5px 10px 5px\" title=\"Organizacja\" href=\"\/ofta\/organizacja\/\"><img loading=\"lazy\" decoding=\"async\" class=\"aligncenter size-full wp-image-250\" src=\"https:\/\/pb.edu.pl\/ofta\/wp-content\/uploads\/sites\/130\/2024\/07\/1-1.png\" alt=\"\" width=\"800\" height=\"536\"><span class=\"lead\">Organizacja<\/span><\/a><\/div>\n<div class=\"col-sm-3 text-center\"><a class=\"button\" style=\"width: 100%;padding: 0px 5px 10px 5px\" title=\"Kontakt\" href=\"\/ofta\/kontakt\/\"><img loading=\"lazy\" decoding=\"async\" class=\"aligncenter size-full wp-image-250\" src=\"https:\/\/pb.edu.pl\/ofta\/wp-content\/uploads\/sites\/130\/2024\/07\/1-7.png\" alt=\"\" width=\"800\" height=\"536\"><span class=\"lead\">Kontakt<\/span><\/a><\/div>\n<\/div>\n<p>&nbsp;<\/p>\n<div class=\"row\">\n<div class=\"col-sm-12 text-center\"><a class=\"button text-center animated zoomIn lead\" style=\"width: 100%;font-weight: 400;letter-spacing: 2px\" href=\"\/ofta\/program-konferencji\/\">Program Konferencji<\/a><\/div>\n<\/div>\n<div class=\"h1 text-center hidden-element\"><span style=\"font-size: 24pt\">Patronat honorowy<\/span><\/div>\n<div class=\"organizer-logos hidden-element\"><a class=\"organizer-logos-item hidden-element\" href=\"https:\/\/pb.edu.pl\/\" target=\"_blank\" rel=\"noopener\"><img decoding=\"async\" src=\"https:\/\/pb.edu.pl\/ofta\/wp-content\/uploads\/sites\/130\/2023\/07\/logo-Patronat-Rektor-PB-kolor-podstawowy-na-bialym_200px.jpg\" alt=\"Rector of Bialystok University of Technology logo\"><\/a><\/div>\n<div class=\"h1 text-center\"><span style=\"font-size: 24pt\">Patronat honorowy<\/span><\/div>\n<div class=\"col-sm-12 organizer-logos\"><a class=\"organizer-logos-item\" target=\"_blank\" rel=\"noopener\"><img decoding=\"async\" class=\"alignleft\" src=\"https:\/\/pb.edu.pl\/ofta\/wp-content\/uploads\/sites\/130\/2023\/07\/logo-Patronat-Rektor-PB-kolor-podstawowy-na-bialym_200px.jpg\" alt=\"PPTF logo\" style=\"width: 300px !important;height: auto !important\"><\/a>\n<\/div>\n<div class=\"h1 text-center\"><span style=\"font-size: 24pt\">Patronat naukowy<\/span><\/div>\n<div class=\"col-sm-12 organizer-logos\"><a class=\"organizer-logos-item\" href=\"https:\/\/photonics.pl\/\" target=\"_blank\" rel=\"noopener\"><img decoding=\"async\" class=\"alignleft\" src=\"https:\/\/pb.edu.pl\/ofta\/wp-content\/uploads\/sites\/130\/2024\/07\/PSP_logo.jpg\" alt=\"Photonics Society of Poland logo\"><\/a><br \/>\n<a class=\"organizer-logos-item\" href=\"http:\/\/ptetis.pl\/bialystok\/\" target=\"_blank\" rel=\"noopener\"><img decoding=\"async\" class=\"alignleft\" src=\"https:\/\/pb.edu.pl\/ofta\/wp-content\/uploads\/sites\/130\/2024\/07\/ptetis.png\" alt=\"PTETIS logo\"><\/a><\/div>\n<div class=\"h1 text-center\"><span style=\"font-size: 24pt\">Patronat \u015brodowiskowy<\/span><\/div>\n<div class=\"col-sm-12 organizer-logos\"><a class=\"organizer-logos-item\" href=\"https:\/\/pptf.pl\/\" target=\"_blank\" rel=\"noopener\"><img decoding=\"async\" class=\"alignleft\" src=\"https:\/\/pb.edu.pl\/ofta\/wp-content\/uploads\/sites\/130\/2024\/11\/LOGO-PL-1.png\" alt=\"PPTF logo\" style=\"width: 250px !important;height: auto !important\"><\/a>\n<\/div>\n","protected":false},"excerpt":{"rendered":"<p>Konferencja OFTA 2025 Politechnika Bia\u0142ostocka Bia\u0142ystok, 20-23 stycznia 2025 r. &nbsp; O konferencji Dla uczestnik\u00f3w<\/p>\n","protected":false},"author":2,"featured_media":0,"parent":0,"menu_order":0,"comment_status":"closed","ping_status":"closed","template":"templates\/dzial.php","meta":{"_acf_changed":false,"ngg_post_thumbnail":0,"footnotes":""},"class_list":["post-13","page","type-page","status-publish","hentry"],"acf":[],"_links":{"self":[{"href":"https:\/\/pb.edu.pl\/ofta\/wp-json\/wp\/v2\/pages\/13","targetHints":{"allow":["GET"]}}],"collection":[{"href":"https:\/\/pb.edu.pl\/ofta\/wp-json\/wp\/v2\/pages"}],"about":[{"href":"https:\/\/pb.edu.pl\/ofta\/wp-json\/wp\/v2\/types\/page"}],"author":[{"embeddable":true,"href":"https:\/\/pb.edu.pl\/ofta\/wp-json\/wp\/v2\/users\/2"}],"replies":[{"embeddable":true,"href":"https:\/\/pb.edu.pl\/ofta\/wp-json\/wp\/v2\/comments?post=13"}],"version-history":[{"count":0,"href":"https:\/\/pb.edu.pl\/ofta\/wp-json\/wp\/v2\/pages\/13\/revisions"}],"wp:attachment":[{"href":"https:\/\/pb.edu.pl\/ofta\/wp-json\/wp\/v2\/media?parent=13"}],"curies":[{"name":"wp","href":"https:\/\/api.w.org\/{rel}","templated":true}]}}