{"id":24,"date":"2017-10-19T21:17:45","date_gmt":"2017-10-19T19:17:45","guid":{"rendered":"https:\/\/pb.edu.pl\/oficyna-wydawnicza\/?page_id=24"},"modified":"2023-03-15T15:26:21","modified_gmt":"2023-03-15T14:26:21","slug":"kontakt","status":"publish","type":"page","link":"https:\/\/pb.edu.pl\/oficyna-wydawnicza\/kontakt\/","title":{"rendered":"Kontakt"},"content":{"rendered":"<div class=\"h3\">Oficyna Wydawnicza Politechniki Bia\u0142ostockiej<\/div>\n<p>&nbsp;<\/p>\n<p>ul. Wiejska 45C, 15-351 Bia\u0142ystok<br \/>\n85 746 91 34, &nbsp; 85 746 91 35, &nbsp; 85 746 91 37<br \/>\n85 746 90 42<\/p>\n<p><i class=\"fal fa-envelope\"><\/i> <a href=\"#\" rel=\"nofollow\"  onclick=\"this.href='mailto:' + 'oficyna.wydawnicza' + '@' + 'pb.edu.pl'\">oficyna.wydawnicza [at] pb.edu.pl<\/a>\n&nbsp;<br \/>\n&nbsp;<\/p>\n<div class=\"h3\">Sk\u0142ad osobowy Oficyny:<\/div>\n<p>mgr in\u017c. Joanna Zi\u00f3\u0142kowska \u2013 kierownik &#8211; <strong>pok. 620<\/strong><br \/>\n<i class=\"fal fa-envelope\"><\/i> <a href=\"#\" rel=\"nofollow\"  onclick=\"this.href='mailto:' + 'j.ziolkowska' + '@' + 'pb.edu.pl'\">j.ziolkowska [at] pb.edu.pl<\/a>\n<p><i class=\"fa fa-phone\"><\/i> 85 746 91 34<br \/>\n&nbsp;<\/p>\n<p>mgr Edyta Chrzanowska \u2013 redaktor &#8211; <strong>pok. 619<\/strong><br \/>\n<i class=\"fal fa-envelope\"><\/i> <a href=\"#\" rel=\"nofollow\"  onclick=\"this.href='mailto:' + 'edyta.chrzanowska' + '@' + 'pb.edu.pl'\">edyta.chrzanowska [at] pb.edu.pl<\/a>\n<p><i class=\"fa fa-phone\"><\/i> 85 746 91 35<\/p>\n<p>&nbsp;<\/p>\n<p>mgr Katarzyna Duniewska \u2013 redaktor &#8211; <strong>pok. 619<\/strong><br \/>\n<i class=\"fal fa-envelope\"><\/i> <a href=\"#\" rel=\"nofollow\"  onclick=\"this.href='mailto:' + 'k.duniewska' + '@' + 'pb.edu.pl'\">k.duniewska [at] pb.edu.pl<\/a>\n<p><i class=\"fa fa-phone\"><\/i> 85 746 91 35<\/p>\n<p>&nbsp;<\/p>\n<p>mgr Marcin Domin\u00f3w \u2013 operator grafiki komputerowej &#8211; <strong>pok. 619<\/strong><br \/>\n<i class=\"fal fa-envelope\"><\/i> <a href=\"#\" rel=\"nofollow\"  onclick=\"this.href='mailto:' + 'm.dominow' + '@' + 'pb.edu.pl'\">m.dominow [at] pb.edu.pl<\/a>\n<p><i class=\"fa fa-phone\"><\/i> 85 746 91 35<\/p>\n<p>&nbsp;<\/p>\n<p>Jolanta Hanus \u2013 specjalista ds. administracyjnych &#8211; <strong>pok. 624<\/strong><br \/>\n<i class=\"fal fa-envelope\"><\/i> <a href=\"#\" rel=\"nofollow\"  onclick=\"this.href='mailto:' + 'oficyna.wydawnicza' + '@' + 'pb.edu.pl'\">oficyna.wydawnicza [at] pb.edu.pl<\/a>\n<p><i class=\"fa fa-phone\"><\/i> 85 746 91 37<br \/>\n&nbsp;<\/p>\n<p>Dorota Kassja\u0144ska \u2013 introligator &#8211; <strong>pok. 531<\/strong><br \/>\n<i class=\"fa fa-phone\"><\/i> 85 746 92 49<\/p>\n","protected":false},"excerpt":{"rendered":"<p>Oficyna Wydawnicza Politechniki Bia\u0142ostockiej &nbsp; ul. Wiejska 45C, 15-351 Bia\u0142ystok 85 746 91 34, &nbsp;<\/p>\n","protected":false},"author":2,"featured_media":0,"parent":0,"menu_order":6,"comment_status":"closed","ping_status":"closed","template":"","meta":{"_acf_changed":false,"ngg_post_thumbnail":0,"footnotes":""},"class_list":["post-24","page","type-page","status-publish","hentry"],"acf":[],"_links":{"self":[{"href":"https:\/\/pb.edu.pl\/oficyna-wydawnicza\/wp-json\/wp\/v2\/pages\/24","targetHints":{"allow":["GET"]}}],"collection":[{"href":"https:\/\/pb.edu.pl\/oficyna-wydawnicza\/wp-json\/wp\/v2\/pages"}],"about":[{"href":"https:\/\/pb.edu.pl\/oficyna-wydawnicza\/wp-json\/wp\/v2\/types\/page"}],"author":[{"embeddable":true,"href":"https:\/\/pb.edu.pl\/oficyna-wydawnicza\/wp-json\/wp\/v2\/users\/2"}],"replies":[{"embeddable":true,"href":"https:\/\/pb.edu.pl\/oficyna-wydawnicza\/wp-json\/wp\/v2\/comments?post=24"}],"version-history":[{"count":0,"href":"https:\/\/pb.edu.pl\/oficyna-wydawnicza\/wp-json\/wp\/v2\/pages\/24\/revisions"}],"wp:attachment":[{"href":"https:\/\/pb.edu.pl\/oficyna-wydawnicza\/wp-json\/wp\/v2\/media?parent=24"}],"curies":[{"name":"wp","href":"https:\/\/api.w.org\/{rel}","templated":true}]}}