{"id":1807,"date":"2023-10-09T19:23:09","date_gmt":"2023-10-09T17:23:09","guid":{"rendered":"https:\/\/pb.edu.pl\/oficyna-wydawnicza\/?page_id=1807"},"modified":"2024-10-16T13:55:58","modified_gmt":"2024-10-16T11:55:58","slug":"rozprawa-doktorska","status":"publish","type":"page","link":"https:\/\/pb.edu.pl\/oficyna-wydawnicza\/rozprawa-doktorska\/","title":{"rendered":"Rozprawa doktorska"},"content":{"rendered":"<div class=\"row\">\n<div class=\"col-sm-3 text-center\">\n<img loading=\"lazy\" decoding=\"async\" src=\"https:\/\/pb.edu.pl\/oficyna-wydawnicza\/wp-content\/uploads\/sites\/4\/2024\/10\/Okladka_rozprawa_doktorska_A4-zatwierdzona-z-dziedzina-2024.jpg\" alt=\"ok\u0142adka rozprawy doktorskiej\" width=\"595\" height=\"842\" class=\"aligncenter size-full wp-image-1917\" \/>\n<\/div>\n<div class=\"col-sm-6 text-center\">\n<strong>Oficyna Wydawnicza Politechniki Bia\u0142ostockiej,<br \/>\npo dostarczeniu do niej wydruk\u00f3w pracy doktorskiej,<br \/>\nwykonuje<\/strong><\/p>\n<p><a class=\"pdf\" href=\"https:\/\/pb.edu.pl\/oficyna-wydawnicza\/wp-content\/uploads\/sites\/4\/2024\/10\/Okladka_rozprawa_doktorska_A4-zatwierdzona-z-dziedzina-2024.pdf\" target=\"_blank\" data-id=\"1905\" rel=\"noopener\">oprawy wed\u0142ug za\u0142\u0105czonego wzoru <span>(PDF, 66 KB, otworzy si\u0119 w nowej karcie)<\/span><\/a>,<\/p>\n<p><a class=\"pdf\" href=\"https:\/\/pb.edu.pl\/oficyna-wydawnicza\/wp-content\/uploads\/sites\/4\/2024\/10\/Okladka_rozprawa_doktorska_A4-EN-zatwierdzona-z-dziedzina-2024.pdf\" target=\"_blank\" data-id=\"1906\" rel=\"noopener\">oprawy wersji pracy w j\u0119zyku angielskim wed\u0142ug za\u0142\u0105czonego wzoru <span>(PDF, 104 KB, otworzy si\u0119 w nowej karcie)<\/span><\/a><br \/>\n&nbsp;<\/p>\n<p><a href=\"\/oficyna-wydawnicza\/rozprawa-doktorska\/wytyczne-przygotowania-publikacji\/\">Wytyczne dotycz\u0105ce przygotowania publikacji przez autora<\/a><br \/>\n&nbsp;<\/p>\n<p><a title=\"pobierz plik\" class=\"docx\" href=\"https:\/\/pb.edu.pl\/oficyna-wydawnicza\/wp-content\/uploads\/sites\/4\/2023\/12\/Strona-tytulowa-Rozprawa-doktorska.docx\" data-id=\"1902\">Strona tytu\u0142owa Rozprawa doktorska <span>(DOCX, 13 KB)<\/span><\/a><\/p>\n<p><a title=\"pobierz plik\" class=\"docx\" href=\"https:\/\/pb.edu.pl\/oficyna-wydawnicza\/wp-content\/uploads\/sites\/4\/2023\/12\/Strona-tytulowa-Rozprawa-doktorska-EN.docx\" data-id=\"1903\">Strona tytu\u0142owa Rozprawa doktorska w j\u0119zyku angielskim <span>(DOCX, 13 KB)<\/span><\/a><\/p>\n<\/div>\n<div class=\"col-sm-3 text-center\">\n<img loading=\"lazy\" decoding=\"async\" src=\"https:\/\/pb.edu.pl\/oficyna-wydawnicza\/wp-content\/uploads\/sites\/4\/2024\/10\/Okladka_rozprawa_doktorska_A4-EN-zatwierdzona-z-dziedzina-2024.jpg\" alt=\"ok\u0142adka rozprawy doktorskiej\" width=\"595\" height=\"842\" class=\"aligncenter size-full wp-image-1919\" \/>\n<\/div>\n<\/div>\n","protected":false},"excerpt":{"rendered":"<p>Oficyna Wydawnicza Politechniki Bia\u0142ostockiej, po dostarczeniu do niej wydruk\u00f3w pracy doktorskiej, wykonuje oprawy wed\u0142ug za\u0142\u0105czonego<\/p>\n","protected":false},"author":2,"featured_media":0,"parent":0,"menu_order":7,"comment_status":"closed","ping_status":"closed","template":"","meta":{"_acf_changed":false,"ngg_post_thumbnail":0,"footnotes":""},"class_list":["post-1807","page","type-page","status-publish","hentry"],"acf":[],"_links":{"self":[{"href":"https:\/\/pb.edu.pl\/oficyna-wydawnicza\/wp-json\/wp\/v2\/pages\/1807","targetHints":{"allow":["GET"]}}],"collection":[{"href":"https:\/\/pb.edu.pl\/oficyna-wydawnicza\/wp-json\/wp\/v2\/pages"}],"about":[{"href":"https:\/\/pb.edu.pl\/oficyna-wydawnicza\/wp-json\/wp\/v2\/types\/page"}],"author":[{"embeddable":true,"href":"https:\/\/pb.edu.pl\/oficyna-wydawnicza\/wp-json\/wp\/v2\/users\/2"}],"replies":[{"embeddable":true,"href":"https:\/\/pb.edu.pl\/oficyna-wydawnicza\/wp-json\/wp\/v2\/comments?post=1807"}],"version-history":[{"count":0,"href":"https:\/\/pb.edu.pl\/oficyna-wydawnicza\/wp-json\/wp\/v2\/pages\/1807\/revisions"}],"wp:attachment":[{"href":"https:\/\/pb.edu.pl\/oficyna-wydawnicza\/wp-json\/wp\/v2\/media?parent=1807"}],"curies":[{"name":"wp","href":"https:\/\/api.w.org\/{rel}","templated":true}]}}