{"id":16,"date":"2017-10-19T21:15:41","date_gmt":"2017-10-19T19:15:41","guid":{"rendered":"https:\/\/pb.edu.pl\/oficyna-wydawnicza\/?page_id=16"},"modified":"2025-10-30T14:40:37","modified_gmt":"2025-10-30T13:40:37","slug":"dla-autorow","status":"publish","type":"page","link":"https:\/\/pb.edu.pl\/oficyna-wydawnicza\/dla-autorow\/","title":{"rendered":"Dla autor\u00f3w"},"content":{"rendered":"<p>Osoby zainteresowane wydaniem publikacji przez Oficyn\u0119 Wydawnicz\u0105 Politechniki Bia\u0142ostockiej prosimy o:<\/p>\n<p><b>zapoznanie&nbsp;si\u0119&nbsp;z:<\/b><\/p>\n<ul>\n<li>wytycznymi dla&nbsp;autor\u00f3w publikacji wydawanych przez&nbsp;OWPB,<\/li>\n<li>wykazem dyscyplin i&nbsp;redaktor\u00f3w naukowych<\/li>\n<\/ul>\n<p><b>oraz&nbsp;dostarczenie:<\/b><\/p>\n<p>\u2013&nbsp;&nbsp; &nbsp;<b>przed wys\u0142aniem pracy do&nbsp;recenzji:<\/b><\/p>\n<ul>\n<li>maszynopisu publikacji w&nbsp;wersji papierowej (1&nbsp;lub&nbsp;2&nbsp;egz. w&nbsp;zale\u017cno\u015bci od&nbsp;rodzaju publikacji),<\/li>\n<li>maszynopisu publikacji w&nbsp;wersji elektronicznej,<\/li>\n<li>za\u0142\u0105cznika nr&nbsp;2&nbsp;Wniosek o&nbsp;rozpocz\u0119cie cyklu wydawniczego,<\/li>\n<li>za\u0142\u0105cznika nr 5 O\u015bwiadczenie Autora publikacji wydawanej w Oficynie Wydawniczej PB dotycz\u0105ce wykorzystania narz\u0119dzi generatywnej sztucznej inteligencji (GenAI);<\/li>\n<\/ul>\n<p>\u2013&nbsp;&nbsp;&nbsp; <b>po&nbsp;recenzji:<\/b><\/p>\n<ul>\n<li>maszynopisu publikacji w&nbsp;wersji elektronicznej,<\/li>\n<li>ustosunkowania si\u0119&nbsp;do&nbsp;uwag zawartych w&nbsp;recenzji(ach),<\/li>\n<li>za\u0142\u0105cznika nr 7 Wniosek o wydanie publikacji do Regulaminu Wydawniczego<\/li>\n<\/ul>\n<p>Zgodnie z obowi\u0105zuj\u0105c\u0105 umow\u0105 wydawnicz\u0105 (Za\u0142\u0105cznik nr 3, 4, 8 \u00a7 7 do Regulaminu Wydawniczego) Autor\/Redaktor udziela Wydawcy licencji Creative Commons Uznanie autorstwa &#8211; U\u017cycie niekomercyjne &#8211; Bez utwor\u00f3w zale\u017cnych Mi\u0119dzynarodowe (CC-BY-NC-ND). Pe\u0142na tre\u015b\u0107 licencji dost\u0119pna na stronie <a title=\"Tre\u015b\u0107 licencji. Otworzy si\u0119 w nowej karcie.\" href=\"http:\/\/creativecommons.org\/licenses\/by-nc-nd\/4.0\/legalcode.pl\" target=\"_blank\" rel=\"noopener noreferrer\">creativecommons.org<\/a><\/p>\n<p>(Zgodnie z <a href=\"https:\/\/bip.pb.edu.pl\/?event=informacja&amp;id=22650\">Zarz\u0105dzeniem nr 102\/2025 Rektora Politechniki Bia\u0142ostockiej z dnia 28 pa\u017adziernika 2025 roku w sprawie wprowadzenia w \u017cycie Regulaminu Wydawniczego Politechniki Bia\u0142ostockiej<\/a>.)<\/p>\n<div class=\"h4\">Zapraszamy serdecznie do wsp\u00f3\u0142pracy<\/div>\n<div class=\"h4\">Za\u0142\u0105czniki:<\/div>\n<p><a href=\"\/oficyna-wydawnicza\/dla-autorow\/wykaz-redaktorow-naukowych-dyscyplin\/\">Wykaz dyscyplin i redaktor\u00f3w naukowych<\/a><\/p>\n<p><a class=\"pdf\" href=\"https:\/\/pb.edu.pl\/oficyna-wydawnicza\/wp-content\/uploads\/sites\/4\/2025\/10\/Wytyczne-dla-autorow-publikacji-wydawanych-przez-OWPB.pdf\">Wytyczne dla autor\u00f3w publikacji wydawanych przez OWPB <\/a><br \/>\n<a class=\"pdf\" href=\"https:\/\/bip.pb.edu.pl\/index.php?event=informacja&amp;id=22497\">Polityka Otwartego Dost\u0119pu w Politechnice Bia\u0142ostockiej <\/a><\/p>\n<p><a href=\"https:\/\/bip.pb.edu.pl\/index.php?event=informacja&amp;id=22455\">Zasady korzystania z system\u00f3w generatywnej sztucznej inteligencji (GenAI) w Politechnice Bia\u0142ostockiej <\/a><br \/>\n<a href=\"https:\/\/bip.pb.edu.pl\/index.php?event=informacja&amp;id=22584\">Korzystanie z system\u00f3w sztucznej inteligencji (GenAI) w procesie kszta\u0142cenia i dyplomowania w Politechnice Bia\u0142ostockiej <\/a><br \/>\n&nbsp;<br \/>\n<a class=\"pdf\" href=\"https:\/\/pb.edu.pl\/oficyna-wydawnicza\/wp-content\/uploads\/sites\/4\/2025\/08\/W-kwestii-stosowania-narzedzi-AI.pdf\" target=\"_blank\" rel=\"noopener\" data-id=\"2288\">Stanowisko i rekomendacje Stowarzyszenia Wydawc\u00f3w Szk\u00f3\u0142 Wy\u017cszych w kwestii stosowania narz\u0119dzi generatywnej sztucznej inteligencji (GAI) w pisaniu prac naukowych (PDF, 721 KB, otworzy si\u0119 w nowej karcie)<\/a><\/p>\n<p>&nbsp;<br \/>\n<a href=\"https:\/\/pb.edu.pl\/oficyna-wydawnicza\/wp-content\/uploads\/sites\/4\/2025\/10\/Zalaczniknr2-Wniosek-o-rozpoczeciu-cylku-wydawniczego.docx\">Za\u0142\u0105cznik nr 2. Wniosek o rozpocz\u0119cie cyklu wydawniczego do Regulaminu Wydawniczego (43 KB)<\/a><\/p>\n<p><a href=\"https:\/\/pb.edu.pl\/oficyna-wydawnicza\/wp-content\/uploads\/sites\/4\/2025\/10\/Zalaczniknr5-Oswiadczenie-Autora-o-korzystaniu-z-AI.docx\">Za\u0142\u0105cznik nr 5. O\u015bwiadczenie Autora publikacji wydawanej w Oficynie Wydawniczej PB dotycz\u0105ce wykorzystania narz\u0119dzi generatywnej sztucznej inteligencji do Regulaminu Wydawniczego (29 KB)<\/a><\/p>\n<p><a href=\"https:\/\/pb.edu.pl\/oficyna-wydawnicza\/wp-content\/uploads\/sites\/4\/2025\/10\/Zalaczniknr6-Informacja-o-proponowanych-recenzentach.docx\">Za\u0142\u0105cznik nr 6. Informacja o proponowanych recenzentach do Regulaminu Wydawniczego (29 KB)<\/a><\/p>\n<p><a href=\"https:\/\/pb.edu.pl\/oficyna-wydawnicza\/wp-content\/uploads\/sites\/4\/2025\/10\/Zalaczniknr7-Wniosek-o-wydanie-publikacji.docx\">Za\u0142\u0105cznik nr 7. Wniosek o wydanie publikacji do Regulaminu Wydawniczego (28 KB)<\/a><\/p>\n<p><a href=\"https:\/\/pb.edu.pl\/oficyna-wydawnicza\/wp-content\/uploads\/sites\/4\/2025\/10\/Zalaczniknr9-Egzemplarz-autorski-PL.docx\">Za\u0142\u0105cznik nr 9. Egzemplarze autorskie PL (20 KB)<\/a> wype\u0142niaj\u0105 tylko autorzy nieb\u0119d\u0105cy pracownikami Uczelni<\/p>\n<p><a href=\"https:\/\/pb.edu.pl\/oficyna-wydawnicza\/wp-content\/uploads\/sites\/4\/2025\/10\/Zalaczniknr10-Egzemplarz-autorski-EN.docx\"> Za\u0142\u0105cznik nr 10. Egzemplarze autorskie EN (25 KB)<\/a> wype\u0142niaj\u0105 tylko autorzy nieb\u0119d\u0105cy pracownikami Uczelni<br \/>\n&nbsp;<\/p>\n<p>Zarz\u0105dzenia dotycz\u0105ce Oficyny Wydawniczej Politechniki Bia\u0142ostockiej umieszczone s\u0105 w <a title=\"otworzy si\u0119 w nowej karcie\" href=\"https:\/\/bip.pb.edu.pl\/\" target=\"_blank\" rel=\"noopener noreferrer\">Biuletynie Informacji Publicznej<\/a>.<\/p>\n","protected":false},"excerpt":{"rendered":"<p>Osoby zainteresowane wydaniem publikacji przez Oficyn\u0119 Wydawnicz\u0105 Politechniki Bia\u0142ostockiej prosimy o: zapoznanie&nbsp;si\u0119&nbsp;z: wytycznymi dla&nbsp;autor\u00f3w publikacji<\/p>\n","protected":false},"author":2,"featured_media":0,"parent":0,"menu_order":2,"comment_status":"closed","ping_status":"closed","template":"","meta":{"_acf_changed":false,"ngg_post_thumbnail":0,"footnotes":""},"class_list":["post-16","page","type-page","status-publish","hentry"],"acf":[],"_links":{"self":[{"href":"https:\/\/pb.edu.pl\/oficyna-wydawnicza\/wp-json\/wp\/v2\/pages\/16","targetHints":{"allow":["GET"]}}],"collection":[{"href":"https:\/\/pb.edu.pl\/oficyna-wydawnicza\/wp-json\/wp\/v2\/pages"}],"about":[{"href":"https:\/\/pb.edu.pl\/oficyna-wydawnicza\/wp-json\/wp\/v2\/types\/page"}],"author":[{"embeddable":true,"href":"https:\/\/pb.edu.pl\/oficyna-wydawnicza\/wp-json\/wp\/v2\/users\/2"}],"replies":[{"embeddable":true,"href":"https:\/\/pb.edu.pl\/oficyna-wydawnicza\/wp-json\/wp\/v2\/comments?post=16"}],"version-history":[{"count":0,"href":"https:\/\/pb.edu.pl\/oficyna-wydawnicza\/wp-json\/wp\/v2\/pages\/16\/revisions"}],"wp:attachment":[{"href":"https:\/\/pb.edu.pl\/oficyna-wydawnicza\/wp-json\/wp\/v2\/media?parent=16"}],"curies":[{"name":"wp","href":"https:\/\/api.w.org\/{rel}","templated":true}]}}