{"id":75,"date":"2018-08-28T12:43:23","date_gmt":"2018-08-28T10:43:23","guid":{"rendered":"https:\/\/pb.edu.pl\/odo\/?page_id=75"},"modified":"2026-02-09T18:21:29","modified_gmt":"2026-02-09T17:21:29","slug":"kontakt","status":"publish","type":"page","link":"https:\/\/pb.edu.pl\/odo\/start\/kontakt\/","title":{"rendered":"Kontakt"},"content":{"rendered":"<p>ul. Wiejska 45A<br \/>\n15-351 Bia\u0142ystok<br \/>\n&nbsp;<\/p>\n<p><strong> Inspektor Ochrony Danych<\/strong><\/p>\n<p>mgr Marta P\u0142o\u0144ska-Wasie\u0144ko &#8211; <strong>pok. A08<\/strong><\/p>\n<p> <i class=\"fa fa-envelope-o\" aria-hidden=\"true\"><\/i> <a href=\"#\" rel=\"nofollow\"  onclick=\"this.href='mailto:' + 'iod' + '@' + 'pb.edu.pl'\">iod [at] pb.edu.pl<\/a>\n&nbsp;<\/p>\n<i class=\"fa fa-phone\" aria-hidden=\"true\"><\/i> 85 746-90-45<\/p>\n","protected":false},"excerpt":{"rendered":"<p>ul. Wiejska 45A 15-351 Bia\u0142ystok &nbsp; Inspektor Ochrony Danych mgr Marta P\u0142o\u0144ska-Wasie\u0144ko &#8211; pok. A08<\/p>\n","protected":false},"author":2,"featured_media":0,"parent":183,"menu_order":2,"comment_status":"closed","ping_status":"closed","template":"","meta":{"_acf_changed":false,"ngg_post_thumbnail":0,"footnotes":""},"class_list":["post-75","page","type-page","status-publish","hentry"],"acf":[],"_links":{"self":[{"href":"https:\/\/pb.edu.pl\/odo\/wp-json\/wp\/v2\/pages\/75","targetHints":{"allow":["GET"]}}],"collection":[{"href":"https:\/\/pb.edu.pl\/odo\/wp-json\/wp\/v2\/pages"}],"about":[{"href":"https:\/\/pb.edu.pl\/odo\/wp-json\/wp\/v2\/types\/page"}],"author":[{"embeddable":true,"href":"https:\/\/pb.edu.pl\/odo\/wp-json\/wp\/v2\/users\/2"}],"replies":[{"embeddable":true,"href":"https:\/\/pb.edu.pl\/odo\/wp-json\/wp\/v2\/comments?post=75"}],"version-history":[{"count":1,"href":"https:\/\/pb.edu.pl\/odo\/wp-json\/wp\/v2\/pages\/75\/revisions"}],"predecessor-version":[{"id":511,"href":"https:\/\/pb.edu.pl\/odo\/wp-json\/wp\/v2\/pages\/75\/revisions\/511"}],"up":[{"embeddable":true,"href":"https:\/\/pb.edu.pl\/odo\/wp-json\/wp\/v2\/pages\/183"}],"wp:attachment":[{"href":"https:\/\/pb.edu.pl\/odo\/wp-json\/wp\/v2\/media?parent=75"}],"curies":[{"name":"wp","href":"https:\/\/api.w.org\/{rel}","templated":true}]}}