{"id":255,"date":"2019-09-24T11:28:59","date_gmt":"2019-09-24T09:28:59","guid":{"rendered":"https:\/\/pb.edu.pl\/odo\/?page_id=255"},"modified":"2020-10-14T10:55:58","modified_gmt":"2020-10-14T08:55:58","slug":"przepisy-prawa","status":"publish","type":"page","link":"https:\/\/pb.edu.pl\/odo\/start\/przepisy-prawa\/","title":{"rendered":"Przepisy prawa"},"content":{"rendered":"<ul style=\"list-style-type: disc\">\n<li><a href=\"https:\/\/eur-lex.europa.eu\/legal-content\/PL\/TXT\/?uri=celex%3A32016R0679\"><strong>ROZPORZ\u0104DZENIE PARLAMENTU EUROPEJSKIEGO I RADY (UE) 2016\/679<\/strong><\/a> z dnia 27 kwietnia 2016 r. w sprawie ochrony os\u00f3b fizycznych w zwi\u0105zku z przetwarzaniem danych osobowych i w sprawie swobodnego przep\u0142ywu takich danych oraz uchylenia dyrektywy 95\/46\/WE (og\u00f3lne rozporz\u0105dzenie o ochronie danych)<\/li>\n<li><a href=\"http:\/\/prawo.sejm.gov.pl\/isap.nsf\/download.xsp\/WDU20180001000\/U\/D20181000Lj.pdf\"><strong>OBWIESZCZENIE MARSZA\u0141KA SEJMU RZECZYPOSPOLITEJ<\/strong> z dnia 30 sierpnia 2019r.w sprawie og\u0142oszenia jednolitego tekstu ustawy o ochronie danych osobowych<\/a><\/li>\n<li><a href=\"http:\/\/prawo.sejm.gov.pl\/isap.nsf\/download.xsp\/WDU20120000526\/O\/D20120526.pdf\"><strong>ROZPORZ\u0104DZENIE RADY MINISTR\u00d3W z dnia 12 kwietnia 2012r.w sprawie Krajowych Ram Interoperacyjno\u015bci<\/strong><\/a><strong>,<\/strong> minimalnych wymaga\u0144 dla rejestr\u00f3w publicznych i wymiany informacji w postaci elektronicznej oraz minimalnych wymaga\u0144 dla system\u00f3w teleinformatycznych)<\/li>\n<li><a href=\"https:\/\/monitorpolski.gov.pl\/MP\/2019\/666\"><strong>Komunikat Prezesa Urz\u0119du Ochrony Danych Osobowych z dnia 17 czerwca 2019 r. w sprawie wykazu rodzaj\u00f3w operacji przetwarzania danych osobowych wymagaj\u0105cych oceny skutk\u00f3w przetwarzania dla ich ochrony.<\/strong><\/a><\/li>\n<li><a href=\"http:\/\/prawo.sejm.gov.pl\/isap.nsf\/download.xsp\/WDU20190000053\/U\/D20190053Lj.pdf\"><strong>USTAWA z dnia 22listopada 2018r.o dokumentach publicznych<\/strong><\/a><\/li>\n<li><a href=\"http:\/\/prawo.sejm.gov.pl\/isap.nsf\/download.xsp\/WDU20180001560\/O\/D20181560.pdf\"><strong>USTAWA z dnia 5 lipca 2018 r. o krajowym systemie cyberbezpiecze\u0144stwa<\/strong><\/a><\/li>\n<li><a href=\"http:\/\/bip.pb.edu.pl\/index.php?event=informacja&amp;id=14475\"><strong>Zarz\u0105dzenie nr 814 w sprawie ochrony danych osobowych i zarz\u0105dzania bezpiecze\u0144stwem system\u00f3w informatycznych przetwarzaj\u0105cych dane osobowe w Politechnice Bia\u0142ostockiej<\/strong><\/a><\/li>\n<li><strong><a href=\"http:\/\/bip.pb.edu.pl\/index.php?event=informacja&amp;id=14683\">Zarz\u0105dzenie nr 832 w sprawie zmiany Zarz\u0105dzenia w sprawie ochrony danych osobowych i zarz\u0105dzania bezpiecze\u0144stwem system\u00f3w informatycznych przetwarzaj\u0105cych dane osobowe w Politechnice Bia\u0142ostockiej<\/a><\/strong><\/li>\n<li><strong><a href=\"http:\/\/www.bip.pb.edu.pl\/index.php?event=informacja&amp;id=15245\">Zarz\u0105dzenie nr 906 w sprawie zmiany Zarz\u0105dzenia w sprawie ochrony danych osobowych i zarz\u0105dzania bezpiecze\u0144stwem system\u00f3w informatycznych przetwarzaj\u0105cych dane osobowe w Politechnice Bia\u0142ostockiej<\/a><\/strong><\/li>\n<li><strong><a href=\"http:\/\/bip.pb.edu.pl\/index.php?event=informacja&amp;id=15482\">Zarz\u0105dzenie nr 937 w sprawie zmiany Zarz\u0105dzenia w sprawie ochrony danych osobowych i zarz\u0105dzania bezpiecze\u0144stwem system\u00f3w informatycznych przetwarzaj\u0105cych dane osobowe w Politechnice Bia\u0142ostockiej<\/a><\/strong><\/li>\n<li><strong><a href=\"http:\/\/www.bip.pb.edu.pl\/index.php?event=informacja&amp;id=16443\">Zarz\u0105dzenie nr 1022 w sprawie zmiany Zarz\u0105dzenia w sprawie ochrony danych osobowych i zarz\u0105dzania bezpiecze\u0144stwem system\u00f3w informatycznych przetwarzaj\u0105cych dane osobowe w Politechnice Bia\u0142ostockiej<\/a><\/strong><\/li>\n<li><strong><a href=\"http:\/\/bip.pb.edu.pl\/index.php?event=informacja&amp;id=16972\">Zarz\u0105dzenie nr 1091 w sprawie zmiany Zarz\u0105dzenia w sprawie ochrony danych osobowych i zarz\u0105dzania bezpiecze\u0144stwem system\u00f3w informatycznych przetwarzaj\u0105cych dane osobowe w Politechnice Bia\u0142ostockiej<\/a><\/strong><\/li>\n<\/ul>\n","protected":false},"excerpt":{"rendered":"<p>ROZPORZ\u0104DZENIE PARLAMENTU EUROPEJSKIEGO I RADY (UE) 2016\/679 z dnia 27 kwietnia 2016 r. w sprawie<\/p>\n","protected":false},"author":32,"featured_media":0,"parent":183,"menu_order":0,"comment_status":"closed","ping_status":"closed","template":"","meta":{"_acf_changed":false,"ngg_post_thumbnail":0,"footnotes":""},"class_list":["post-255","page","type-page","status-publish","hentry"],"acf":[],"_links":{"self":[{"href":"https:\/\/pb.edu.pl\/odo\/wp-json\/wp\/v2\/pages\/255","targetHints":{"allow":["GET"]}}],"collection":[{"href":"https:\/\/pb.edu.pl\/odo\/wp-json\/wp\/v2\/pages"}],"about":[{"href":"https:\/\/pb.edu.pl\/odo\/wp-json\/wp\/v2\/types\/page"}],"author":[{"embeddable":true,"href":"https:\/\/pb.edu.pl\/odo\/wp-json\/wp\/v2\/users\/32"}],"replies":[{"embeddable":true,"href":"https:\/\/pb.edu.pl\/odo\/wp-json\/wp\/v2\/comments?post=255"}],"version-history":[{"count":0,"href":"https:\/\/pb.edu.pl\/odo\/wp-json\/wp\/v2\/pages\/255\/revisions"}],"up":[{"embeddable":true,"href":"https:\/\/pb.edu.pl\/odo\/wp-json\/wp\/v2\/pages\/183"}],"wp:attachment":[{"href":"https:\/\/pb.edu.pl\/odo\/wp-json\/wp\/v2\/media?parent=255"}],"curies":[{"name":"wp","href":"https:\/\/api.w.org\/{rel}","templated":true}]}}