{"id":48,"date":"2018-12-07T15:27:18","date_gmt":"2018-12-07T14:27:18","guid":{"rendered":"https:\/\/pb.edu.pl\/niesamowitamaszyna\/?page_id=48"},"modified":"2023-02-02T15:29:24","modified_gmt":"2023-02-02T14:29:24","slug":"nagrody","status":"publish","type":"page","link":"https:\/\/pb.edu.pl\/niesamowitamaszyna\/nagrody\/","title":{"rendered":"Nagrody"},"content":{"rendered":"<p><img decoding=\"async\" class=\"title-img\" src=\"https:\/\/pb.edu.pl\/niesamowitamaszyna\/wp-content\/uploads\/sites\/25\/2018\/12\/maszyna_naglowki_nagrody_560.png\" alt=\"Nagrody\"><\/p>\n<div class=\"h2\">I miejsce<\/div>\n<p><strong>Laureat I miejsca <\/strong>otrzyma nagrod\u0119 pieni\u0119\u017cn\u0105 o warto\u015bci <strong>5000,00 z\u0142<\/strong> <strong>oraz prawo do podj\u0119cia studi\u00f3w stacjonarnych na dowolnie wybranym kierunku<\/strong> Politechniki Bia\u0142ostockiej prowadzonym na Wydzia\u0142ach: Architektury, Budownictwa i Nauki o \u015arodowisku, Elektrycznym, In\u017cynierii Zarz\u0105dzania, z pomini\u0119ciem konkursu \u015bwiadectw pod warunkami zawartymi w pkt. 5.4&nbsp; <a title=\"Pobierz plik PD, otworzy si\u0119 w nowej karcieF\" href=\"https:\/\/pb.edu.pl\/niesamowitamaszyna\/wp-content\/uploads\/sites\/25\/2021\/04\/Regulamin_Konkursu_Niesamowita_Maszyna.pdf\" target=\"_blank\" rel=\"noopener noreferrer\">Regulaminu konkursu<\/a><\/p>\n<p><strong>Szko\u0142a ponadpodstawowa, <\/strong>w kt\u00f3rej uczy si\u0119 zwyci\u0119zca\/zwyci\u0119zcy konkursu (warunek: wszyscy cz\u0142onkowie zespo\u0142u s\u0105 uczniami tej samej szko\u0142y) otrzyma nagrod\u0119 pieni\u0119\u017cn\u0105 o warto\u015bci <strong>500,00 z\u0142.&nbsp;<\/strong> Nagroda jest p\u0142atna przelewem na konto bankowe szko\u0142y. W przypadku, gdy uczniowie zwyci\u0119skiego zespo\u0142u s\u0105 z r\u00f3\u017cnych szk\u00f3\u0142 nagroda nie jest wydawana i pozostaje u Organizatora.<\/p>\n<p><strong>Opiekun<\/strong> \u2013 mentor zwyci\u0119skiej dru\u017cyny \u2013 nagrod\u0119 pieni\u0119\u017cn\u0105 o warto\u015bci <strong>1000,00 z\u0142<\/strong>.<br \/>\n&nbsp;<\/p>\n<div class=\"h2\">II miejsce<\/div>\n<p><strong>Cz\u0142onkowie Zespo\u0142u<\/strong> otrzymaj\u0105 nagrod\u0119 pieni\u0119\u017cn\u0105 w nagrod\u0119 pieni\u0119\u017cn\u0105 o warto\u015bci <strong>2000,00 z\u0142<\/strong>.<br \/>\n&nbsp;<\/p>\n<div class=\"h2\">III miejsce<\/div>\n<p><strong>Cz\u0142onkowie Zespo\u0142u<\/strong> otrzymaj\u0105 nagrod\u0119 pieni\u0119\u017cn\u0105 o warto\u015bci <strong>1500,00 z\u0142<\/strong>.<br \/>\n&nbsp;<\/p>\n<p>Nagrody pieni\u0119\u017cne powy\u017cej 2000 z\u0142 podlegaj\u0105 opodatkowaniu podatkiem od os\u00f3b fizycznych tzn. nagrody okre\u015blone powy\u017cej stanowi\u0105 warto\u015bci przed potr\u0105ceniem podatku dochodowego od os\u00f3b fizycznych, zgodnie z obowi\u0105zuj\u0105cymi przepisami.<br \/>\n&nbsp;<\/p>\n","protected":false},"excerpt":{"rendered":"<p>I miejsce Laureat I miejsca otrzyma nagrod\u0119 pieni\u0119\u017cn\u0105 o warto\u015bci 5000,00 z\u0142 oraz prawo do<\/p>\n","protected":false},"author":2,"featured_media":0,"parent":0,"menu_order":3,"comment_status":"closed","ping_status":"closed","template":"","meta":{"_acf_changed":false,"ngg_post_thumbnail":0,"footnotes":""},"class_list":["post-48","page","type-page","status-publish","hentry"],"acf":[],"_links":{"self":[{"href":"https:\/\/pb.edu.pl\/niesamowitamaszyna\/wp-json\/wp\/v2\/pages\/48","targetHints":{"allow":["GET"]}}],"collection":[{"href":"https:\/\/pb.edu.pl\/niesamowitamaszyna\/wp-json\/wp\/v2\/pages"}],"about":[{"href":"https:\/\/pb.edu.pl\/niesamowitamaszyna\/wp-json\/wp\/v2\/types\/page"}],"author":[{"embeddable":true,"href":"https:\/\/pb.edu.pl\/niesamowitamaszyna\/wp-json\/wp\/v2\/users\/2"}],"replies":[{"embeddable":true,"href":"https:\/\/pb.edu.pl\/niesamowitamaszyna\/wp-json\/wp\/v2\/comments?post=48"}],"version-history":[{"count":0,"href":"https:\/\/pb.edu.pl\/niesamowitamaszyna\/wp-json\/wp\/v2\/pages\/48\/revisions"}],"wp:attachment":[{"href":"https:\/\/pb.edu.pl\/niesamowitamaszyna\/wp-json\/wp\/v2\/media?parent=48"}],"curies":[{"name":"wp","href":"https:\/\/api.w.org\/{rel}","templated":true}]}}