{"id":46,"date":"2018-12-07T15:26:59","date_gmt":"2018-12-07T14:26:59","guid":{"rendered":"https:\/\/pb.edu.pl\/niesamowitamaszyna\/?page_id=46"},"modified":"2025-10-19T13:21:42","modified_gmt":"2025-10-19T11:21:42","slug":"o-konkursie","status":"publish","type":"page","link":"https:\/\/pb.edu.pl\/niesamowitamaszyna\/o-konkursie\/","title":{"rendered":"O konkursie"},"content":{"rendered":"<p><img decoding=\"async\" class=\"title-img\" src=\"https:\/\/pb.edu.pl\/niesamowitamaszyna\/wp-content\/uploads\/sites\/25\/2018\/12\/maszyna_naglowki_o_konkursie_560.png\" alt=\"O konkursie\"><\/p>\n<div class=\"row\">\n<div class=\"col-sm-3 text-center\">\n<p><img loading=\"lazy\" decoding=\"async\" class=\"animated zoomIn\" src=\"https:\/\/pb.edu.pl\/niesamowitamaszyna\/wp-content\/uploads\/sites\/25\/2018\/12\/robot-Kopia.png\" alt=\"robot\" width=\"94\" height=\"105\"><\/p>\n<div class=\"h3\">ZBIERZ ZESP\u00d3\u0141<\/div>\n<p>W konkursie mo\u017ce bra\u0107 udzia\u0142 1 osoba lub zesp\u00f3\u0142 maksymalnie 3-osobowy.<\/p>\n<\/div>\n<div class=\"col-sm-3 text-center\">\n<p><img loading=\"lazy\" decoding=\"async\" class=\"animated zoomIn\" src=\"https:\/\/pb.edu.pl\/niesamowitamaszyna\/wp-content\/uploads\/sites\/25\/2018\/12\/maszyna.png\" alt=\"manipulator\" width=\"94\" height=\"105\"><\/p>\n<div class=\"h3\">ZBUDUJ MASZYN\u0118<\/div>\n<p>Maszyna musi sk\u0142ada\u0107 si\u0119 z po\u0142\u0105czonych ze sob\u0105 mechanizm\u00f3w i&nbsp;powinna pracowa\u0107 samodzielnie.<\/p>\n<\/div>\n<div class=\"col-sm-3 text-center\">\n<p><img loading=\"lazy\" decoding=\"async\" class=\"animated zoomIn\" src=\"https:\/\/pb.edu.pl\/niesamowitamaszyna\/wp-content\/uploads\/sites\/25\/2018\/12\/game-Kopia.png\" alt=\"konsola\" width=\"94\" height=\"105\"><\/p>\n<h3>NAGRAJ FILM<\/h3>\n<p>Film powinien trwa\u0107 maks. 2 minuty i&nbsp;musi by\u0107 udost\u0119pniony na serwisie YouTube<\/p>\n<\/div>\n<div class=\"col-sm-3 text-center\">\n<p><img loading=\"lazy\" decoding=\"async\" class=\"animated zoomIn\" src=\"https:\/\/pb.edu.pl\/niesamowitamaszyna\/wp-content\/uploads\/sites\/25\/2018\/12\/kontakt-2.png\" alt=\"samolot\" width=\"94\" height=\"105\"><\/p>\n<div class=\"h3\">WY\u015aLIJ ZG\u0141OSZENIE KONKURSOWE<\/div>\n<p>Wymagane dokumenty i link do filmu prze\u015blij na adres: promocja@pb.edu.pl<\/p>\n<\/div>\n<\/div>\n<div class=\"h2\" style=\"font-size: 3rem;text-align: center\">? NAJWA\u017bNIEJSZE INFORMACJE ?<\/div>\n<div class=\"h2\">Uczestnicy<\/div>\n<ul>\n<li>Konkurs skierowany jest do uczni\u00f3w szk\u00f3\u0142 ponadpodstawowych z terenu ca\u0142ej Polski, kt\u00f3rym bliskie s\u0105 dzia\u0142ania kreatywne, zagadnienia fizyczne, a tak\u017ce zwi\u0105zane z budowaniem, konstruowaniem<\/li>\n<li>Do konkursu mo\u017cna zg\u0142osi\u0107 prac\u0119 wykonan\u0105 indywidualnie lub w grupie, przy czym zesp\u00f3\u0142 mo\u017ce liczy\u0107 maksymalnie trzy osoby<\/li>\n<li>Przyst\u0119puj\u0105c do konkursu nieletni uczestnicy musz\u0105 mie\u0107 pe\u0142noletniego opiekuna merytorycznego.<\/li>\n<\/ul>\n<div class=\"h2\">Maszyna<\/div>\n<ul>\n<li>Zbuduj maszyn\u0119, kt\u00f3ra b\u0119dzie sk\u0142ada\u0107 si\u0119 z po\u0142\u0105czonych ze sob\u0105 mechanizm\u00f3w, a wprawiona w ruch b\u0119dzie pracowa\u0107 samodzielnie nie kr\u00f3cej ni\u017c 20 sekund, jednak nie d\u0142u\u017cej ni\u017c 120 sekund.<\/li>\n<li>Technika wykonania jest dowolna. Do budowy mo\u017cecie wykorzysta\u0107 przedmioty codziennego u\u017cytku, zabawki, pomoce szkolne etc.<\/li>\n<li>Powierzchnia urz\u0105dzenia nie mo\u017ce przekracza\u0107 wymiar\u00f3w \u0142awki szkolnej tj. 120 cm x 70 cm a maksymalna wysoko\u015b\u0107 urz\u0105dzenia nie mo\u017ce przekracza\u0107 150 cm.<\/li>\n<li>Wykorzystywane urz\u0105dzenia elektryczne mog\u0105 pracowa\u0107 pod maksymalnym napi\u0119ciem 24 V. Je\u017celi chcecie u\u017cywajcie baterii lub akumulator\u00f3w, lecz absolutnie zabronione jest u\u017cycie napi\u0119cia sieciowego.<\/li>\n<\/ul>\n<div class=\"h3\"><span style=\"font-size: 18pt\">Film<br \/>\n<\/span><\/div>\n<ul>\n<li>Nagraj film, kt\u00f3ry udokumentuje nieprzerwane dzia\u0142anie maszyny. Film nie mo\u017ce by\u0107 d\u0142u\u017cszy ni\u017c 2 minuty i musi zawiera\u0107 w tytule nazw\u0119 konkursu: \u201eNiesamowita Maszyna\u201d oraz dowolny zwrot identyfikuj\u0105cy prac\u0119 konkursow\u0105 lub jej autor\u00f3w. Dodatkowo nale\u017cy w dowolnej formie przygotowa\u0107 kr\u00f3tki opis reakcji \u0142a\u0144cuchowej i etap\u00f3w dzia\u0142ania maszyny.<\/li>\n<li>Gotowy film nale\u017cy udost\u0119pni\u0107 na portalu YouTube. Termin publikacji film\u00f3w na kanale YouTube mija w dniu <strong>15 lutego 2026<\/strong> <strong>roku, o godzinie 23.59.<\/strong> Nast\u0119pnie w terminie <strong>do 23 lutego 2026 roku<\/strong> <strong>do godz. 9.00 <\/strong>Uczestnicy maj\u0105 czas na promocj\u0119 swojego filmu i zebranie jak najwi\u0119kszej liczby polubie\u0144.&nbsp;<\/li>\n<\/ul>\n<div class=\"h3\"><span style=\"font-size: 18pt\">Zg\u0142oszenie konkursowe<\/span><\/div>\n<ul>\n<li>Plik z filmem (np. MP4) 2), link do filmu umieszczonego na portalu YouTube, opis reakcji \u0142a\u0144cuchowej i etap\u00f3w dzia\u0142ania maszyny, a tak\u017ce uzupe\u0142nione i podpisane <a title=\"Przejd\u017a do Regulaminu, otworzy si\u0119 w nowej karcie\" href=\"https:\/\/pb.edu.pl\/niesamowitamaszyna\/regulaminy\/\" target=\"_blank\" rel=\"noopener noreferrer\">dokumenty stanowi\u0105ce za\u0142\u0105czniki Regulaminu (Za\u0142\u0105czniki nr 1 lub 2 oraz 3)<\/a> nale\u017cy przes\u0142a\u0107 na adres mailowy: <a href=\"mailto:promocja@pb.edu.pl\">promocja@pb.edu.pl<\/a>. Orygina\u0142y dokument\u00f3w nale\u017cy dostarczy\u0107 osobi\u015bcie lub poczt\u0105 do Dzia\u0142u Promocji, pok. A-029, ul. Wiejska 45A, 15-351 Bia\u0142ystok. <strong>Termin nadsy\u0142ania zg\u0142osze\u0144 (film oraz dokumenty) mija 15<\/strong><strong> lutego 2026<\/strong>&nbsp;<strong>roku <\/strong> (decyduje data stempla pocztowego).<\/li>\n<\/ul>\n<div class=\"h3\"><span style=\"font-size: 18pt\">Ocena prac konkursowych<\/span><\/div>\n<ul>\n<li>Komisja konkursowa b\u0119dzie ocenia\u0107 prace (urz\u0105dzenia) pod wzgl\u0119dem: z\u0142o\u017cono\u015bci urz\u0105dzenia, jako\u015bci, pomys\u0142owo\u015bci, estetyki wykonania; podczas prezentacji fina\u0142owej pod wzgl\u0119dem mo\u017cliwo\u015bci uruchomienia urz\u0105dzenia za pierwszym razem i mo\u017cliwo\u015b\u0107 powt\u00f3rzenia prezentacji.<\/li>\n<li>Sk\u0142ad Komisji konkursowej w VIII edycji konkursu Niesamowita Maszyna:<\/li>\n<\/ul>\n<p>a. Rektor Politechniki Bia\u0142ostockiej;<br \/>\nb. Prorektor ds. Studenckich;<br \/>\nc. Przedstawiciel Wydzia\u0142u Architektury;<br \/>\nd. Przedstawiciel Wydzia\u0142u Budownictwa i Nauk o \u015arodowisku;<br \/>\ne. Przedstawiciel Wydzia\u0142u Elektrycznego;<br \/>\nf. Przedstawiciel Wydzia\u0142u In\u017cynierii Zarz\u0105dzania;<br \/>\ng. Przedstawiciel Wydzia\u0142u Mechanicznego;<br \/>\nh. Przedstawiciele Sponsor\u00f3w\/partner\u00f3w konkursu (po jednej osobie);<br \/>\ni. Przedstawiciel Dzia\u0142u Promocji (w przypadku, gdy liczba Cz\u0142onk\u00f3w Komisji b\u0119dzie<br \/>\nparzysta).<\/p>\n<ul>\n<li>W drugim etapie oceny Komisja konkursowa wy\u0142oni do 10 fina\u0142owych projekt\u00f3w. Wyniki etapu II zostan\u0105 podane <strong>do 3 marca 2026 r.<\/strong> na stronie <a title=\"\" href=\"https:\/\/pb.edu.pl\/niesamowitamaszyna\/\" target=\"_blank\" rel=\"noopener\">niesamowitamaszyna<\/a><\/li>\n<li>Etap III &#8211; <strong>fina\u0142 VIII edycji konkursu Niesamowita Maszyna jest zaplanowany w dniu 18 marca 2026 roku<\/strong>. Polega\u0107 b\u0119dzie na prezentacji wy\u0142onionych w II etapie prac konkursowych, og\u0142oszeniu wynik\u00f3w konkursu oraz wr\u0119czeniu nagr\u00f3d.<\/li>\n<\/ul>\n<p>&nbsp;<\/p>\n<div class=\"h1\" style=\"font-weight: 500;color: #0064af;font-size: 5rem\">Czy podejmiesz wyzwanie?<\/div>\n<div class=\"carousel slide\" id=\"custom-carousel-0\" data-ride=\"carousel\"><ol class=\"carousel-indicators\"><li class=\"active\" data-target=\"#custom-carousel-0\" data-slide-to=\"0\"><\/li><li class=\"\" data-target=\"#custom-carousel-0\" data-slide-to=\"1\"><\/li><\/ol><div class=\"carousel-inner\">\n<div class=\"item active\">\n<div class=\"image\"><img decoding=\"async\" src=\"https:\/\/pb.edu.pl\/niesamowitamaszyna\/wp-content\/uploads\/sites\/25\/2023\/02\/baner1.jpg\" alt=\"...\"><\/div>\n<p>&nbsp;<\/p>\n<div class=\"carousel-caption\">\n<p style=\"font-size: 4.6rem;font-weight: 300\">Czekamy na Wasze zg\u0142oszenia<\/p>\n<p style=\"font-size: 1.8rem\">Do 15 lutego 2026 roku czekamy na Wasze zg\u0142oszenia w VIII edycji konkursu \u201eNiesamowita Maszyna\u201d. Jest o co walczy\u0107! Na najlepszych czekaj\u0105 indeksy Politechniki Bia\u0142ostockiej i pieni\u0105dze \u2013 nawet 5 tysi\u0119cy z\u0142otych<\/p>\n<\/div>\n<\/div>\n<div class=\"item\">\n<div class=\"image\"><img decoding=\"async\" src=\"https:\/\/pb.edu.pl\/niesamowitamaszyna\/wp-content\/uploads\/sites\/25\/2023\/02\/baner2.jpg\" alt=\"...\"><\/div>\n<p>&nbsp;<\/p>\n<div class=\"carousel-caption\">\n<p style=\"font-size: 4.6rem;font-weight: 300\">Maszyna ruszy<\/p>\n<p style=\"font-size: 1.8rem\">Przygotowujcie \u015bruby, spr\u0119\u017cyny a przede wszystkim pomys\u0142y. W konkursie Niesamowita Maszyna mo\u017cna wygra\u0107 indeks na studia w Politechnice Bia\u0142ostockiej, pieni\u0105dze i\u2026 dobrze si\u0119 bawi\u0107!<\/p>\n<\/div>\n<\/div>\n<\/div><a class=\"left carousel-control\"  href=\"#custom-carousel-0\" data-slide=\"prev\"><span class=\"glyphicon glyphicon-chevron-left\"><\/span><\/a><a class=\"right carousel-control\" href=\"#custom-carousel-0\" data-slide=\"next\"><span class=\"glyphicon glyphicon-chevron-right\"><\/span><\/a><\/div>\n&nbsp;<br \/>\n&nbsp;<\/p>\n","protected":false},"excerpt":{"rendered":"<p>ZBIERZ ZESP\u00d3\u0141 W konkursie mo\u017ce bra\u0107 udzia\u0142 1 osoba lub zesp\u00f3\u0142 maksymalnie 3-osobowy. ZBUDUJ MASZYN\u0118<\/p>\n","protected":false},"author":2,"featured_media":0,"parent":0,"menu_order":2,"comment_status":"closed","ping_status":"closed","template":"","meta":{"_acf_changed":false,"ngg_post_thumbnail":0,"footnotes":""},"class_list":["post-46","page","type-page","status-publish","hentry"],"acf":[],"_links":{"self":[{"href":"https:\/\/pb.edu.pl\/niesamowitamaszyna\/wp-json\/wp\/v2\/pages\/46","targetHints":{"allow":["GET"]}}],"collection":[{"href":"https:\/\/pb.edu.pl\/niesamowitamaszyna\/wp-json\/wp\/v2\/pages"}],"about":[{"href":"https:\/\/pb.edu.pl\/niesamowitamaszyna\/wp-json\/wp\/v2\/types\/page"}],"author":[{"embeddable":true,"href":"https:\/\/pb.edu.pl\/niesamowitamaszyna\/wp-json\/wp\/v2\/users\/2"}],"replies":[{"embeddable":true,"href":"https:\/\/pb.edu.pl\/niesamowitamaszyna\/wp-json\/wp\/v2\/comments?post=46"}],"version-history":[{"count":0,"href":"https:\/\/pb.edu.pl\/niesamowitamaszyna\/wp-json\/wp\/v2\/pages\/46\/revisions"}],"wp:attachment":[{"href":"https:\/\/pb.edu.pl\/niesamowitamaszyna\/wp-json\/wp\/v2\/media?parent=46"}],"curies":[{"name":"wp","href":"https:\/\/api.w.org\/{rel}","templated":true}]}}