{"id":2215,"date":"2024-03-15T11:21:18","date_gmt":"2024-03-15T10:21:18","guid":{"rendered":"https:\/\/pb.edu.pl\/mzbo\/?page_id=2215"},"modified":"2024-03-15T11:30:59","modified_gmt":"2024-03-15T10:30:59","slug":"mzbo-2023","status":"publish","type":"page","link":"https:\/\/pb.edu.pl\/mzbo\/mzbo-2023\/","title":{"rendered":"MZBO 2023"},"content":{"rendered":"<h4><em>Szanowni Pa\u0144stwo,<\/em><\/h4>\n<p>Oddzia\u0142owi Bia\u0142ostockiemu Polskiego Towarzystwa Matematycznego oraz Wydzia\u0142owi Informatyki Politechniki Bia\u0142ostockiej przypad\u0142 zaszczyt zorganizowania kolejnej, XLI Og\u00f3lnopolskiej Konferencji Naukowej im. Profesora W\u0142adys\u0142awa Bukiety\u0144skiego \u201e<em>Metody i Zastosowania Bada\u0144 Operacyjnych<\/em>\u201d.<\/p>\n<p>Konferencja odb\u0119dzie si\u0119 w dniach 15-17 pa\u017adziernika 2023 roku w Lipowym Mo\u015bcie (k. Supra\u015bla).<\/p>\n<p>Od wielu lat konferencja jest wa\u017cnym miejscem dyskusji naukowej prowadzonej pomi\u0119dzy polskimi o\u015brodkami naukowymi. Celem konferencji jest prezentacja najnowszych osi\u0105gni\u0119\u0107 naukowych w zakresie matematycznego modelowania problem\u00f3w decyzyjnych oraz wymiany do\u015bwiadcze\u0144 w zakresie metod bada\u0144 operacyjnych. Zgodnie z tradycj\u0105 konferencji liczymy bardzo na wyst\u0105pienia m\u0142odych pracownik\u00f3w nauki. Problematyka poruszanych zagadnie\u0144 obejmuje:<\/p>\n<ul>\n<li>klasyczne metody bada\u0144 operacyjnych,<\/li>\n<li>mi\u0119kkie i behawioralne badania operacyjne,<\/li>\n<li>systemy wspomagania decyzji i systemy eksperckie,<\/li>\n<li>modele optymalizacyjne,<\/li>\n<li>wielokryterialne wspomaganie decyzji,<\/li>\n<li>data science i data mining,<\/li>\n<li>sztuczn\u0105 inteligencj\u0119 i sieci neuronowe,<\/li>\n<li>algorytmy ewolucyjne, systemy rozmyte,<\/li>\n<li>zastosowania bada\u0144 operacyjnych,<\/li>\n<li>i inne powi\u0105zane tematy.<\/li>\n<\/ul>\n<p>Serdecznie zapraszamy do wzi\u0119cia udzia\u0142u w konferencji i przyjazdu do Lipowego Mostu<br \/>\nw pa\u017adzierniku 2023 roku.<br \/>\n<em>Ewa Roszkowska<\/em><\/p>\n<p>&nbsp;<\/p>\n<p><img loading=\"lazy\" decoding=\"async\" class=\"alignnone size-medium wp-image-2181\" src=\"https:\/\/pb.edu.pl\/mzbo\/wp-content\/uploads\/sites\/126\/2024\/03\/patronat1-300x100.jpg\" alt=\"\" width=\"300\" height=\"100\" srcset=\"https:\/\/pb.edu.pl\/mzbo\/wp-content\/uploads\/sites\/126\/2024\/03\/patronat1-300x100.jpg 300w, https:\/\/pb.edu.pl\/mzbo\/wp-content\/uploads\/sites\/126\/2024\/03\/patronat1.jpg 756w\" sizes=\"auto, (max-width: 300px) 100vw, 300px\" \/>&nbsp;<img loading=\"lazy\" decoding=\"async\" class=\"alignnone size-full wp-image-2182\" src=\"https:\/\/pb.edu.pl\/mzbo\/wp-content\/uploads\/sites\/126\/2024\/03\/patronat3-300x128-1.jpg\" alt=\"\" width=\"300\" height=\"128\"> <img loading=\"lazy\" decoding=\"async\" class=\"alignnone size-full wp-image-2185\" src=\"https:\/\/pb.edu.pl\/mzbo\/wp-content\/uploads\/sites\/126\/2024\/03\/patronat2.jpg\" alt=\"\" width=\"193\" height=\"82\"><\/p>\n","protected":false},"excerpt":{"rendered":"<p>Szanowni Pa\u0144stwo, Oddzia\u0142owi Bia\u0142ostockiemu Polskiego Towarzystwa Matematycznego oraz Wydzia\u0142owi Informatyki Politechniki Bia\u0142ostockiej przypad\u0142 zaszczyt zorganizowania<\/p>\n","protected":false},"author":161,"featured_media":0,"parent":0,"menu_order":0,"comment_status":"closed","ping_status":"closed","template":"","meta":{"_acf_changed":false,"ngg_post_thumbnail":0,"footnotes":""},"class_list":["post-2215","page","type-page","status-publish","hentry"],"acf":[],"_links":{"self":[{"href":"https:\/\/pb.edu.pl\/mzbo\/wp-json\/wp\/v2\/pages\/2215","targetHints":{"allow":["GET"]}}],"collection":[{"href":"https:\/\/pb.edu.pl\/mzbo\/wp-json\/wp\/v2\/pages"}],"about":[{"href":"https:\/\/pb.edu.pl\/mzbo\/wp-json\/wp\/v2\/types\/page"}],"author":[{"embeddable":true,"href":"https:\/\/pb.edu.pl\/mzbo\/wp-json\/wp\/v2\/users\/161"}],"replies":[{"embeddable":true,"href":"https:\/\/pb.edu.pl\/mzbo\/wp-json\/wp\/v2\/comments?post=2215"}],"version-history":[{"count":0,"href":"https:\/\/pb.edu.pl\/mzbo\/wp-json\/wp\/v2\/pages\/2215\/revisions"}],"wp:attachment":[{"href":"https:\/\/pb.edu.pl\/mzbo\/wp-json\/wp\/v2\/media?parent=2215"}],"curies":[{"name":"wp","href":"https:\/\/api.w.org\/{rel}","templated":true}]}}