{"id":2176,"date":"2024-03-15T10:35:53","date_gmt":"2024-03-15T09:35:53","guid":{"rendered":"https:\/\/pb.edu.pl\/mzbo\/?page_id=2176"},"modified":"2024-03-29T09:47:44","modified_gmt":"2024-03-29T08:47:44","slug":"komitet-naukowy","status":"publish","type":"page","link":"https:\/\/pb.edu.pl\/mzbo\/komitet-naukowy\/","title":{"rendered":"Komitet Naukowy"},"content":{"rendered":"<table class=\"table table-bordered\">\n<tbody>\n<tr>\n<td>Ewa Roszkowska (Przewodnicz\u0105ca)<\/td>\n<td>Politechnika Bia\u0142ostocka<\/td>\n<\/tr>\n<tr>\n<td>Marcin Anholcer<\/td>\n<td>Uniwersytet Ekonomiczny w Poznaniu <\/td>\n<\/tr>\n<tr>\n<td>Sylwester Bejger<\/td>\n<td>Uniwersytet Miko\u0142aja Kopernika w Toruniu<\/td>\n<\/tr>\n<tr>\n<td>Krzysztof Echaust<\/td>\n<td>Uniwersytet Ekonomiczny w Poznaniu<\/td>\n<\/tr>\n<tr>\n<td>Ewa Chodakowska<\/td>\n<td>Politechnika Bia\u0142ostocka<\/td>\n<\/tr>\n<tr>\n<td>Helena Gaspars-Wieloch<\/td>\n<td>Uniwersytet Ekonomiczny w Poznaniu<\/td>\n<\/tr>\n<tr>\n<td>Stefan Grzesiak<\/td>\n<td>Uniwersytet Szczeci\u0144ski<\/td>\n<\/tr>\n<tr>\n<td>Micha\u0142 Jakubczyk<\/td>\n<td>Szko\u0142a G\u0142\u00f3wna Handlowa w Warszawie<\/td>\n<\/tr>\n<tr>\n<td>Ignacy Kaliszewski<\/td>\n<td>Instytut Bada\u0144 Systemowych PAN<\/td>\n<\/tr>\n<tr>\n<td>Mi\u0142osz Kadzi\u0144ski<\/td>\n<td>Politechnika Pozna\u0144ska<\/td>\n<\/tr>\n<tr>\n<td>Bogumi\u0142 Kami\u0144ski<\/td>\n<td>Szko\u0142a G\u0142\u00f3wna Handlowa w Warszawie<\/td>\n<\/tr>\n<tr>\n<td>Iwona Konarzewska<\/td>\n<td>Uniwersytet \u0141\u00f3dzki<\/td>\n<\/tr>\n<tr>\n<td>Ewa Konarzewska-Guba\u0142a<\/td>\n<td>Uniwersytet Ekonomiczny we Wroc\u0142awiu<\/td>\n<\/tr>\n<tr>\n<td>Donata Kopa\u0144ska-Br\u00f3dka<\/td>\n<td>Uniwersytet Ekonomiczny w Katowicach<\/td>\n<\/tr>\n<tr>\n<td>Agnieszka Malinowska<\/td>\n<td>Politechnika Bia\u0142ostocka<\/td>\n<\/tr>\n<tr>\n<td>Ewa Michalska<\/td>\n<td>Uniwersytet Ekonomiczny w Katowicach<\/td>\n<\/tr>\n<tr>\n<td>Jerzy Michnik<\/td>\n<td>Uniwersytet Ekonomiczny w Katowicach<\/td>\n<\/tr>\n<tr>\n<td>Dorota Mozyrska<\/td>\n<td>Politechnika Bia\u0142ostocka<\/td>\n<\/tr>\n<tr>\n<td>Maciej Nowak<\/td>\n<td>Uniwersytet Ekonomiczny w Katowicach<\/td>\n<\/tr>\n<tr>\n<td>Marek Nowi\u0144ski<\/td>\n<td>Uniwersytet Ekonomiczny we Wroc\u0142awiu<\/td>\n<\/tr>\n<tr>\n<td>Witold Orzeszko<\/td>\n<td>Uniwersytet Miko\u0142aja Kopernika w Toruniu<\/td>\n<\/tr>\n<tr>\n<td>Artur Pr\u0119dki<\/td>\n<td>Uniwersytet Ekonomiczny w Krakowie<\/td>\n<\/tr>\n<tr>\n<td>Roman S\u0142owi\u0144ski<\/td>\n<td>Politechnika Pozna\u0144ska<\/td>\n<\/tr>\n<tr>\n<td>J\u00f3zef Stawicki<\/td>\n<td>Uniwersytet Miko\u0142aja Kopernika w Toruniu<\/td>\n<\/tr>\n<tr>\n<td>Tomasz Szapiro<\/td>\n<td>Szko\u0142a G\u0142\u00f3wna Handlowa w Warszawie<\/td>\n<\/tr>\n<tr>\n<td>Marek Szopa<\/td>\n<td>Uniwersytet Ekonomiczny w Katowicach<\/td>\n<\/tr>\n<tr>\n<td>Krzysztof Targiel<\/td>\n<td>Uniwersytet Ekonomiczny w Katowicach<\/td>\n<\/tr>\n<tr>\n<td>Grzegorz Tarczy\u0144ski<\/td>\n<td>Uniwersytet Ekonomiczny we Wroc\u0142awiu<\/td>\n<\/tr>\n<tr>\n<td>Tadeusz Trzaskalik<\/td>\n<td>Uniwersytet Ekonomiczny w Katowicach<\/td>\n<\/tr>\n<tr>\n<td>Tomasz Wachowicz<\/td>\n<td>Uniwersytet Ekonomiczny w Katowicach<\/td>\n<\/tr>\n<\/tbody>\n<\/table>\n","protected":false},"excerpt":{"rendered":"<p>Ewa Roszkowska (Przewodnicz\u0105ca) Politechnika Bia\u0142ostocka Marcin Anholcer Uniwersytet Ekonomiczny w Poznaniu Sylwester Bejger Uniwersytet Miko\u0142aja<\/p>\n","protected":false},"author":161,"featured_media":0,"parent":0,"menu_order":0,"comment_status":"closed","ping_status":"closed","template":"","meta":{"_acf_changed":false,"ngg_post_thumbnail":0,"footnotes":""},"class_list":["post-2176","page","type-page","status-publish","hentry"],"acf":[],"_links":{"self":[{"href":"https:\/\/pb.edu.pl\/mzbo\/wp-json\/wp\/v2\/pages\/2176","targetHints":{"allow":["GET"]}}],"collection":[{"href":"https:\/\/pb.edu.pl\/mzbo\/wp-json\/wp\/v2\/pages"}],"about":[{"href":"https:\/\/pb.edu.pl\/mzbo\/wp-json\/wp\/v2\/types\/page"}],"author":[{"embeddable":true,"href":"https:\/\/pb.edu.pl\/mzbo\/wp-json\/wp\/v2\/users\/161"}],"replies":[{"embeddable":true,"href":"https:\/\/pb.edu.pl\/mzbo\/wp-json\/wp\/v2\/comments?post=2176"}],"version-history":[{"count":0,"href":"https:\/\/pb.edu.pl\/mzbo\/wp-json\/wp\/v2\/pages\/2176\/revisions"}],"wp:attachment":[{"href":"https:\/\/pb.edu.pl\/mzbo\/wp-json\/wp\/v2\/media?parent=2176"}],"curies":[{"name":"wp","href":"https:\/\/api.w.org\/{rel}","templated":true}]}}