{"id":2134,"date":"2024-03-15T10:18:42","date_gmt":"2024-03-15T09:18:42","guid":{"rendered":"https:\/\/pb.edu.pl\/mzbo\/?page_id=2134"},"modified":"2024-03-22T13:27:06","modified_gmt":"2024-03-22T12:27:06","slug":"ulotka","status":"publish","type":"page","link":"https:\/\/pb.edu.pl\/mzbo\/ulotka\/","title":{"rendered":"Ulotka"},"content":{"rendered":"<p>Informacje o konferencji MZBO 2023 znajduj\u0105 si\u0119 w&nbsp;<a style=\"background-color: #ffffff;font-size: 1.5rem\" title=\"otworzy si\u0119 w nowej karcie\" href=\"https:\/\/pb.edu.pl\/mzbo\/wp-content\/uploads\/sites\/126\/2024\/03\/broszura_MZBO23_w2.pdf\" target=\"_blank\" rel=\"noopener\">pliku(PDF, 310KB, otworzy si\u0119 w nowej karcie)<\/a><\/p>\n","protected":false},"excerpt":{"rendered":"<p>Informacje o konferencji MZBO 2023 znajduj\u0105 si\u0119 w&nbsp;pliku(PDF, 310KB, otworzy si\u0119 w nowej karcie)<\/p>\n","protected":false},"author":161,"featured_media":0,"parent":0,"menu_order":0,"comment_status":"closed","ping_status":"closed","template":"","meta":{"_acf_changed":false,"ngg_post_thumbnail":0,"footnotes":""},"class_list":["post-2134","page","type-page","status-publish","hentry"],"acf":[],"_links":{"self":[{"href":"https:\/\/pb.edu.pl\/mzbo\/wp-json\/wp\/v2\/pages\/2134","targetHints":{"allow":["GET"]}}],"collection":[{"href":"https:\/\/pb.edu.pl\/mzbo\/wp-json\/wp\/v2\/pages"}],"about":[{"href":"https:\/\/pb.edu.pl\/mzbo\/wp-json\/wp\/v2\/types\/page"}],"author":[{"embeddable":true,"href":"https:\/\/pb.edu.pl\/mzbo\/wp-json\/wp\/v2\/users\/161"}],"replies":[{"embeddable":true,"href":"https:\/\/pb.edu.pl\/mzbo\/wp-json\/wp\/v2\/comments?post=2134"}],"version-history":[{"count":0,"href":"https:\/\/pb.edu.pl\/mzbo\/wp-json\/wp\/v2\/pages\/2134\/revisions"}],"wp:attachment":[{"href":"https:\/\/pb.edu.pl\/mzbo\/wp-json\/wp\/v2\/media?parent=2134"}],"curies":[{"name":"wp","href":"https:\/\/api.w.org\/{rel}","templated":true}]}}