{"id":50,"date":"2020-09-22T23:53:29","date_gmt":"2020-09-22T21:53:29","guid":{"rendered":"https:\/\/pb.edu.pl\/moja-zielona-politechnika\/?page_id=50"},"modified":"2025-10-20T14:53:41","modified_gmt":"2025-10-20T12:53:41","slug":"kontakt","status":"publish","type":"page","link":"https:\/\/pb.edu.pl\/moja-zielona-politechnika\/kontakt\/","title":{"rendered":"Sk\u0142ad zespo\u0142u"},"content":{"rendered":"<h2 style=\"line-height: 120%;margin: 6pt 0cm;text-align: center\"><strong>Zesp\u00f3\u0142 ds. Wdro\u017cenia Strategii Zr\u00f3wnowa\u017conego Rozwoju \u201eMoja Zielona Politechnika\u201d<\/strong>&nbsp;<\/h2>\n<p>&nbsp;<\/p>\n<p><a href=\"https:\/\/pb.edu.pl\/moja-zielona-politechnika\/wp-content\/uploads\/sites\/106\/2025\/10\/Moja_Zielona_Politechnika1.png\"><img loading=\"lazy\" decoding=\"async\" class=\"aligncenter size-full wp-image-3848\" src=\"https:\/\/pb.edu.pl\/moja-zielona-politechnika\/wp-content\/uploads\/sites\/106\/2025\/10\/Moja_Zielona_Politechnika1.png\" alt=\"Tabela przedstawiaj\u0105ca struktur\u0119 Strategii Moja Zielona Politechnika\" width=\"1363\" height=\"852\" srcset=\"https:\/\/pb.edu.pl\/moja-zielona-politechnika\/wp-content\/uploads\/sites\/106\/2025\/10\/Moja_Zielona_Politechnika1.png 1363w, https:\/\/pb.edu.pl\/moja-zielona-politechnika\/wp-content\/uploads\/sites\/106\/2025\/10\/Moja_Zielona_Politechnika1-300x188.png 300w, https:\/\/pb.edu.pl\/moja-zielona-politechnika\/wp-content\/uploads\/sites\/106\/2025\/10\/Moja_Zielona_Politechnika1-1024x640.png 1024w, https:\/\/pb.edu.pl\/moja-zielona-politechnika\/wp-content\/uploads\/sites\/106\/2025\/10\/Moja_Zielona_Politechnika1-768x480.png 768w, https:\/\/pb.edu.pl\/moja-zielona-politechnika\/wp-content\/uploads\/sites\/106\/2025\/10\/Moja_Zielona_Politechnika1-480x300.png 480w\" sizes=\"auto, (max-width: 1363px) 100vw, 1363px\" \/><\/a><\/p>\n<p>&nbsp;<\/p>\n<p>&nbsp;<\/p>\n<p><a href=\"https:\/\/pb.edu.pl\/moja-zielona-politechnika\/wp-content\/uploads\/sites\/106\/2025\/10\/Moja_Zielona_Politechnika2.png\"><img loading=\"lazy\" decoding=\"async\" class=\"aligncenter size-full wp-image-3850\" src=\"https:\/\/pb.edu.pl\/moja-zielona-politechnika\/wp-content\/uploads\/sites\/106\/2025\/10\/Moja_Zielona_Politechnika2.png\" alt=\"Tabela przedstawia struktur\u0119 Strategii Moja Zielona Politechnika\" width=\"1364\" height=\"901\" srcset=\"https:\/\/pb.edu.pl\/moja-zielona-politechnika\/wp-content\/uploads\/sites\/106\/2025\/10\/Moja_Zielona_Politechnika2.png 1364w, https:\/\/pb.edu.pl\/moja-zielona-politechnika\/wp-content\/uploads\/sites\/106\/2025\/10\/Moja_Zielona_Politechnika2-300x198.png 300w, https:\/\/pb.edu.pl\/moja-zielona-politechnika\/wp-content\/uploads\/sites\/106\/2025\/10\/Moja_Zielona_Politechnika2-1024x676.png 1024w, https:\/\/pb.edu.pl\/moja-zielona-politechnika\/wp-content\/uploads\/sites\/106\/2025\/10\/Moja_Zielona_Politechnika2-768x507.png 768w\" sizes=\"auto, (max-width: 1364px) 100vw, 1364px\" \/><\/a><\/p>\n<p>&nbsp;<\/p>\n<hr>\n<h2 style=\"line-height: 120%;margin: 6pt 0cm;text-align: center\">Dane kontaktowe<\/h2>\n<p>&nbsp;<\/p>\n<table style=\"height: 131px;width: 68.9863%;border-collapse: collapse;background-color: #008687;border-color: #e8e8e8;margin: 0px auto\">\n<tbody>\n<tr style=\"height: 20px\">\n<td style=\"width: 24.6427%;height: 32px;border-style: solid;border-color: #e3e3e3;text-align: center\" width=\"151\">\n<h6><span style=\"color: #ffffff\">Cel operacyjny<\/span><\/h6>\n<\/td>\n<td style=\"width: 49.7179%;height: 32px;border-style: solid;border-color: #e3e3e3;text-align: center\" width=\"510\">\n<h6><span style=\"color: #ffffff\">Koordynator<\/span><\/h6>\n<\/td>\n<td style=\"width: 37.3863%;background-color: #008687;border-style: solid;border-color: #e3e3e3;text-align: center\">\n<h6><span style=\"font-size: 12pt\"><span style=\"color: #ffffff\">Kontakt<\/span><\/span><\/h6>\n<\/td>\n<\/tr>\n<tr style=\"height: 20px\">\n<td style=\"width: 24.6427%;background-color: #ffffff;height: 44px;border-style: solid;border-color: #e3e3e3;text-align: center\" width=\"151\">\n<h6>Zielony kampus<\/h6>\n<\/td>\n<td style=\"width: 49.7179%;background-color: #ffffff;height: 44px;border-style: solid;border-color: #e3e3e3;text-align: center\" width=\"510\">\n<h6>dr in\u017c. arch. Dorota Gawryluk<\/h6>\n<\/td>\n<td style=\"width: 37.3863%;background-color: #ffffff;border-style: solid;border-color: #e3e3e3;text-align: center\">\n<h6><span style=\"font-size: 12pt\"><a href=\"mailto:d.gawryluk@pb.edu.pl\">d.gawryluk@pb.edu.pl<\/a>&nbsp;<\/span><\/h6>\n<\/td>\n<\/tr>\n<tr style=\"height: 20px\">\n<td style=\"width: 24.6427%;background-color: #ffffff;height: 19px;border-style: solid;border-color: #e3e3e3;text-align: center\" width=\"151\">\n<h6>Kadry dla przysz\u0142o\u015bci<\/h6>\n<\/td>\n<td style=\"width: 49.7179%;background-color: #ffffff;height: 19px;border-style: solid;border-color: #e3e3e3;text-align: center\" width=\"510\">\n<h6>dr hab. in\u017c. Marta Kosior-Kazberuk, prof. PB<\/h6>\n<\/td>\n<td style=\"width: 37.3863%;background-color: #ffffff;border-style: solid;border-color: #e3e3e3;text-align: center\">\n<h6><span style=\"font-size: 12pt\"><a href=\"mailto:rektor@pb.edu.pl\">rektor@pb.edu.pl<\/a><\/span><\/h6>\n<\/td>\n<\/tr>\n<tr style=\"height: 20px\">\n<td style=\"width: 24.6427%;background-color: #ffffff;border-style: solid;border-color: #e3e3e3;height: 26px;text-align: center\">\n<h6>\u015alad \u015brodowiskowy<\/h6>\n<\/td>\n<td style=\"width: 49.7179%;background-color: #ffffff;border-style: solid;border-color: #e3e3e3;text-align: center;height: 26px\">\n<h6>dr hab. in\u017c. Maciej Zajkowski, prof. PB<\/h6>\n<\/td>\n<td style=\"width: 37.3863%;background-color: #ffffff;border-style: solid;border-color: #e3e3e3;text-align: center\">\n<h6><span style=\"font-size: 12pt\"><a href=\"mailto:m.zajkowski@pb.edu.pl\">m.zajkowski@pb.edu.pl<\/a><\/span><\/h6>\n<\/td>\n<\/tr>\n<\/tbody>\n<\/table>\n<p>&nbsp;<\/p>\n<p>&nbsp;<\/p>\n<p>&nbsp;<\/p>\n<p>&nbsp;<\/p>\n<p style=\"text-align: center\"><b><i>Zesp\u00f3\u0142 ds. Wdro\u017cenia Strategii Zr\u00f3wnowa\u017conego Rozwoju &#8222;Moja Zielona Politechnika&#8221; powo\u0142ano zarz\u0105dzeniem nr 22\/2025. <\/i><\/b><\/p>\n<p style=\"text-align: center\"><b><i><a href=\"https:\/\/pb.edu.pl\/moja-zielona-politechnika\/wp-content\/uploads\/sites\/106\/2025\/10\/Zarzadzenienr22wersjaskanowana.pdf\">Zarz\u0105dzenie mo\u017cna pobra\u0107 klikaj\u0105c w ten link.&nbsp;<\/a><\/i><\/b><\/p>\n<p>&nbsp;<\/p>\n","protected":false},"excerpt":{"rendered":"<p>Zesp\u00f3\u0142 ds. Wdro\u017cenia Strategii Zr\u00f3wnowa\u017conego Rozwoju \u201eMoja Zielona Politechnika\u201d&nbsp; &nbsp; &nbsp; &nbsp; &nbsp; Dane kontaktowe<\/p>\n","protected":false},"author":2,"featured_media":0,"parent":0,"menu_order":6,"comment_status":"closed","ping_status":"closed","template":"","meta":{"_acf_changed":false,"ngg_post_thumbnail":0,"footnotes":""},"class_list":["post-50","page","type-page","status-publish","hentry"],"acf":[],"_links":{"self":[{"href":"https:\/\/pb.edu.pl\/moja-zielona-politechnika\/wp-json\/wp\/v2\/pages\/50","targetHints":{"allow":["GET"]}}],"collection":[{"href":"https:\/\/pb.edu.pl\/moja-zielona-politechnika\/wp-json\/wp\/v2\/pages"}],"about":[{"href":"https:\/\/pb.edu.pl\/moja-zielona-politechnika\/wp-json\/wp\/v2\/types\/page"}],"author":[{"embeddable":true,"href":"https:\/\/pb.edu.pl\/moja-zielona-politechnika\/wp-json\/wp\/v2\/users\/2"}],"replies":[{"embeddable":true,"href":"https:\/\/pb.edu.pl\/moja-zielona-politechnika\/wp-json\/wp\/v2\/comments?post=50"}],"version-history":[{"count":0,"href":"https:\/\/pb.edu.pl\/moja-zielona-politechnika\/wp-json\/wp\/v2\/pages\/50\/revisions"}],"wp:attachment":[{"href":"https:\/\/pb.edu.pl\/moja-zielona-politechnika\/wp-json\/wp\/v2\/media?parent=50"}],"curies":[{"name":"wp","href":"https:\/\/api.w.org\/{rel}","templated":true}]}}