{"id":1890,"date":"2023-07-18T14:49:09","date_gmt":"2023-07-18T12:49:09","guid":{"rendered":"https:\/\/pb.edu.pl\/moja-zielona-politechnika\/?page_id=1890"},"modified":"2023-07-20T09:09:11","modified_gmt":"2023-07-20T07:09:11","slug":"slad-srodowiskowy","status":"publish","type":"page","link":"https:\/\/pb.edu.pl\/moja-zielona-politechnika\/slad-srodowiskowy\/","title":{"rendered":"\u015alad \u015brodowiskowy"},"content":{"rendered":"<p><strong>W ramach strategii zr\u00f3wnowa\u017conego rozwoju \u201eMoja Zielona Politechnika\u201d zamierzamy zrealizowa\u0107 cel operacyjny: \u015alad \u015brodowiskowy<\/strong><\/p>\n<p>Wyznaczyli\u015bmy nast\u0119puj\u0105ce kierunki dzia\u0142a\u0144 do osi\u0105gni\u0119cia tego celu:<\/p>\n<ul>\n<li>Optymalizacja efektywno\u015bci energetycznej i zwi\u0119kszenie udzia\u0142u energii odnawialnej<\/li>\n<li>Racjonalna gospodarka wod\u0105 i odpadami<\/li>\n<li>Zielone zarz\u0105dzanie &#8211; zmniejszenie i kompensacja \u015bladu w\u0119glowego PB<\/li>\n<\/ul>\n<p>Kluczowym elementem polityki rozwojowej Uczelni powinno by\u0107 zapewnienie bezpiecze\u0144stwa energetycznego, zwi\u0119kszenie efektywno\u015bci energetycznej i dekarbonizacja.<\/p>\n<p>Kszta\u0142cenie i badania wykorzystuj\u0105 zasoby naturalne i spo\u0142eczne. W strategicznym planie rozwojowym Uczelnia okre\u015bli cele, polityki i \u015brodki prowadz\u0105ce do ograniczenia \u015bladu \u015brodowiskowego, emisji gaz\u00f3w cieplarnianych, poprawy efektywno\u015bci energetycznej i zwi\u0119kszania udzia\u0142u energii odnawialnej w ca\u0142kowitym zu\u017cyciu energii.<\/p>\n<p>Polityka w\u0142adz musi zach\u0119ca\u0107 spo\u0142eczno\u015b\u0107 akademick\u0105 do zmiany zachowa\u0144 i przyzwyczaje\u0144 dotycz\u0105cych gospodarowania energi\u0105, wod\u0105 i odpadami.<\/p>\n<p>&nbsp;<\/p>\n<p><a href=\"https:\/\/pb.edu.pl\/moja-zielona-politechnika\/wp-content\/uploads\/sites\/106\/2023\/07\/2023-07-slad-srodowiskowy-grafiki-pod-tekst1.jpg\"><img loading=\"lazy\" decoding=\"async\" class=\"alignleft wp-image-1975 size-medium\" src=\"https:\/\/pb.edu.pl\/moja-zielona-politechnika\/wp-content\/uploads\/sites\/106\/2023\/07\/2023-07-slad-srodowiskowy-grafiki-pod-tekst1-300x300.jpg\" alt=\"Grafika do \u015blad \u015brodowiskowy\" width=\"300\" height=\"300\" srcset=\"https:\/\/pb.edu.pl\/moja-zielona-politechnika\/wp-content\/uploads\/sites\/106\/2023\/07\/2023-07-slad-srodowiskowy-grafiki-pod-tekst1-300x300.jpg 300w, https:\/\/pb.edu.pl\/moja-zielona-politechnika\/wp-content\/uploads\/sites\/106\/2023\/07\/2023-07-slad-srodowiskowy-grafiki-pod-tekst1-1024x1024.jpg 1024w, https:\/\/pb.edu.pl\/moja-zielona-politechnika\/wp-content\/uploads\/sites\/106\/2023\/07\/2023-07-slad-srodowiskowy-grafiki-pod-tekst1-150x150.jpg 150w, https:\/\/pb.edu.pl\/moja-zielona-politechnika\/wp-content\/uploads\/sites\/106\/2023\/07\/2023-07-slad-srodowiskowy-grafiki-pod-tekst1-768x768.jpg 768w, https:\/\/pb.edu.pl\/moja-zielona-politechnika\/wp-content\/uploads\/sites\/106\/2023\/07\/2023-07-slad-srodowiskowy-grafiki-pod-tekst1.jpg 1080w\" sizes=\"auto, (max-width: 300px) 100vw, 300px\" \/><\/a> <a href=\"https:\/\/pb.edu.pl\/moja-zielona-politechnika\/wp-content\/uploads\/sites\/106\/2023\/07\/2023-07-slad-srodowiskowy-grafiki-pod-tekst2.jpg\"><img loading=\"lazy\" decoding=\"async\" class=\"alignleft wp-image-1976 size-medium\" src=\"https:\/\/pb.edu.pl\/moja-zielona-politechnika\/wp-content\/uploads\/sites\/106\/2023\/07\/2023-07-slad-srodowiskowy-grafiki-pod-tekst2-300x300.jpg\" alt=\"\" width=\"300\" height=\"300\" srcset=\"https:\/\/pb.edu.pl\/moja-zielona-politechnika\/wp-content\/uploads\/sites\/106\/2023\/07\/2023-07-slad-srodowiskowy-grafiki-pod-tekst2-300x300.jpg 300w, https:\/\/pb.edu.pl\/moja-zielona-politechnika\/wp-content\/uploads\/sites\/106\/2023\/07\/2023-07-slad-srodowiskowy-grafiki-pod-tekst2-1024x1024.jpg 1024w, https:\/\/pb.edu.pl\/moja-zielona-politechnika\/wp-content\/uploads\/sites\/106\/2023\/07\/2023-07-slad-srodowiskowy-grafiki-pod-tekst2-150x150.jpg 150w, https:\/\/pb.edu.pl\/moja-zielona-politechnika\/wp-content\/uploads\/sites\/106\/2023\/07\/2023-07-slad-srodowiskowy-grafiki-pod-tekst2-768x768.jpg 768w, https:\/\/pb.edu.pl\/moja-zielona-politechnika\/wp-content\/uploads\/sites\/106\/2023\/07\/2023-07-slad-srodowiskowy-grafiki-pod-tekst2.jpg 1080w\" sizes=\"auto, (max-width: 300px) 100vw, 300px\" \/><\/a> <a href=\"https:\/\/pb.edu.pl\/moja-zielona-politechnika\/wp-content\/uploads\/sites\/106\/2023\/07\/2023-07-slad-srodowiskowy-grafiki-pod-tekst3.jpg\"><img loading=\"lazy\" decoding=\"async\" class=\"alignleft wp-image-1977 size-medium\" src=\"https:\/\/pb.edu.pl\/moja-zielona-politechnika\/wp-content\/uploads\/sites\/106\/2023\/07\/2023-07-slad-srodowiskowy-grafiki-pod-tekst3-300x300.jpg\" alt=\"\" width=\"300\" height=\"300\" srcset=\"https:\/\/pb.edu.pl\/moja-zielona-politechnika\/wp-content\/uploads\/sites\/106\/2023\/07\/2023-07-slad-srodowiskowy-grafiki-pod-tekst3-300x300.jpg 300w, https:\/\/pb.edu.pl\/moja-zielona-politechnika\/wp-content\/uploads\/sites\/106\/2023\/07\/2023-07-slad-srodowiskowy-grafiki-pod-tekst3-1024x1024.jpg 1024w, https:\/\/pb.edu.pl\/moja-zielona-politechnika\/wp-content\/uploads\/sites\/106\/2023\/07\/2023-07-slad-srodowiskowy-grafiki-pod-tekst3-150x150.jpg 150w, https:\/\/pb.edu.pl\/moja-zielona-politechnika\/wp-content\/uploads\/sites\/106\/2023\/07\/2023-07-slad-srodowiskowy-grafiki-pod-tekst3-768x768.jpg 768w, https:\/\/pb.edu.pl\/moja-zielona-politechnika\/wp-content\/uploads\/sites\/106\/2023\/07\/2023-07-slad-srodowiskowy-grafiki-pod-tekst3.jpg 1080w\" sizes=\"auto, (max-width: 300px) 100vw, 300px\" \/><\/a><\/p>\n","protected":false},"excerpt":{"rendered":"<p>W ramach strategii zr\u00f3wnowa\u017conego rozwoju \u201eMoja Zielona Politechnika\u201d zamierzamy zrealizowa\u0107 cel operacyjny: \u015alad \u015brodowiskowy Wyznaczyli\u015bmy<\/p>\n","protected":false},"author":1,"featured_media":0,"parent":0,"menu_order":0,"comment_status":"closed","ping_status":"closed","template":"","meta":{"_acf_changed":false,"ngg_post_thumbnail":0,"footnotes":""},"class_list":["post-1890","page","type-page","status-publish","hentry"],"acf":[],"_links":{"self":[{"href":"https:\/\/pb.edu.pl\/moja-zielona-politechnika\/wp-json\/wp\/v2\/pages\/1890","targetHints":{"allow":["GET"]}}],"collection":[{"href":"https:\/\/pb.edu.pl\/moja-zielona-politechnika\/wp-json\/wp\/v2\/pages"}],"about":[{"href":"https:\/\/pb.edu.pl\/moja-zielona-politechnika\/wp-json\/wp\/v2\/types\/page"}],"author":[{"embeddable":true,"href":"https:\/\/pb.edu.pl\/moja-zielona-politechnika\/wp-json\/wp\/v2\/users\/1"}],"replies":[{"embeddable":true,"href":"https:\/\/pb.edu.pl\/moja-zielona-politechnika\/wp-json\/wp\/v2\/comments?post=1890"}],"version-history":[{"count":0,"href":"https:\/\/pb.edu.pl\/moja-zielona-politechnika\/wp-json\/wp\/v2\/pages\/1890\/revisions"}],"wp:attachment":[{"href":"https:\/\/pb.edu.pl\/moja-zielona-politechnika\/wp-json\/wp\/v2\/media?parent=1890"}],"curies":[{"name":"wp","href":"https:\/\/api.w.org\/{rel}","templated":true}]}}

Ślad środowiskowy

<p><strong>W ramach strategii zrównoważonego rozwoju „Moja Zielona Politechnika” zamierzamy zrealizować cel operacyjny: Ślad środowiskowy</strong></p>
<p>Wyznaczyliśmy następujące kierunki działań do osiągnięcia tego celu:</p>
<ul>
<li>Optymalizacja efektywności energetycznej i zwiększenie udziału energii odnawialnej</li>
<li>Racjonalna gospodarka wodą i odpadami</li>
<li>Zielone zarządzanie &#8211; zmniejszenie i kompensacja śladu węglowego PB</li>
</ul>
<p>Kluczowym elementem polityki rozwojowej Uczelni powinno być zapewnienie bezpieczeństwa energetycznego, zwiększenie efektywności energetycznej i dekarbonizacja.</p>
<p>Kształcenie i badania wykorzystują zasoby naturalne i społeczne. W strategicznym planie rozwojowym Uczelnia określi cele, polityki i środki prowadzące do ograniczenia śladu środowiskowego, emisji gazów cieplarnianych, poprawy efektywności energetycznej i zwiększania udziału energii odnawialnej w całkowitym zużyciu energii.</p>
<p>Polityka władz musi zachęcać społeczność akademicką do zmiany zachowań i przyzwyczajeń dotyczących gospodarowania energią, wodą i odpadami.</p>
<p>&nbsp;</p>
<p><a href="https://pb.edu.pl/moja-zielona-politechnika/wp-content/uploads/sites/106/2023/07/2023-07-slad-srodowiskowy-grafiki-pod-tekst1.jpg"><img loading="lazy" decoding="async" class="alignleft wp-image-1975 size-medium" src="https://pb.edu.pl/moja-zielona-politechnika/wp-content/uploads/sites/106/2023/07/2023-07-slad-srodowiskowy-grafiki-pod-tekst1-300x300.jpg" alt="Grafika do ślad środowiskowy" width="300" height="300" srcset="https://pb.edu.pl/moja-zielona-politechnika/wp-content/uploads/sites/106/2023/07/2023-07-slad-srodowiskowy-grafiki-pod-tekst1-300x300.jpg 300w, https://pb.edu.pl/moja-zielona-politechnika/wp-content/uploads/sites/106/2023/07/2023-07-slad-srodowiskowy-grafiki-pod-tekst1-1024x1024.jpg 1024w, https://pb.edu.pl/moja-zielona-politechnika/wp-content/uploads/sites/106/2023/07/2023-07-slad-srodowiskowy-grafiki-pod-tekst1-150x150.jpg 150w, https://pb.edu.pl/moja-zielona-politechnika/wp-content/uploads/sites/106/2023/07/2023-07-slad-srodowiskowy-grafiki-pod-tekst1-768x768.jpg 768w, https://pb.edu.pl/moja-zielona-politechnika/wp-content/uploads/sites/106/2023/07/2023-07-slad-srodowiskowy-grafiki-pod-tekst1.jpg 1080w" sizes="auto, (max-width: 300px) 100vw, 300px" /></a> <a href="https://pb.edu.pl/moja-zielona-politechnika/wp-content/uploads/sites/106/2023/07/2023-07-slad-srodowiskowy-grafiki-pod-tekst2.jpg"><img loading="lazy" decoding="async" class="alignleft wp-image-1976 size-medium" src="https://pb.edu.pl/moja-zielona-politechnika/wp-content/uploads/sites/106/2023/07/2023-07-slad-srodowiskowy-grafiki-pod-tekst2-300x300.jpg" alt="" width="300" height="300" srcset="https://pb.edu.pl/moja-zielona-politechnika/wp-content/uploads/sites/106/2023/07/2023-07-slad-srodowiskowy-grafiki-pod-tekst2-300x300.jpg 300w, https://pb.edu.pl/moja-zielona-politechnika/wp-content/uploads/sites/106/2023/07/2023-07-slad-srodowiskowy-grafiki-pod-tekst2-1024x1024.jpg 1024w, https://pb.edu.pl/moja-zielona-politechnika/wp-content/uploads/sites/106/2023/07/2023-07-slad-srodowiskowy-grafiki-pod-tekst2-150x150.jpg 150w, https://pb.edu.pl/moja-zielona-politechnika/wp-content/uploads/sites/106/2023/07/2023-07-slad-srodowiskowy-grafiki-pod-tekst2-768x768.jpg 768w, https://pb.edu.pl/moja-zielona-politechnika/wp-content/uploads/sites/106/2023/07/2023-07-slad-srodowiskowy-grafiki-pod-tekst2.jpg 1080w" sizes="auto, (max-width: 300px) 100vw, 300px" /></a> <a href="https://pb.edu.pl/moja-zielona-politechnika/wp-content/uploads/sites/106/2023/07/2023-07-slad-srodowiskowy-grafiki-pod-tekst3.jpg"><img loading="lazy" decoding="async" class="alignleft wp-image-1977 size-medium" src="https://pb.edu.pl/moja-zielona-politechnika/wp-content/uploads/sites/106/2023/07/2023-07-slad-srodowiskowy-grafiki-pod-tekst3-300x300.jpg" alt="" width="300" height="300" srcset="https://pb.edu.pl/moja-zielona-politechnika/wp-content/uploads/sites/106/2023/07/2023-07-slad-srodowiskowy-grafiki-pod-tekst3-300x300.jpg 300w, https://pb.edu.pl/moja-zielona-politechnika/wp-content/uploads/sites/106/2023/07/2023-07-slad-srodowiskowy-grafiki-pod-tekst3-1024x1024.jpg 1024w, https://pb.edu.pl/moja-zielona-politechnika/wp-content/uploads/sites/106/2023/07/2023-07-slad-srodowiskowy-grafiki-pod-tekst3-150x150.jpg 150w, https://pb.edu.pl/moja-zielona-politechnika/wp-content/uploads/sites/106/2023/07/2023-07-slad-srodowiskowy-grafiki-pod-tekst3-768x768.jpg 768w, https://pb.edu.pl/moja-zielona-politechnika/wp-content/uploads/sites/106/2023/07/2023-07-slad-srodowiskowy-grafiki-pod-tekst3.jpg 1080w" sizes="auto, (max-width: 300px) 100vw, 300px" /></a></p>

<p>W ramach strategii zrównoważonego rozwoju „Moja Zielona Politechnika” zamierzamy zrealizować cel operacyjny: Ślad środowiskowy Wyznaczyliśmy</p>
