{"id":1886,"date":"2023-07-18T14:48:23","date_gmt":"2023-07-18T12:48:23","guid":{"rendered":"https:\/\/pb.edu.pl\/moja-zielona-politechnika\/?page_id=1886"},"modified":"2023-07-20T09:08:16","modified_gmt":"2023-07-20T07:08:16","slug":"kadry-dla-przyszlosci","status":"publish","type":"page","link":"https:\/\/pb.edu.pl\/moja-zielona-politechnika\/kadry-dla-przyszlosci\/","title":{"rendered":"Kadry dla przysz\u0142o\u015bci"},"content":{"rendered":"<p><strong>W ramach strategii zr\u00f3wnowa\u017conego rozwoju \u201eMoja Zielona Politechnika\u201d zamierzamy zrealizowa\u0107 cel operacyjny: Kadry dla przysz\u0142o\u015bci.<\/strong><\/p>\n<p>Wyznaczyli\u015bmy nast\u0119puj\u0105ce kierunki dzia\u0142a\u0144 do osi\u0105gni\u0119cia tego celu:<\/p>\n<ul>\n<li>Zwi\u0119kszenie aktywno\u015bci student\u00f3w i doktorant\u00f3w w dzia\u0142aniach na rzecz r\u00f3wnowa\u017conego rozwoju<\/li>\n<li>Zr\u00f3wnowa\u017cone badania naukowe<\/li>\n<li>Budowanie pro\u015brodowiskowej \u015bwiadomo\u015bci spo\u0142eczno\u015bci akademickiej i interesariuszy zewn\u0119trznych<\/li>\n<\/ul>\n<p>Aktywno\u015b\u0107 oraz zaanga\u017cowanie spo\u0142eczno\u015bci akademickiej maj\u0105 zasadnicze znaczenie dla realizacji ambitnych zamierze\u0144 Uczelni na rzecz przeciwdzia\u0142ania i adaptacji do zmian klimatu oraz przeciwdzia\u0142ania innym wyzwaniom \u015brodowiskowym.<\/p>\n<p>Szczeg\u00f3lny nacisk nale\u017cy po\u0142o\u017cy\u0107 na wzmocnienie \u015bwiadomo\u015bci ekologicznej student\u00f3w. Zmiany w zachowaniu i akceptacja wzorc\u00f3w zr\u00f3wnowa\u017conego rozwoju mog\u0105 nast\u0105pi\u0107 poprzez edukacj\u0119, zwi\u0119kszanie \u015bwiadomo\u015bci i zaanga\u017cowanie obywatelskie. Uczelnia powinna by\u0107 krajowym liderem w dziedzinie bada\u0144 i innowacji \u015brodowiskowych.<\/p>\n<p>M\u0142odzie\u017c mo\u017ce sta\u0107 si\u0119 ambasadorem dzia\u0142a\u0144 na rzecz klimatu, zr\u00f3wnowa\u017conego rozwoju i ochrony \u015brodowiska, dziel\u0105c si\u0119 swoj\u0105 wiedz\u0105, do\u015bwiadczeniem i zaanga\u017cowaniem ze swoimi rodzinami, spo\u0142eczno\u015bciami lokalnymi, decydentami publicznymi i prywatnymi, a tak\u017ce poprzez komunikacj\u0119 i korzystanie z medi\u00f3w spo\u0142eczno\u015bciowych.<\/p>\n<p>Edukacj\u0119 nale\u017cy po\u0142\u0105czy\u0107 z dzia\u0142aniami demonstracyjnymi z zakresu in\u017cynierii ekologicznej, ochrony r\u00f3\u017cnorodno\u015bci biologicznej, gospodarowania odpadami, zr\u00f3wnowa\u017conej produkcji i zu\u017cycia energii, itp.<\/p>\n<p>Aktywno\u015b\u0107 spo\u0142eczno\u015bci akademickiej powinna r\u00f3wnie\u017c przejawia\u0107 si\u0119 w propagowaniu rozwi\u0105za\u0144 z zakresu zr\u00f3wnowa\u017conego rozwoju poza Uczelni\u0105, w szczeg\u00f3lno\u015bci poprzez prezentowanie proekologicznych rozwi\u0105za\u0144 przedsi\u0119biorcom oraz innym interesariuszom zewn\u0119trznym.<\/p>\n<p>&nbsp;<\/p>\n<p><a href=\"https:\/\/pb.edu.pl\/moja-zielona-politechnika\/wp-content\/uploads\/sites\/106\/2023\/07\/www-kadry-przyszlosci-pod-tekst-strona1.jpg\"><img loading=\"lazy\" decoding=\"async\" class=\"alignleft wp-image-1968 size-medium\" src=\"https:\/\/pb.edu.pl\/moja-zielona-politechnika\/wp-content\/uploads\/sites\/106\/2023\/07\/www-kadry-przyszlosci-pod-tekst-strona1-300x300.jpg\" alt=\"Grafika do kadry przysz\u0142o\u015bci \" width=\"300\" height=\"300\" srcset=\"https:\/\/pb.edu.pl\/moja-zielona-politechnika\/wp-content\/uploads\/sites\/106\/2023\/07\/www-kadry-przyszlosci-pod-tekst-strona1-300x300.jpg 300w, https:\/\/pb.edu.pl\/moja-zielona-politechnika\/wp-content\/uploads\/sites\/106\/2023\/07\/www-kadry-przyszlosci-pod-tekst-strona1-1024x1024.jpg 1024w, https:\/\/pb.edu.pl\/moja-zielona-politechnika\/wp-content\/uploads\/sites\/106\/2023\/07\/www-kadry-przyszlosci-pod-tekst-strona1-150x150.jpg 150w, https:\/\/pb.edu.pl\/moja-zielona-politechnika\/wp-content\/uploads\/sites\/106\/2023\/07\/www-kadry-przyszlosci-pod-tekst-strona1-768x768.jpg 768w, https:\/\/pb.edu.pl\/moja-zielona-politechnika\/wp-content\/uploads\/sites\/106\/2023\/07\/www-kadry-przyszlosci-pod-tekst-strona1.jpg 1080w\" sizes=\"auto, (max-width: 300px) 100vw, 300px\" \/><\/a> <a href=\"https:\/\/pb.edu.pl\/moja-zielona-politechnika\/wp-content\/uploads\/sites\/106\/2023\/07\/www-kadry-przyszlosci-pod-tekst-strona2.jpg\"><img loading=\"lazy\" decoding=\"async\" class=\"alignnone wp-image-1969 size-medium\" src=\"https:\/\/pb.edu.pl\/moja-zielona-politechnika\/wp-content\/uploads\/sites\/106\/2023\/07\/www-kadry-przyszlosci-pod-tekst-strona2-300x300.jpg\" alt=\"\" width=\"300\" height=\"300\" srcset=\"https:\/\/pb.edu.pl\/moja-zielona-politechnika\/wp-content\/uploads\/sites\/106\/2023\/07\/www-kadry-przyszlosci-pod-tekst-strona2-300x300.jpg 300w, https:\/\/pb.edu.pl\/moja-zielona-politechnika\/wp-content\/uploads\/sites\/106\/2023\/07\/www-kadry-przyszlosci-pod-tekst-strona2-1024x1024.jpg 1024w, https:\/\/pb.edu.pl\/moja-zielona-politechnika\/wp-content\/uploads\/sites\/106\/2023\/07\/www-kadry-przyszlosci-pod-tekst-strona2-150x150.jpg 150w, https:\/\/pb.edu.pl\/moja-zielona-politechnika\/wp-content\/uploads\/sites\/106\/2023\/07\/www-kadry-przyszlosci-pod-tekst-strona2-768x768.jpg 768w, https:\/\/pb.edu.pl\/moja-zielona-politechnika\/wp-content\/uploads\/sites\/106\/2023\/07\/www-kadry-przyszlosci-pod-tekst-strona2.jpg 1080w\" sizes=\"auto, (max-width: 300px) 100vw, 300px\" \/><\/a> <a href=\"https:\/\/pb.edu.pl\/moja-zielona-politechnika\/wp-content\/uploads\/sites\/106\/2023\/07\/www-kadry-przyszlosci-pod-tekst-strona3.jpg\"><img loading=\"lazy\" decoding=\"async\" class=\"alignnone wp-image-1970 size-medium\" src=\"https:\/\/pb.edu.pl\/moja-zielona-politechnika\/wp-content\/uploads\/sites\/106\/2023\/07\/www-kadry-przyszlosci-pod-tekst-strona3-300x300.jpg\" alt=\"\" width=\"300\" height=\"300\" srcset=\"https:\/\/pb.edu.pl\/moja-zielona-politechnika\/wp-content\/uploads\/sites\/106\/2023\/07\/www-kadry-przyszlosci-pod-tekst-strona3-300x300.jpg 300w, https:\/\/pb.edu.pl\/moja-zielona-politechnika\/wp-content\/uploads\/sites\/106\/2023\/07\/www-kadry-przyszlosci-pod-tekst-strona3-1024x1024.jpg 1024w, https:\/\/pb.edu.pl\/moja-zielona-politechnika\/wp-content\/uploads\/sites\/106\/2023\/07\/www-kadry-przyszlosci-pod-tekst-strona3-150x150.jpg 150w, https:\/\/pb.edu.pl\/moja-zielona-politechnika\/wp-content\/uploads\/sites\/106\/2023\/07\/www-kadry-przyszlosci-pod-tekst-strona3-768x768.jpg 768w, https:\/\/pb.edu.pl\/moja-zielona-politechnika\/wp-content\/uploads\/sites\/106\/2023\/07\/www-kadry-przyszlosci-pod-tekst-strona3.jpg 1080w\" sizes=\"auto, (max-width: 300px) 100vw, 300px\" \/><\/a><\/p>\n","protected":false},"excerpt":{"rendered":"<p>W ramach strategii zr\u00f3wnowa\u017conego rozwoju \u201eMoja Zielona Politechnika\u201d zamierzamy zrealizowa\u0107 cel operacyjny: Kadry dla przysz\u0142o\u015bci.<\/p>\n","protected":false},"author":1,"featured_media":0,"parent":0,"menu_order":0,"comment_status":"closed","ping_status":"closed","template":"","meta":{"_acf_changed":false,"ngg_post_thumbnail":0,"footnotes":""},"class_list":["post-1886","page","type-page","status-publish","hentry"],"acf":[],"_links":{"self":[{"href":"https:\/\/pb.edu.pl\/moja-zielona-politechnika\/wp-json\/wp\/v2\/pages\/1886","targetHints":{"allow":["GET"]}}],"collection":[{"href":"https:\/\/pb.edu.pl\/moja-zielona-politechnika\/wp-json\/wp\/v2\/pages"}],"about":[{"href":"https:\/\/pb.edu.pl\/moja-zielona-politechnika\/wp-json\/wp\/v2\/types\/page"}],"author":[{"embeddable":true,"href":"https:\/\/pb.edu.pl\/moja-zielona-politechnika\/wp-json\/wp\/v2\/users\/1"}],"replies":[{"embeddable":true,"href":"https:\/\/pb.edu.pl\/moja-zielona-politechnika\/wp-json\/wp\/v2\/comments?post=1886"}],"version-history":[{"count":0,"href":"https:\/\/pb.edu.pl\/moja-zielona-politechnika\/wp-json\/wp\/v2\/pages\/1886\/revisions"}],"wp:attachment":[{"href":"https:\/\/pb.edu.pl\/moja-zielona-politechnika\/wp-json\/wp\/v2\/media?parent=1886"}],"curies":[{"name":"wp","href":"https:\/\/api.w.org\/{rel}","templated":true}]}}