{"id":2096,"date":"2025-12-05T14:48:33","date_gmt":"2025-12-05T13:48:33","guid":{"rendered":"https:\/\/pb.edu.pl\/mint\/?page_id=2096"},"modified":"2026-04-10T14:27:52","modified_gmt":"2026-04-10T12:27:52","slug":"klara-oppenheimer-schule","status":"publish","type":"page","link":"https:\/\/pb.edu.pl\/mint\/de\/klara-oppenheimer-schule\/","title":{"rendered":"Klara-Oppenheimer-Schule"},"content":{"rendered":"<p>Szko\u0142a Klara-Oppenheimer-Schule to szko\u0142a zawodowa po\u0142o\u017cona w samym sercu Dolnej Frankonii, regionu w Bawarii w Niemczech. Kszta\u0142cimy g\u0142\u00f3wnie praktykant\u00f3w z r\u00f3\u017cnych firm. Zaj\u0119cia maj\u0105 charakter praktyczny i trwaj\u0105 zazwyczaj 1,5 dnia. Przez pozosta\u0142\u0105 cz\u0119\u015b\u0107 tygodnia uczniowie ucz\u0105 si\u0119 w swoich firmach. Kwalifikacje uzyskane w naszej szkole s\u0105 r\u00f3wnowa\u017cne z dyplomem uko\u0144czenia szko\u0142y \u015bredniej Mittlere Reife, a w po\u0142\u0105czeniu ze sta\u017cem zawodowym s\u0105 por\u00f3wnywalne z dyplomem uko\u0144czenia szko\u0142y \u015bredniej Abitur (kwalifikacja DQR4).<\/p>\n<div class=\"h4\"> Misj\u0105 naszej szko\u0142y jest: <\/div>\n<p> Okazywanie uznania, akceptacja r\u00f3\u017cnorodno\u015bci, promowanie umiej\u0119tno\u015bci. Tworzymy pozytywne \u015brodowisko szkolne i wspieramy ka\u017cdego z naszych uczni\u00f3w osobi\u015bcie, wykraczaj\u0105c poza nauczanie wiedzy specjalistycznej.<\/p>\n<p><img loading=\"lazy\" decoding=\"async\" src=\"https:\/\/pb.edu.pl\/mint\/wp-content\/uploads\/sites\/78\/2025\/12\/Klara-oppenheimer.jpg\" alt=\"\" width=\"1360\" height=\"900\" class=\"alignnone size-full wp-image-2080\" srcset=\"https:\/\/pb.edu.pl\/mint\/wp-content\/uploads\/sites\/78\/2025\/12\/Klara-oppenheimer.jpg 1360w, https:\/\/pb.edu.pl\/mint\/wp-content\/uploads\/sites\/78\/2025\/12\/Klara-oppenheimer-300x199.jpg 300w, https:\/\/pb.edu.pl\/mint\/wp-content\/uploads\/sites\/78\/2025\/12\/Klara-oppenheimer-1024x678.jpg 1024w, https:\/\/pb.edu.pl\/mint\/wp-content\/uploads\/sites\/78\/2025\/12\/Klara-oppenheimer-768x508.jpg 768w\" sizes=\"auto, (max-width: 1360px) 100vw, 1360px\" \/><\/p>\n<div class=\"h4\"> Kilka s\u0142\u00f3w o szkole: <\/div>\n<p>&#8211; oko\u0142o 3200 uczni\u00f3w<br \/>\n&#8211; dwie trzecie to dziewcz\u0119ta<br \/>\n&#8211; oko\u0142o 150 nauczycieli<br \/>\n&#8211; jedno z najwi\u0119kszych centr\u00f3w kszta\u0142cenia zawodowego w Bawarii<br \/>\n&#8211; ponad 30 r\u00f3\u017cnych zawod\u00f3w<br \/>\n    &#8211; zawody handlowe (g\u0142\u00f3wnie zawody medyczne, handel detaliczny i informatyka), zawody zwi\u0105zane z \u017cywieniem i opiek\u0105<br \/>\n&#8211; nacisk na MINT: technicy laboratoryjni biologii, technicy laboratoryjni chemii, specjali\u015bci IT, administratorzy IT<br \/>\n&#8211; uczniowie sp\u0119dzaj\u0105 1,5 dnia w tygodniu w szkole, a pozosta\u0142y czas jako sta\u017cy\u015bci w firmach<\/p>\n<div class=\"h4\"> I jeszcze troch\u0119 o mie\u015bcie: <\/div>\n<p>    &#8211; W\u00fcrzburg ma ponad 100 000 mieszka\u0144c\u00f3w<br \/>\n&#8211; w centrum Niemiec<br \/>\n&#8211; we Frankonii, p\u00f3\u0142nocnej cz\u0119\u015bci Bawarii<br \/>\n    &#8211; historyczne stare miasto<br \/>\n&#8211; nad rzek\u0105 Men<br \/>\n&#8211; wielu student\u00f3w<br \/>\n&#8211; znane z uprawy winoro\u015bli<br \/>\n&#8211; Zdj\u0119cia: katedra, rezydencja, twierdza, panorama np. ze Steinberg<br \/>\n&#8211; Zdj\u0119cia: bia\u0142e wino na mo\u015bcie nad Menem, kie\u0142baski<\/p>\n","protected":false},"excerpt":{"rendered":"<p>Szko\u0142a Klara-Oppenheimer-Schule to szko\u0142a zawodowa po\u0142o\u017cona w samym sercu Dolnej Frankonii, regionu w Bawarii w<\/p>\n","protected":false},"author":107,"featured_media":0,"parent":961,"menu_order":0,"comment_status":"closed","ping_status":"closed","template":"","meta":{"_acf_changed":false,"ngg_post_thumbnail":0,"footnotes":""},"class_list":["post-2096","page","type-page","status-publish","hentry"],"acf":[],"_links":{"self":[{"href":"https:\/\/pb.edu.pl\/mint\/wp-json\/wp\/v2\/pages\/2096","targetHints":{"allow":["GET"]}}],"collection":[{"href":"https:\/\/pb.edu.pl\/mint\/wp-json\/wp\/v2\/pages"}],"about":[{"href":"https:\/\/pb.edu.pl\/mint\/wp-json\/wp\/v2\/types\/page"}],"author":[{"embeddable":true,"href":"https:\/\/pb.edu.pl\/mint\/wp-json\/wp\/v2\/users\/107"}],"replies":[{"embeddable":true,"href":"https:\/\/pb.edu.pl\/mint\/wp-json\/wp\/v2\/comments?post=2096"}],"version-history":[{"count":2,"href":"https:\/\/pb.edu.pl\/mint\/wp-json\/wp\/v2\/pages\/2096\/revisions"}],"predecessor-version":[{"id":2133,"href":"https:\/\/pb.edu.pl\/mint\/wp-json\/wp\/v2\/pages\/2096\/revisions\/2133"}],"up":[{"embeddable":true,"href":"https:\/\/pb.edu.pl\/mint\/wp-json\/wp\/v2\/pages\/961"}],"wp:attachment":[{"href":"https:\/\/pb.edu.pl\/mint\/wp-json\/wp\/v2\/media?parent=2096"}],"curies":[{"name":"wp","href":"https:\/\/api.w.org\/{rel}","templated":true}]}}