{"id":1226,"date":"2022-03-30T16:21:57","date_gmt":"2022-03-30T14:21:57","guid":{"rendered":"https:\/\/pb.edu.pl\/mint\/?page_id=1226"},"modified":"2022-05-23T18:38:53","modified_gmt":"2022-05-23T16:38:53","slug":"raporty","status":"publish","type":"page","link":"https:\/\/pb.edu.pl\/mint\/pl\/badania\/raporty\/","title":{"rendered":"Raporty"},"content":{"rendered":"<p>Grupa Polska<\/p>\n<p><a class=\"pdf\" title=\"otworzy si\u0119 w nowej karcie\" href=\"https:\/\/pb.edu.pl\/mint\/wp-content\/uploads\/sites\/78\/2022\/05\/Raport-mint-PL.pdf\" target=\"_blank\" rel=\"noopener\" data-id=\"1293\">Analiza zawarto\u015bci anion\u00f3w w wodzie (PDF, wersja dost\u0119pna cyfrowo, 2 MB)<\/a><\/p>\n<p><a class=\"pdf\" title=\"otworzy si\u0119 w nowej karcie\" href=\"https:\/\/pb.edu.pl\/mint\/wp-content\/uploads\/sites\/78\/2022\/03\/Raport-metaleciezkie.pdf\" target=\"_blank\" rel=\"noopener\" data-id=\"1169\">Zawarto\u015b\u0107 metali ci\u0119\u017ckich w wodzie (PDF, wersja dost\u0119pna cyfrowo, 2 MB)<\/a><\/p>\n<p><a class=\"pdf\" title=\"otworzy si\u0119 w nowej karcie\" href=\"https:\/\/pb.edu.pl\/mint\/wp-content\/uploads\/sites\/78\/2022\/05\/zawartosc-kationow-i-anionow-w-glebie-pl.pdf\" target=\"_blank\" rel=\"noopener\" data-id=\"1307\">Zawarto\u015b\u0107 kation\u00f3w i anion\u00f3w w glebie pl (PDF, wersja dost\u0119pna cyfrowo, 489 KB)<\/a><\/p>\n<p><a title=\"otworzy si\u0119 w nowej karcie\" class=\"pdf\" href=\"https:\/\/pb.edu.pl\/mint\/wp-content\/uploads\/sites\/78\/2022\/05\/Badania-wody-MINTwersja-polska.pdf\" target=\"_blank\" data-id=\"1356\" rel=\"noopener\">Badania wody <span>(PDF, wersja dost\u0119pna cyfrowo, 704 KB)<\/span><\/a><\/p>\n<p><a title=\"otworzy si\u0119 w nowej karcie\" class=\"pdf\" href=\"https:\/\/pb.edu.pl\/mint\/wp-content\/uploads\/sites\/78\/2022\/05\/PL.MINT-raport-grupa2-.pdf\" target=\"_blank\" data-id=\"1360\" rel=\"noopener\">Badania wody i gleby <span>(PDF, wersja dost\u0119pna cyfrowo, 224 KB)<\/span><\/a><\/p>\n<p>Grupa Niemiecka<\/p>\n<p><a class=\"pdf\" title=\"otworzy si\u0119 w nowej karcie\" href=\"https:\/\/pb.edu.pl\/mint\/wp-content\/uploads\/sites\/78\/2022\/05\/Protokoll_Deutsch-Polnischer-Austausch-PL.pdf\" target=\"_blank\" rel=\"noopener\" data-id=\"1327\">Obecno\u015b\u0107 jon\u00f3w chlorkowych (PDF, wersja dost\u0119pna cyfrowo, 499 KB)<\/a><\/p>\n<p><a class=\"pdf\" title=\"otworzy si\u0119 w nowej karcie\" href=\"https:\/\/pb.edu.pl\/mint\/wp-content\/uploads\/sites\/78\/2022\/05\/Wykrywanie-azotanow-i-chlorkow-w-glebie.pdf\" target=\"_blank\" rel=\"noopener\" data-id=\"1329\">Wykrywanie azotan\u00f3w i chlork\u00f3w w glebie (PDF, wersja dost\u0119pna cyfrowo, 312 KB)<\/a><\/p>\n<p><a class=\"pdf\" title=\"otworzy si\u0119 w nowej karcie\" href=\"https:\/\/pb.edu.pl\/mint\/wp-content\/uploads\/sites\/78\/2022\/05\/MINT-niemiecki-protokol-po-polsku-1.pdf\" target=\"_blank\" rel=\"noopener\" data-id=\"1342\">Badania wody (PDF, wersja dost\u0119pna cyfrowo, 436 KB)<\/a><\/p>\n<p><a class=\"pdf\" title=\"otworzy si\u0119 w nowej karcie\" href=\"https:\/\/pb.edu.pl\/mint\/wp-content\/uploads\/sites\/78\/2022\/05\/Bakterie-w-wodzie.pdf\" target=\"_blank\" rel=\"noopener\">Bakterie w wodzie (PDF, wersja dost\u0119pna cyfrowo, 1,497 KB)<\/a><\/p>\n<p><a title=\"otworzy si\u0119 w nowej karcie\" class=\"pdf\" href=\"https:\/\/pb.edu.pl\/mint\/wp-content\/uploads\/sites\/78\/2022\/05\/raport.pdf\" target=\"_blank\" data-id=\"1352\" rel=\"noopener\">Zanieczyszczenie wody <span>(PDF, wersja dost\u0119pna cyfrowo, 2 MB)<\/span><\/a><\/p>\n","protected":false},"excerpt":{"rendered":"<p>Grupa Polska Analiza zawarto\u015bci anion\u00f3w w wodzie (PDF, wersja dost\u0119pna cyfrowo, 2 MB) Zawarto\u015b\u0107 metali<\/p>\n","protected":false},"author":2,"featured_media":0,"parent":1057,"menu_order":1,"comment_status":"closed","ping_status":"closed","template":"","meta":{"_acf_changed":false,"ngg_post_thumbnail":0,"footnotes":""},"class_list":["post-1226","page","type-page","status-publish","hentry"],"acf":[],"_links":{"self":[{"href":"https:\/\/pb.edu.pl\/mint\/wp-json\/wp\/v2\/pages\/1226","targetHints":{"allow":["GET"]}}],"collection":[{"href":"https:\/\/pb.edu.pl\/mint\/wp-json\/wp\/v2\/pages"}],"about":[{"href":"https:\/\/pb.edu.pl\/mint\/wp-json\/wp\/v2\/types\/page"}],"author":[{"embeddable":true,"href":"https:\/\/pb.edu.pl\/mint\/wp-json\/wp\/v2\/users\/2"}],"replies":[{"embeddable":true,"href":"https:\/\/pb.edu.pl\/mint\/wp-json\/wp\/v2\/comments?post=1226"}],"version-history":[{"count":0,"href":"https:\/\/pb.edu.pl\/mint\/wp-json\/wp\/v2\/pages\/1226\/revisions"}],"up":[{"embeddable":true,"href":"https:\/\/pb.edu.pl\/mint\/wp-json\/wp\/v2\/pages\/1057"}],"wp:attachment":[{"href":"https:\/\/pb.edu.pl\/mint\/wp-json\/wp\/v2\/media?parent=1226"}],"curies":[{"name":"wp","href":"https:\/\/api.w.org\/{rel}","templated":true}]}}