{"id":1125,"date":"2022-02-25T10:07:07","date_gmt":"2022-02-25T09:07:07","guid":{"rendered":"https:\/\/pb.edu.pl\/mint\/?page_id=1125"},"modified":"2025-10-26T20:15:12","modified_gmt":"2025-10-26T19:15:12","slug":"alopb","status":"publish","type":"page","link":"https:\/\/pb.edu.pl\/mint\/pl\/alopb\/","title":{"rendered":"Akademickie Liceum Og\u00f3lnokszta\u0142c\u0105ce Politechniki Bia\u0142ostockiej"},"content":{"rendered":"<p><strong>ALOPB to niepubliczna szko\u0142a \u015brednia o uprawnieniach szko\u0142y publicznej<\/strong>, kt\u00f3ra funkcjonuje w strukturach uczelni. Powsta\u0142a w 2016 roku z my\u015bl\u0105 o zdolnych i ambitnych uczniach zainteresowanych nauk\u0105 przedmiot\u00f3w \u015bcis\u0142ych, chc\u0105cych korzysta\u0107 z nowoczesnych technologii oraz z doskonale wyposa\u017conej bazy dydaktycznej Politechniki Bia\u0142ostockiej. Liceum stawia na nauczanie w rozszerzonym zakresie matematyki, informatyki, fizyki, chemii, biologii oraz j\u0119zyka angielskiego. Jako drugi j\u0119zyk obcy uczniowie mog\u0105 wybra\u0107 j\u0119zyk niemiecki lub j\u0119zyk rosyjski.<\/p>\n<div class=\"h3\">Od roku szkolnego 2021\/2022 w szkole funkcjonuj\u0105 profile:<\/div>\n<ul>\n<li>Architektura i budownictwo<\/li>\n<li>Bioin\u017cynieria<\/li>\n<li>Przemys\u0142 przysz\u0142o\u015bci<\/li>\n<li>Informatyka<\/li>\n<li>Programowanie<\/li>\n<\/ul>\n<div class=\"h3\">Nasi uczniowie mog\u0105 si\u0119 poszczyci\u0107:<\/div>\n<ul>\n<li>indeksami na uczelnie wy\u017csze zdobytymi ju\u017c nawet w pierwszym roku nauki w ALOPB (m.in. Politechnika Bia\u0142ostocka, Uniwersytet Medyczny w Gda\u0144sku, Politechnika Gda\u0144ska, Politechnika Warszawska),<\/li>\n<li>licznymi stypendiami m.in. Prezesa Rady Ministr\u00f3w, artystycznymi, za innowacyjn\u0105 my\u015bl techniczn\u0105, programu \u201eOdkrywcy Diament\u00f3w\u201d oraz Centrum Nauki Kopernik,<\/li>\n<li>wieloma tytu\u0142ami laureata lub finalisty og\u00f3lnopolskich olimpiad przedmiotowych,<\/li>\n<li>tytu\u0142ami laureata i finalisty zdobytymi na r\u00f3\u017cnych og\u00f3lnopolskich konkursach \u2013 technicznych, informatycznych, \u015bcis\u0142ych, j\u0119zykowych, spo\u0142ecznych, a nawet prawnych i artystycznych (np. Projekt z Klas\u0105, El-Robo-Mech, M\u0142ody Innowator, Projektanci Edukacji, Og\u00f3lnopolski Konkurs Wiedzy Ekonomicznej i Przedsi\u0119biorczo\u015bci, Misja Ksi\u0105\u017cka, Og\u00f3lnopolska Olimpiada Wiedzy o Prawach Ucznia, Matematyka Stosowana, mi\u0119dzynarodowych zawod\u00f3w matematycznych N\u00e1boj, Galileo).<\/li>\n<\/ul>\n<p>Prace naszych uczni\u00f3w:<br \/>\n&nbsp;<\/p>\nngg_shortcode_0_placeholder\n&nbsp;<\/p>\nngg_shortcode_1_placeholder\n&nbsp;<\/p>\nngg_shortcode_2_placeholder\n&nbsp;<\/p>\n<p><strong>Politechnika Bia\u0142ostocka<\/strong> jest najwi\u0119ksz\u0105 uczelni\u0105 techniczn\u0105 p\u00f3\u0142nocno-wschodniej Polski. Uczelnia ma ponad 70-letni\u0105 tradycj\u0119, prowadzi studia w systemie tr\u00f3jstopniowym \u2013 studia I stopnia (licencjackie 3-letnie oraz in\u017cynierskie 3,5-letnie), II stopnia (magisterskie 1,5 lub 2-letnie) oraz doktoranckie (studia III stopnia, 4-letnie).<br \/>\n&nbsp;<br \/>\n<a href=\"https:\/\/www.youtube.com\/watch?v=lpGOf25ph8M\">Wi\u0119cej o Politechnice Bia\u0142ostockiej<\/a><br \/>\n&nbsp;<br \/>\nNa <strong>Politechnice Bia\u0142ostockiej<\/strong> dzia\u0142a blisko 60 studenckich k\u00f3\u0142 zainteresowa\u0144. Daj\u0105 one mo\u017cliwo\u015b\u0107 realizowania autorskich projekt\u00f3w i pomys\u0142\u00f3w, od uk\u0142ad\u00f3w elektronicznych po bolidy startuj\u0105ce w zawodach Formula Student. To prowadzenie bada\u0144 we wsp\u00f3\u0142pracy z mentorami, takich jak projekt innowacyjnego materia\u0142u budowlanego GeoCon. To tworzenie artyku\u0142\u00f3w naukowych lub innych warto\u015bciowych opracowa\u0144, takich jak \u201ePrzewodnik po drewnianym Podlasiu\u201d, kt\u00f3ry popularyzuje dziedzictwo architektoniczne naszego regionu. Politechnika Bia\u0142ostocka daje te\u017c studentom mo\u017cliwo\u015b\u0107 realizowania w\u0142asnych, autorskich projekt\u00f3w i pomys\u0142\u00f3w.<br \/>\n&nbsp;<br \/>\nKo\u0142a naukowe Politechniki Bia\u0142ostockiej<br \/>\n&nbsp;<br \/>\n<a href=\"https:\/\/www.youtube.com\/playlist?list=PLSWFQy6lDc77rY_YX2iTjXO-e0stzxIy_\">Ko\u0142a naukowe<\/a><br \/>\n&nbsp;<br \/>\nStudenci opowiadaj\u0105 o studiowaniu na PB:<br \/>\n&nbsp;<br \/>\n<a href=\"https:\/\/www.youtube.com\/playlist?list=PLSWFQy6lDc76Gs0OV9N9Gg2IHSsuqFiQw\">O studiowaniu&#8230;<\/a><\/p>\n","protected":false},"excerpt":{"rendered":"<p>ALOPB to niepubliczna szko\u0142a \u015brednia o uprawnieniach szko\u0142y publicznej, kt\u00f3ra funkcjonuje w strukturach uczelni. Powsta\u0142a<\/p>\n","protected":false},"author":107,"featured_media":0,"parent":954,"menu_order":3,"comment_status":"closed","ping_status":"closed","template":"","meta":{"_acf_changed":false,"ngg_post_thumbnail":0,"footnotes":""},"class_list":["post-1125","page","type-page","status-publish","hentry"],"acf":[],"_links":{"self":[{"href":"https:\/\/pb.edu.pl\/mint\/wp-json\/wp\/v2\/pages\/1125","targetHints":{"allow":["GET"]}}],"collection":[{"href":"https:\/\/pb.edu.pl\/mint\/wp-json\/wp\/v2\/pages"}],"about":[{"href":"https:\/\/pb.edu.pl\/mint\/wp-json\/wp\/v2\/types\/page"}],"author":[{"embeddable":true,"href":"https:\/\/pb.edu.pl\/mint\/wp-json\/wp\/v2\/users\/107"}],"replies":[{"embeddable":true,"href":"https:\/\/pb.edu.pl\/mint\/wp-json\/wp\/v2\/comments?post=1125"}],"version-history":[{"count":0,"href":"https:\/\/pb.edu.pl\/mint\/wp-json\/wp\/v2\/pages\/1125\/revisions"}],"up":[{"embeddable":true,"href":"https:\/\/pb.edu.pl\/mint\/wp-json\/wp\/v2\/pages\/954"}],"wp:attachment":[{"href":"https:\/\/pb.edu.pl\/mint\/wp-json\/wp\/v2\/media?parent=1125"}],"curies":[{"name":"wp","href":"https:\/\/api.w.org\/{rel}","templated":true}]}}