{"id":1078,"date":"2022-02-22T00:13:23","date_gmt":"2022-02-21T23:13:23","guid":{"rendered":"https:\/\/pb.edu.pl\/mint\/?page_id=1078"},"modified":"2022-04-03T18:18:31","modified_gmt":"2022-04-03T16:18:31","slug":"bialystok-podlasie","status":"publish","type":"page","link":"https:\/\/pb.edu.pl\/mint\/de\/bialystok-podlasie\/","title":{"rendered":"Bia\u0142ystok \u2013 Podlasie"},"content":{"rendered":"<div style=\"width: 480px;\" class=\"wp-video\"><video class=\"wp-video-shortcode\" id=\"video-1078-1\" width=\"480\" height=\"270\" preload=\"metadata\" controls=\"controls\"><source type=\"video\/mp4\" src=\"https:\/\/pb.edu.pl\/mint\/wp-content\/uploads\/sites\/78\/2022\/03\/film_agora.mp4?_=1\" \/><a href=\"https:\/\/pb.edu.pl\/mint\/wp-content\/uploads\/sites\/78\/2022\/03\/film_agora.mp4\">https:\/\/pb.edu.pl\/mint\/wp-content\/uploads\/sites\/78\/2022\/03\/film_agora.mp4<\/a><\/video><\/div>\n<p>Source: UM Bia\u0142ystok<\/p>\n<p>Woiwodschaft Podlachien liegt im Norden von Polen. Die Hauptstadt der Region ist Bialystok. Das Land hat \u00fcber 1,2 Millionen Einwohner und Bialystok hat davon 300.000. Es umfasst eine Fl\u00e4che von ca. 20.200 km2. Die Woiwodschaft Podlachien grenzt an Litauen und teilweise auch an Wei\u00dfrussland. Die Region ist multikulturell. Katholiken, Orthodoxe, Protestanten, Juden und sogar Tataren leben hier. Neben Kirchen finden Sie auch viele orthodoxe Kirchen und Synagogen. Es gibt auch die einzige Moschee in Polen. Sie k\u00f6nnen auch Einwohner aus anderen L\u00e4ndern treffen. Meistens sind es Wei\u00dfrussen, Russen und Litauer.&nbsp;<\/p>\n<p>&nbsp;<\/p>\n<p><strong><span style=\"font-size: 18pt\">Das Zentrum von Bia\u0142ystok \u2013 Ko\u015bciuszko-Platz &nbsp;<\/span><\/strong><\/p>\n<p>Der Hauptplatz von Bia\u0142ystok hei\u00dft Rynek Kosciuszko. Es ist das Herz der Stadt, das mit einem lebhaften Rhythmus schl\u00e4gt. Das bedeutendste Geb\u00e4ude am Marktplatz, steht in der Mitte des Rathauses mit einem Uhrturm, fertiggestellt 1761. Das Geb\u00e4ude besichtigten an Ort und Stelle st\u00e4ndige Kaufmannsst\u00e4nde hier, wie es 1939 f\u00fcr die j\u00fcdische Sammlung beantragt wurde. 1954 zerst\u00f6rten die Russen das historische Rathaus, aber es wurde 1954-58 restauriert. Derzeit befindet sich der Hauptsitz im Rathaus in Bia\u0142ystok.<\/p>\n<p>&nbsp; <img loading=\"lazy\" decoding=\"async\" class=\"alignnone size-full wp-image-1108\" src=\"https:\/\/pb.edu.pl\/mint\/wp-content\/uploads\/sites\/78\/2022\/02\/b1.jpg\" alt=\"\" width=\"732\" height=\"536\" srcset=\"https:\/\/pb.edu.pl\/mint\/wp-content\/uploads\/sites\/78\/2022\/02\/b1.jpg 732w, https:\/\/pb.edu.pl\/mint\/wp-content\/uploads\/sites\/78\/2022\/02\/b1-300x220.jpg 300w\" sizes=\"auto, (max-width: 732px) 100vw, 732px\" \/><\/p>\n<p>&nbsp;<\/p>\n<p><span style=\"font-size: 18pt\"><strong>Attraktion<\/strong> &nbsp;<\/span><\/p>\n<p><b><span data-contrast=\"none\">Dog Kawelin<\/span><\/b><span data-contrast=\"none\">&nbsp;<\/span><span data-ccp-props=\"{&quot;201341983&quot;:0,&quot;335551550&quot;:2,&quot;335551620&quot;:2,&quot;335559739&quot;:160,&quot;335559740&quot;:259}\">&nbsp;<\/span><\/p>\n<p><span data-contrast=\"none\">Skulptur von Malgorzata Niedzielko. Sie wurde aus beton gemacht.<\/span><span data-ccp-props=\"{&quot;201341983&quot;:0,&quot;335551550&quot;:6,&quot;335551620&quot;:6,&quot;335559739&quot;:160,&quot;335559740&quot;:259}\">&nbsp;<\/span><\/p>\n<p><img loading=\"lazy\" decoding=\"async\" class=\"alignnone size-full wp-image-1109\" src=\"https:\/\/pb.edu.pl\/mint\/wp-content\/uploads\/sites\/78\/2022\/02\/b2.jpg\" alt=\"\" width=\"743\" height=\"470\" srcset=\"https:\/\/pb.edu.pl\/mint\/wp-content\/uploads\/sites\/78\/2022\/02\/b2.jpg 743w, https:\/\/pb.edu.pl\/mint\/wp-content\/uploads\/sites\/78\/2022\/02\/b2-300x190.jpg 300w\" sizes=\"auto, (max-width: 743px) 100vw, 743px\" \/><\/p>\n<p>&nbsp;<\/p>\n<p><b><span data-contrast=\"none\"> <strong>Sonnenschirme<\/strong> <\/span><\/b><span data-ccp-props=\"{&quot;201341983&quot;:0,&quot;335551550&quot;:2,&quot;335551620&quot;:2,&quot;335559739&quot;:160,&quot;335559740&quot;:259}\">&nbsp;<\/span><\/p>\n<p>Farbenfrohe Sommerdekoration in der Kili\u0144skiego Stra\u00dfe in Bia\u0142ystok. 450 bunte Regenschirme auf speziell pr\u00e4parierten Strukturen, die abends effektvoll beleuchtet zur Verf\u00fcgung stehen. Ein Perfekter Ort, nach dem Verlassen eines nahe gelegenen Parks.<\/p>\n<p><img loading=\"lazy\" decoding=\"async\" class=\"alignnone size-full wp-image-1110\" style=\"font-size: 1.5rem\" src=\"https:\/\/pb.edu.pl\/mint\/wp-content\/uploads\/sites\/78\/2022\/02\/b3.jpg\" alt=\"\" width=\"738\" height=\"335\" srcset=\"https:\/\/pb.edu.pl\/mint\/wp-content\/uploads\/sites\/78\/2022\/02\/b3.jpg 738w, https:\/\/pb.edu.pl\/mint\/wp-content\/uploads\/sites\/78\/2022\/02\/b3-300x136.jpg 300w\" sizes=\"auto, (max-width: 738px) 100vw, 738px\" \/><\/p>\n<p>&nbsp;<\/p>\n<p><b><span data-contrast=\"none\">Planty Park&nbsp;<\/span><\/b><span data-ccp-props=\"{&quot;201341983&quot;:0,&quot;335551550&quot;:2,&quot;335551620&quot;:2,&quot;335559739&quot;:160,&quot;335559740&quot;:259}\">&nbsp;<\/span><\/p>\n<p>Eine gro\u00dfe st\u00e4dtische Gr\u00fcnfl\u00e4che ist ein Ort der Entspannung. Der Park befindet sich im Stadtzentrum und umgibt den Branicki-Palast von fast allen Seiten. Planty wurde von Stanis\u0142aw Grall entworfen. Es hat eine Fl\u00e4che von 14 ha. Es ist ein perfekter Ort, um der Hektik der St\u00e4dte zu entfliehen. Ein Spaziergang entlang der Alleen der Anlage wird durch sch\u00f6n geschnittene Hecken, Kompositionen aus Blumenbeeten, pr\u00e4chtigen Lebensb\u00e4ume und gepflegten Teichen angenehmer. Der interessanteste Teich im Park ist der Heart Pond in der N\u00e4he der Springbrunnen.<\/p>\n<p><img loading=\"lazy\" decoding=\"async\" class=\"alignnone size-full wp-image-1111\" style=\"font-size: 1.5rem\" src=\"https:\/\/pb.edu.pl\/mint\/wp-content\/uploads\/sites\/78\/2022\/02\/b4.jpg\" alt=\"\" width=\"738\" height=\"545\" srcset=\"https:\/\/pb.edu.pl\/mint\/wp-content\/uploads\/sites\/78\/2022\/02\/b4.jpg 738w, https:\/\/pb.edu.pl\/mint\/wp-content\/uploads\/sites\/78\/2022\/02\/b4-300x222.jpg 300w\" sizes=\"auto, (max-width: 738px) 100vw, 738px\" \/><\/p>\n<p>&nbsp;<\/p>\n<p><strong>Baranicki-Palast<\/strong><\/p>\n<p>Das Baranicki-Palast ist das bekannteste Denkmal in Bia\u0142ystok. Hier befindet sich einer der sch\u00f6nsten Barockg\u00e4rten in Polen. Dieser Ort ist ein Andenken an die Familie Branicki und wird die Residenz der Familie Branicki oder das Versailles von Podlasie genannt. Der Branicki-Palast ist ein \u00f6ffentliches Geb\u00e4ude, in dem die Medizinische Universit\u00e4t ihren Sitz hat. Ein Teil des Innenraums des historischen Geb\u00e4udes kann von Touristen besichtigt werden. Es gibt einen sch\u00f6nen Saal mit einer pr\u00e4chtigen Treppe und einem Ausgang zur Terrasse, von wo aus man einen Blick auf die G\u00e4rten hat.&nbsp;<\/p>\n<p><img loading=\"lazy\" decoding=\"async\" class=\"alignnone size-full wp-image-1112\" style=\"font-size: 1.5rem\" src=\"https:\/\/pb.edu.pl\/mint\/wp-content\/uploads\/sites\/78\/2022\/02\/b5.jpg\" alt=\"\" width=\"736\" height=\"406\" srcset=\"https:\/\/pb.edu.pl\/mint\/wp-content\/uploads\/sites\/78\/2022\/02\/b5.jpg 736w, https:\/\/pb.edu.pl\/mint\/wp-content\/uploads\/sites\/78\/2022\/02\/b5-300x165.jpg 300w\" sizes=\"auto, (max-width: 736px) 100vw, 736px\" \/><\/p>\n<p><b>Arbeiten von unseren&nbsp;<\/b><b>Sch\u00fclern:<\/b><br \/>\n&nbsp;<br \/>\n<a title=\"\" href=\"https:\/\/pb.edu.pl\/mint\/wp-content\/uploads\/sites\/78\/2022\/03\/prezentacja_bialystok-1.pdf\">Bia\u0142ystok &#8211; die Pr\u00e4sentation<\/a><\/p>\n<p>&nbsp;<\/p>\n<div style=\"width: 480px;\" class=\"wp-video\"><video class=\"wp-video-shortcode\" id=\"video-1078-2\" width=\"480\" height=\"270\" preload=\"metadata\" controls=\"controls\"><source type=\"video\/mp4\" src=\"https:\/\/pb.edu.pl\/mint\/wp-content\/uploads\/sites\/78\/2022\/03\/film_podlaskie_eu.mp4?_=2\" \/><a href=\"https:\/\/pb.edu.pl\/mint\/wp-content\/uploads\/sites\/78\/2022\/03\/film_podlaskie_eu.mp4\">https:\/\/pb.edu.pl\/mint\/wp-content\/uploads\/sites\/78\/2022\/03\/film_podlaskie_eu.mp4<\/a><\/video><\/div>\n","protected":false},"excerpt":{"rendered":"<p>Source: UM Bia\u0142ystok Woiwodschaft Podlachien liegt im Norden von Polen. Die Hauptstadt der Region ist<\/p>\n","protected":false},"author":2,"featured_media":0,"parent":961,"menu_order":5,"comment_status":"closed","ping_status":"closed","template":"","meta":{"_acf_changed":false,"ngg_post_thumbnail":0,"footnotes":""},"class_list":["post-1078","page","type-page","status-publish","hentry"],"acf":[],"_links":{"self":[{"href":"https:\/\/pb.edu.pl\/mint\/wp-json\/wp\/v2\/pages\/1078","targetHints":{"allow":["GET"]}}],"collection":[{"href":"https:\/\/pb.edu.pl\/mint\/wp-json\/wp\/v2\/pages"}],"about":[{"href":"https:\/\/pb.edu.pl\/mint\/wp-json\/wp\/v2\/types\/page"}],"author":[{"embeddable":true,"href":"https:\/\/pb.edu.pl\/mint\/wp-json\/wp\/v2\/users\/2"}],"replies":[{"embeddable":true,"href":"https:\/\/pb.edu.pl\/mint\/wp-json\/wp\/v2\/comments?post=1078"}],"version-history":[{"count":0,"href":"https:\/\/pb.edu.pl\/mint\/wp-json\/wp\/v2\/pages\/1078\/revisions"}],"up":[{"embeddable":true,"href":"https:\/\/pb.edu.pl\/mint\/wp-json\/wp\/v2\/pages\/961"}],"wp:attachment":[{"href":"https:\/\/pb.edu.pl\/mint\/wp-json\/wp\/v2\/media?parent=1078"}],"curies":[{"name":"wp","href":"https:\/\/api.w.org\/{rel}","templated":true}]}}