{"id":1050,"date":"2022-02-21T23:55:56","date_gmt":"2022-02-21T22:55:56","guid":{"rendered":"https:\/\/pb.edu.pl\/mint\/?page_id=1050"},"modified":"2024-02-16T22:56:58","modified_gmt":"2024-02-16T21:56:58","slug":"elisabeth-gymnasium-halle","status":"publish","type":"page","link":"https:\/\/pb.edu.pl\/mint\/pl\/elisabeth-gymnasium-halle\/","title":{"rendered":"Elisabeth-Gymnasium Halle"},"content":{"rendered":"<div class=\"h3\"> Jak wygl\u0105da szko\u0142a w Niemczech? <\/div>\n<p>To pytanie towarzyszy\u0142o wszystkim polskim uczniom, kt\u00f3rzy pierwszy raz mieli mo\u017cliwo\u015b\u0107 pozna\u0107 niemiecki system szkolny oraz zasady jego dzia\u0142ania. Na szcz\u0119\u015bcie z pomoc\u0105 przyszli uczniowie Elisabeth-Gymnasium Halle (Salle), kt\u00f3rzy przygotowali ciekawe i zabawne prezentacje pokazuj\u0105ce ich szkoln\u0105 codzienno\u015b\u0107, kt\u00f3ra okaza\u0142a si\u0119 by\u0107 bardzo interesuj\u0105ca i zdecydowanie r\u00f3\u017cni\u0105ca od tej znanej nam z polskich szk\u00f3\u0142.<\/p>\nngg_shortcode_0_placeholder\n<div class=\"h3\"> Troch\u0119 wi\u0119cej o miasteczku <\/div>\n<p>Kolejnym pytaniem, kt\u00f3re nasuwa\u0142o si\u0119 na my\u015bl polskim uczniom by\u0142o \u017cycie w Halle, kt\u00f3re mimo \u017ce mniejsze od Bia\u0142egostoku o niemal jedn\u0105 trzeci\u0105 okaza\u0142o si\u0119 t\u0119tni\u0105ce \u017cyciem i przepe\u0142nione ciekawymi zak\u0105tkami oraz atrakcjami.<\/p>\nngg_shortcode_1_placeholder\n","protected":false},"excerpt":{"rendered":"<p>Jak wygl\u0105da szko\u0142a w Niemczech? To pytanie towarzyszy\u0142o wszystkim polskim uczniom, kt\u00f3rzy pierwszy raz mieli<\/p>\n","protected":false},"author":2,"featured_media":0,"parent":954,"menu_order":4,"comment_status":"closed","ping_status":"closed","template":"","meta":{"_acf_changed":false,"ngg_post_thumbnail":0,"footnotes":""},"class_list":["post-1050","page","type-page","status-publish","hentry"],"acf":[],"_links":{"self":[{"href":"https:\/\/pb.edu.pl\/mint\/wp-json\/wp\/v2\/pages\/1050","targetHints":{"allow":["GET"]}}],"collection":[{"href":"https:\/\/pb.edu.pl\/mint\/wp-json\/wp\/v2\/pages"}],"about":[{"href":"https:\/\/pb.edu.pl\/mint\/wp-json\/wp\/v2\/types\/page"}],"author":[{"embeddable":true,"href":"https:\/\/pb.edu.pl\/mint\/wp-json\/wp\/v2\/users\/2"}],"replies":[{"embeddable":true,"href":"https:\/\/pb.edu.pl\/mint\/wp-json\/wp\/v2\/comments?post=1050"}],"version-history":[{"count":0,"href":"https:\/\/pb.edu.pl\/mint\/wp-json\/wp\/v2\/pages\/1050\/revisions"}],"up":[{"embeddable":true,"href":"https:\/\/pb.edu.pl\/mint\/wp-json\/wp\/v2\/pages\/954"}],"wp:attachment":[{"href":"https:\/\/pb.edu.pl\/mint\/wp-json\/wp\/v2\/media?parent=1050"}],"curies":[{"name":"wp","href":"https:\/\/api.w.org\/{rel}","templated":true}]}}