{"id":45,"date":"2021-10-13T11:45:53","date_gmt":"2021-10-13T09:45:53","guid":{"rendered":"https:\/\/pb.edu.pl\/maturanek\/?page_id=45"},"modified":"2025-10-31T08:23:27","modified_gmt":"2025-10-31T07:23:27","slug":"patronaty","status":"publish","type":"page","link":"https:\/\/pb.edu.pl\/maturanek\/patronaty\/","title":{"rendered":"Patronaty"},"content":{"rendered":"<div class=\"h2\">Patronat Rektora Politechniki Bia\u0142ostockiej<\/div>\n<p><img loading=\"lazy\" decoding=\"async\" class=\"alignleft wp-image-578 size-medium\" src=\"https:\/\/pb.edu.pl\/maturanek\/wp-content\/uploads\/sites\/71\/2025\/10\/dr-hab-inz-Marta-Kosior-Kazberuk-prof-PB-fot-Maciej-Giedrojc-Juraha-PB-26.jpg\" alt=\"\" width=\"214\" height=\"300\"><\/p>\n<p><span style=\"font-size: 1.5rem\">\u201eMaturanek \u2013 poranek Maturzysty\u201d&nbsp; organizujemy w Politechnice Bia\u0142ostockiej z my\u015bl\u0105 o przysz\u0142ych Maturzystach. To wyj\u0105tkowe spotkanie, kt\u00f3re nasza Uczelnia tworzy wsp\u00f3lnie z ekspertami Okr\u0119gowej Komisji Egzaminacyjnej w \u0141om\u017cy. <\/span><\/p>\n<p><span style=\"font-size: 1.5rem\">Razem chcemy wspiera\u0107 m\u0142odzie\u017c w przygotowaniach do egzaminu dojrza\u0142o\u015bci. Jego dobry wynik to lepszy start w przysz\u0142o\u015b\u0107 oraz przepustka na wymarzone studia!<\/span><\/p>\n<p>Jestem przekonana, \u017ce udzia\u0142 w \u201eMaturanku\u201d przyniesie Uczniom wiele korzy\u015bci. Zach\u0119ci do nauki i powt\u00f3rzenia materia\u0142u, rozwieje ewentualne w\u0105tpliwo\u015bci dotycz\u0105ce przebiegu egzaminu. Serdecznie zapraszam do udzia\u0142u w wydarzeniu i studiowania w Politechnice Bia\u0142ostockiej.<\/p>\n<p style=\"text-align: right\">dr hab. in\u017c. Marta Kosior-Kazberuk, prof. PB<br \/>\nRektor Politechniki Bia\u0142ostockiej<\/p>\n<p class=\"clear-both\">&nbsp;<\/p>\n<p>&nbsp;<br \/>\n&nbsp;<\/p>\n<div class=\"h2 text-center\">Patronat honorowy<\/div>\n<div class=\"text-center\"><img loading=\"lazy\" decoding=\"async\" class=\"alignnone wp-image-580 size-medium\" style=\"vertical-align: middle\" src=\"https:\/\/pb.edu.pl\/maturanek\/wp-content\/uploads\/sites\/71\/2024\/10\/logo-Patronat-Rektor-PB-kolor-czarny-na-bialym-tle-1-300x144.jpg\" alt=\"\" width=\"300\" height=\"144\" srcset=\"https:\/\/pb.edu.pl\/maturanek\/wp-content\/uploads\/sites\/71\/2024\/10\/logo-Patronat-Rektor-PB-kolor-czarny-na-bialym-tle-1-300x144.jpg 300w, https:\/\/pb.edu.pl\/maturanek\/wp-content\/uploads\/sites\/71\/2024\/10\/logo-Patronat-Rektor-PB-kolor-czarny-na-bialym-tle-1-768x368.jpg 768w, https:\/\/pb.edu.pl\/maturanek\/wp-content\/uploads\/sites\/71\/2024\/10\/logo-Patronat-Rektor-PB-kolor-czarny-na-bialym-tle-1.jpg 840w\" sizes=\"auto, (max-width: 300px) 100vw, 300px\" \/> <img loading=\"lazy\" decoding=\"async\" class=\"size-full wp-image-195 alignnone\" style=\"vertical-align: middle\" src=\"https:\/\/pb.edu.pl\/maturanek\/wp-content\/uploads\/sites\/71\/2023\/10\/OKE_logo.jpg\" alt=\"\" width=\"215\" height=\"215\"> <img loading=\"lazy\" decoding=\"async\" class=\"size-full wp-image-194 alignnone\" style=\"vertical-align: middle\" src=\"https:\/\/pb.edu.pl\/maturanek\/wp-content\/uploads\/sites\/71\/2021\/10\/logo-kurator-oswiaty.png\" alt=\"\" width=\"215\" height=\"215\" srcset=\"https:\/\/pb.edu.pl\/maturanek\/wp-content\/uploads\/sites\/71\/2021\/10\/logo-kurator-oswiaty.png 215w, https:\/\/pb.edu.pl\/maturanek\/wp-content\/uploads\/sites\/71\/2021\/10\/logo-kurator-oswiaty-150x150.png 150w\" sizes=\"auto, (max-width: 215px) 100vw, 215px\" \/><\/div>\n<div class=\"h2 text-center\">Organizator<\/div>\n<div class=\"text-center\"><img loading=\"lazy\" decoding=\"async\" class=\"alignnone size-full wp-image-196\" style=\"vertical-align: middle\" src=\"https:\/\/pb.edu.pl\/maturanek\/wp-content\/uploads\/sites\/71\/2023\/10\/logo-pion-PB-PL-kolor-czarny-na-przezroczystym-tle.png\" alt=\"\" width=\"215\" height=\"215\"> <img loading=\"lazy\" decoding=\"async\" class=\"alignnone size-full wp-image-195\" style=\"vertical-align: middle\" src=\"https:\/\/pb.edu.pl\/maturanek\/wp-content\/uploads\/sites\/71\/2023\/10\/OKE_logo.jpg\" alt=\"\" width=\"215\" height=\"215\"> <img loading=\"lazy\" decoding=\"async\" class=\"alignnone size-full wp-image-197\" style=\"vertical-align: middle\" src=\"https:\/\/pb.edu.pl\/maturanek\/wp-content\/uploads\/sites\/71\/2025\/10\/logo-uproszczone-WI-PB-kolor-czarny-na-bialym-tle.jpg\" alt=\"\" width=\"215\" height=\"215\"><\/div>\n<div class=\"h2 text-center\">Patron medialny<\/div>\n<div>&nbsp;<\/div>\n<div>&nbsp;<\/div>\n<div><img loading=\"lazy\" decoding=\"async\" class=\"size-full wp-image-193 aligncenter\" src=\"https:\/\/pb.edu.pl\/maturanek\/wp-content\/uploads\/sites\/71\/2021\/10\/logo-akadera.png\" alt=\"\" width=\"215\" height=\"215\" srcset=\"https:\/\/pb.edu.pl\/maturanek\/wp-content\/uploads\/sites\/71\/2021\/10\/logo-akadera.png 215w, https:\/\/pb.edu.pl\/maturanek\/wp-content\/uploads\/sites\/71\/2021\/10\/logo-akadera-150x150.png 150w\" sizes=\"auto, (max-width: 215px) 100vw, 215px\" \/><img loading=\"lazy\" decoding=\"async\" class=\"wp-image-462 aligncenter\" src=\"https:\/\/pb.edu.pl\/maturanek\/wp-content\/uploads\/sites\/71\/2023\/10\/Polskie-Radio-Bialystok_logo.jpg\" alt=\"\" width=\"194\" height=\"121\" srcset=\"https:\/\/pb.edu.pl\/maturanek\/wp-content\/uploads\/sites\/71\/2023\/10\/Polskie-Radio-Bialystok_logo.jpg 800w, https:\/\/pb.edu.pl\/maturanek\/wp-content\/uploads\/sites\/71\/2023\/10\/Polskie-Radio-Bialystok_logo-300x188.jpg 300w, https:\/\/pb.edu.pl\/maturanek\/wp-content\/uploads\/sites\/71\/2023\/10\/Polskie-Radio-Bialystok_logo-768x480.jpg 768w, https:\/\/pb.edu.pl\/maturanek\/wp-content\/uploads\/sites\/71\/2023\/10\/Polskie-Radio-Bialystok_logo-480x300.jpg 480w\" sizes=\"auto, (max-width: 194px) 100vw, 194px\" \/><\/div>\n<p>&nbsp;<\/p>\n<div>&nbsp;<\/div>\n<p>&nbsp;<\/p>\n<p>&nbsp;<\/p>\n<p>&nbsp;<\/p>\n","protected":false},"excerpt":{"rendered":"<p>Patronat Rektora Politechniki Bia\u0142ostockiej \u201eMaturanek \u2013 poranek Maturzysty\u201d&nbsp; organizujemy w Politechnice Bia\u0142ostockiej z my\u015bl\u0105 o<\/p>\n","protected":false},"author":2,"featured_media":0,"parent":0,"menu_order":5,"comment_status":"closed","ping_status":"closed","template":"","meta":{"_acf_changed":false,"ngg_post_thumbnail":0,"footnotes":""},"class_list":["post-45","page","type-page","status-publish","hentry"],"acf":[],"yoast_head":"<!-- This site is optimized with the Yoast SEO plugin v27.0 - https:\/\/yoast.com\/product\/yoast-seo-wordpress\/ -->\n<title>Patronaty - #maturanekPB<\/title>\n<meta name=\"description\" content=\"Patronat Rektora Politechniki Bia\u0142ostockiej \u201eMaturanek \u2013 poranek Maturzysty\u201d&nbsp; organizujemy w Politechnice Bia\u0142ostockiej z my\u015bl\u0105 o przysz\u0142ych\" \/>\n<meta name=\"robots\" content=\"index, follow, max-snippet:-1, max-image-preview:large, max-video-preview:-1\" \/>\n<link rel=\"canonical\" href=\"https:\/\/pb.edu.pl\/maturanek\/patronaty\/\" \/>\n<meta property=\"og:locale\" content=\"pl_PL\" \/>\n<meta property=\"og:type\" content=\"article\" \/>\n<meta property=\"og:title\" content=\"Patronaty - #maturanekPB\" \/>\n<meta property=\"og:description\" content=\"Patronat Rektora Politechniki Bia\u0142ostockiej \u201eMaturanek \u2013 poranek Maturzysty\u201d&nbsp; organizujemy w Politechnice Bia\u0142ostockiej z my\u015bl\u0105 o przysz\u0142ych\" \/>\n<meta property=\"og:url\" content=\"https:\/\/pb.edu.pl\/maturanek\/patronaty\/\" \/>\n<meta property=\"og:site_name\" content=\"#maturanekPB\" \/>\n<meta property=\"article:modified_time\" content=\"2025-10-31T07:23:27+00:00\" \/>\n<meta property=\"og:image\" content=\"https:\/\/pb.edu.pl\/maturanek\/wp-content\/uploads\/sites\/71\/2025\/10\/dr-hab-inz-Marta-Kosior-Kazberuk-prof-PB-fot-Maciej-Giedrojc-Juraha-PB-26.jpg\" \/>\n<meta name=\"twitter:card\" content=\"summary_large_image\" \/>\n<meta name=\"twitter:label1\" content=\"Szacowany czas czytania\" \/>\n\t<meta name=\"twitter:data1\" content=\"1 minuta\" \/>\n<script type=\"application\/ld+json\" class=\"yoast-schema-graph\">{\"@context\":\"https:\/\/schema.org\",\"@graph\":[{\"@type\":\"WebPage\",\"@id\":\"https:\/\/pb.edu.pl\/maturanek\/patronaty\/\",\"url\":\"https:\/\/pb.edu.pl\/maturanek\/patronaty\/\",\"name\":\"Patronaty - #maturanekPB\",\"isPartOf\":{\"@id\":\"https:\/\/pb.edu.pl\/maturanek\/#website\"},\"primaryImageOfPage\":{\"@id\":\"https:\/\/pb.edu.pl\/maturanek\/patronaty\/#primaryimage\"},\"image\":{\"@id\":\"https:\/\/pb.edu.pl\/maturanek\/patronaty\/#primaryimage\"},\"thumbnailUrl\":\"https:\/\/pb.edu.pl\/maturanek\/wp-content\/uploads\/sites\/71\/2025\/10\/dr-hab-inz-Marta-Kosior-Kazberuk-prof-PB-fot-Maciej-Giedrojc-Juraha-PB-26.jpg\",\"datePublished\":\"2021-10-13T09:45:53+00:00\",\"dateModified\":\"2025-10-31T07:23:27+00:00\",\"description\":\"Patronat Rektora Politechniki Bia\u0142ostockiej \u201eMaturanek \u2013 poranek Maturzysty\u201d&nbsp; organizujemy w Politechnice Bia\u0142ostockiej z my\u015bl\u0105 o przysz\u0142ych\",\"breadcrumb\":{\"@id\":\"https:\/\/pb.edu.pl\/maturanek\/patronaty\/#breadcrumb\"},\"inLanguage\":\"pl-PL\",\"potentialAction\":[{\"@type\":\"ReadAction\",\"target\":[\"https:\/\/pb.edu.pl\/maturanek\/patronaty\/\"]}]},{\"@type\":\"ImageObject\",\"inLanguage\":\"pl-PL\",\"@id\":\"https:\/\/pb.edu.pl\/maturanek\/patronaty\/#primaryimage\",\"url\":\"https:\/\/pb.edu.pl\/maturanek\/wp-content\/uploads\/sites\/71\/2024\/10\/dr-hab-inz-Marta-Kosior-Kazberuk-prof-PB-fot-Maciej-Giedrojc-Juraha-PB-1m.jpg\",\"contentUrl\":\"https:\/\/pb.edu.pl\/maturanek\/wp-content\/uploads\/sites\/71\/2024\/10\/dr-hab-inz-Marta-Kosior-Kazberuk-prof-PB-fot-Maciej-Giedrojc-Juraha-PB-1m.jpg\",\"width\":855,\"height\":1200},{\"@type\":\"BreadcrumbList\",\"@id\":\"https:\/\/pb.edu.pl\/maturanek\/patronaty\/#breadcrumb\",\"itemListElement\":[{\"@type\":\"ListItem\",\"position\":1,\"name\":\"Strona g\u0142\u00f3wna\",\"item\":\"https:\/\/pb.edu.pl\/maturanek\/\"},{\"@type\":\"ListItem\",\"position\":2,\"name\":\"Patronaty\"}]},{\"@type\":\"WebSite\",\"@id\":\"https:\/\/pb.edu.pl\/maturanek\/#website\",\"url\":\"https:\/\/pb.edu.pl\/maturanek\/\",\"name\":\"#maturanekPB\",\"description\":\"\",\"potentialAction\":[{\"@type\":\"SearchAction\",\"target\":{\"@type\":\"EntryPoint\",\"urlTemplate\":\"https:\/\/pb.edu.pl\/maturanek\/?s={search_term_string}\"},\"query-input\":{\"@type\":\"PropertyValueSpecification\",\"valueRequired\":true,\"valueName\":\"search_term_string\"}}],\"inLanguage\":\"pl-PL\"}]}<\/script>\n<!-- \/ Yoast SEO plugin. -->","yoast_head_json":{"title":"Patronaty - #maturanekPB","description":"Patronat Rektora Politechniki Bia\u0142ostockiej \u201eMaturanek \u2013 poranek Maturzysty\u201d&nbsp; organizujemy w Politechnice Bia\u0142ostockiej z my\u015bl\u0105 o przysz\u0142ych","robots":{"index":"index","follow":"follow","max-snippet":"max-snippet:-1","max-image-preview":"max-image-preview:large","max-video-preview":"max-video-preview:-1"},"canonical":"https:\/\/pb.edu.pl\/maturanek\/patronaty\/","og_locale":"pl_PL","og_type":"article","og_title":"Patronaty - #maturanekPB","og_description":"Patronat Rektora Politechniki Bia\u0142ostockiej \u201eMaturanek \u2013 poranek Maturzysty\u201d&nbsp; organizujemy w Politechnice Bia\u0142ostockiej z my\u015bl\u0105 o przysz\u0142ych","og_url":"https:\/\/pb.edu.pl\/maturanek\/patronaty\/","og_site_name":"#maturanekPB","article_modified_time":"2025-10-31T07:23:27+00:00","og_image":[{"url":"https:\/\/pb.edu.pl\/maturanek\/wp-content\/uploads\/sites\/71\/2025\/10\/dr-hab-inz-Marta-Kosior-Kazberuk-prof-PB-fot-Maciej-Giedrojc-Juraha-PB-26.jpg","type":"","width":"","height":""}],"twitter_card":"summary_large_image","twitter_misc":{"Szacowany czas czytania":"1 minuta"},"schema":{"@context":"https:\/\/schema.org","@graph":[{"@type":"WebPage","@id":"https:\/\/pb.edu.pl\/maturanek\/patronaty\/","url":"https:\/\/pb.edu.pl\/maturanek\/patronaty\/","name":"Patronaty - #maturanekPB","isPartOf":{"@id":"https:\/\/pb.edu.pl\/maturanek\/#website"},"primaryImageOfPage":{"@id":"https:\/\/pb.edu.pl\/maturanek\/patronaty\/#primaryimage"},"image":{"@id":"https:\/\/pb.edu.pl\/maturanek\/patronaty\/#primaryimage"},"thumbnailUrl":"https:\/\/pb.edu.pl\/maturanek\/wp-content\/uploads\/sites\/71\/2025\/10\/dr-hab-inz-Marta-Kosior-Kazberuk-prof-PB-fot-Maciej-Giedrojc-Juraha-PB-26.jpg","datePublished":"2021-10-13T09:45:53+00:00","dateModified":"2025-10-31T07:23:27+00:00","description":"Patronat Rektora Politechniki Bia\u0142ostockiej \u201eMaturanek \u2013 poranek Maturzysty\u201d&nbsp; organizujemy w Politechnice Bia\u0142ostockiej z my\u015bl\u0105 o przysz\u0142ych","breadcrumb":{"@id":"https:\/\/pb.edu.pl\/maturanek\/patronaty\/#breadcrumb"},"inLanguage":"pl-PL","potentialAction":[{"@type":"ReadAction","target":["https:\/\/pb.edu.pl\/maturanek\/patronaty\/"]}]},{"@type":"ImageObject","inLanguage":"pl-PL","@id":"https:\/\/pb.edu.pl\/maturanek\/patronaty\/#primaryimage","url":"https:\/\/pb.edu.pl\/maturanek\/wp-content\/uploads\/sites\/71\/2024\/10\/dr-hab-inz-Marta-Kosior-Kazberuk-prof-PB-fot-Maciej-Giedrojc-Juraha-PB-1m.jpg","contentUrl":"https:\/\/pb.edu.pl\/maturanek\/wp-content\/uploads\/sites\/71\/2024\/10\/dr-hab-inz-Marta-Kosior-Kazberuk-prof-PB-fot-Maciej-Giedrojc-Juraha-PB-1m.jpg","width":855,"height":1200},{"@type":"BreadcrumbList","@id":"https:\/\/pb.edu.pl\/maturanek\/patronaty\/#breadcrumb","itemListElement":[{"@type":"ListItem","position":1,"name":"Strona g\u0142\u00f3wna","item":"https:\/\/pb.edu.pl\/maturanek\/"},{"@type":"ListItem","position":2,"name":"Patronaty"}]},{"@type":"WebSite","@id":"https:\/\/pb.edu.pl\/maturanek\/#website","url":"https:\/\/pb.edu.pl\/maturanek\/","name":"#maturanekPB","description":"","potentialAction":[{"@type":"SearchAction","target":{"@type":"EntryPoint","urlTemplate":"https:\/\/pb.edu.pl\/maturanek\/?s={search_term_string}"},"query-input":{"@type":"PropertyValueSpecification","valueRequired":true,"valueName":"search_term_string"}}],"inLanguage":"pl-PL"}]}},"_links":{"self":[{"href":"https:\/\/pb.edu.pl\/maturanek\/wp-json\/wp\/v2\/pages\/45","targetHints":{"allow":["GET"]}}],"collection":[{"href":"https:\/\/pb.edu.pl\/maturanek\/wp-json\/wp\/v2\/pages"}],"about":[{"href":"https:\/\/pb.edu.pl\/maturanek\/wp-json\/wp\/v2\/types\/page"}],"author":[{"embeddable":true,"href":"https:\/\/pb.edu.pl\/maturanek\/wp-json\/wp\/v2\/users\/2"}],"replies":[{"embeddable":true,"href":"https:\/\/pb.edu.pl\/maturanek\/wp-json\/wp\/v2\/comments?post=45"}],"version-history":[{"count":0,"href":"https:\/\/pb.edu.pl\/maturanek\/wp-json\/wp\/v2\/pages\/45\/revisions"}],"wp:attachment":[{"href":"https:\/\/pb.edu.pl\/maturanek\/wp-json\/wp\/v2\/media?parent=45"}],"curies":[{"name":"wp","href":"https:\/\/api.w.org\/{rel}","templated":true}]}}