{"id":308,"date":"2021-11-12T16:30:32","date_gmt":"2021-11-12T15:30:32","guid":{"rendered":"https:\/\/pb.edu.pl\/maturanek\/?page_id=308"},"modified":"2021-11-14T21:32:45","modified_gmt":"2021-11-14T20:32:45","slug":"zapisy","status":"publish","type":"page","link":"https:\/\/pb.edu.pl\/maturanek\/zapisy\/","title":{"rendered":"Zapisy na Maturanek"},"content":{"rendered":"<p>&nbsp;<\/p>\n<div class=\"row\">\n<div class=\"col-md-6 image\"><a href=\"\/maturanek\/zapisy\/zgloszenie-indywidualne\/\"><img loading=\"lazy\" decoding=\"async\" class=\"aligncenter wp-image-225 size-full\" src=\"https:\/\/pb.edu.pl\/maturanek\/wp-content\/uploads\/sites\/71\/2021\/10\/zgloszenie_indywidualne-1.jpg\" alt=\"\" width=\"1140\" height=\"600\" srcset=\"https:\/\/pb.edu.pl\/maturanek\/wp-content\/uploads\/sites\/71\/2021\/10\/zgloszenie_indywidualne-1.jpg 1140w, https:\/\/pb.edu.pl\/maturanek\/wp-content\/uploads\/sites\/71\/2021\/10\/zgloszenie_indywidualne-1-300x158.jpg 300w, https:\/\/pb.edu.pl\/maturanek\/wp-content\/uploads\/sites\/71\/2021\/10\/zgloszenie_indywidualne-1-1024x539.jpg 1024w, https:\/\/pb.edu.pl\/maturanek\/wp-content\/uploads\/sites\/71\/2021\/10\/zgloszenie_indywidualne-1-768x404.jpg 768w\" sizes=\"auto, (max-width: 1140px) 100vw, 1140px\" \/><\/a><\/div>\n<div class=\"col-md-6 image\"><a href=\"\/maturanek\/zapisy\/zgloszenie-szkoly\/\"><img loading=\"lazy\" decoding=\"async\" class=\"aligncenter wp-image-224 size-full\" src=\"https:\/\/pb.edu.pl\/maturanek\/wp-content\/uploads\/sites\/71\/2021\/10\/box_grupa_zorganizowana-3.jpg\" alt=\"\" width=\"1140\" height=\"600\" srcset=\"https:\/\/pb.edu.pl\/maturanek\/wp-content\/uploads\/sites\/71\/2021\/10\/box_grupa_zorganizowana-3.jpg 1140w, https:\/\/pb.edu.pl\/maturanek\/wp-content\/uploads\/sites\/71\/2021\/10\/box_grupa_zorganizowana-3-300x158.jpg 300w, https:\/\/pb.edu.pl\/maturanek\/wp-content\/uploads\/sites\/71\/2021\/10\/box_grupa_zorganizowana-3-1024x539.jpg 1024w, https:\/\/pb.edu.pl\/maturanek\/wp-content\/uploads\/sites\/71\/2021\/10\/box_grupa_zorganizowana-3-768x404.jpg 768w\" sizes=\"auto, (max-width: 1140px) 100vw, 1140px\" \/><\/a><\/div>\n<\/div>\n","protected":false},"excerpt":{"rendered":"<p>&nbsp;<\/p>\n","protected":false},"author":2,"featured_media":0,"parent":0,"menu_order":4,"comment_status":"closed","ping_status":"closed","template":"","meta":{"_acf_changed":false,"ngg_post_thumbnail":0,"footnotes":""},"class_list":["post-308","page","type-page","status-publish","hentry"],"acf":[],"yoast_head":"<!-- This site is optimized with the Yoast SEO plugin v27.0 - https:\/\/yoast.com\/product\/yoast-seo-wordpress\/ -->\n<title>Zapisy na Maturanek - #maturanekPB<\/title>\n<meta name=\"description\" content=\"Zg\u0142oszenia indywidualne oraz zg\u0142oszenia szk\u00f3\u0142\" \/>\n<meta name=\"robots\" content=\"index, follow, max-snippet:-1, max-image-preview:large, max-video-preview:-1\" \/>\n<link rel=\"canonical\" href=\"https:\/\/pb.edu.pl\/maturanek\/zapisy\/\" \/>\n<meta property=\"og:locale\" content=\"pl_PL\" \/>\n<meta property=\"og:type\" content=\"article\" \/>\n<meta property=\"og:title\" content=\"Zapisy na Maturanek - #maturanekPB\" \/>\n<meta property=\"og:description\" content=\"Zg\u0142oszenia indywidualne oraz zg\u0142oszenia szk\u00f3\u0142\" \/>\n<meta property=\"og:url\" content=\"https:\/\/pb.edu.pl\/maturanek\/zapisy\/\" \/>\n<meta property=\"og:site_name\" content=\"#maturanekPB\" \/>\n<meta property=\"article:modified_time\" content=\"2021-11-14T20:32:45+00:00\" \/>\n<meta property=\"og:image\" content=\"https:\/\/pb.edu.pl\/maturanek\/wp-content\/uploads\/sites\/71\/2021\/10\/zgloszenie_indywidualne-1.jpg\" \/>\n<meta name=\"twitter:card\" content=\"summary_large_image\" \/>\n<script type=\"application\/ld+json\" class=\"yoast-schema-graph\">{\"@context\":\"https:\/\/schema.org\",\"@graph\":[{\"@type\":\"WebPage\",\"@id\":\"https:\/\/pb.edu.pl\/maturanek\/zapisy\/\",\"url\":\"https:\/\/pb.edu.pl\/maturanek\/zapisy\/\",\"name\":\"Zapisy na Maturanek - #maturanekPB\",\"isPartOf\":{\"@id\":\"https:\/\/pb.edu.pl\/maturanek\/#website\"},\"primaryImageOfPage\":{\"@id\":\"https:\/\/pb.edu.pl\/maturanek\/zapisy\/#primaryimage\"},\"image\":{\"@id\":\"https:\/\/pb.edu.pl\/maturanek\/zapisy\/#primaryimage\"},\"thumbnailUrl\":\"https:\/\/pb.edu.pl\/maturanek\/wp-content\/uploads\/sites\/71\/2021\/10\/zgloszenie_indywidualne-1.jpg\",\"datePublished\":\"2021-11-12T15:30:32+00:00\",\"dateModified\":\"2021-11-14T20:32:45+00:00\",\"description\":\"Zg\u0142oszenia indywidualne oraz zg\u0142oszenia szk\u00f3\u0142\",\"breadcrumb\":{\"@id\":\"https:\/\/pb.edu.pl\/maturanek\/zapisy\/#breadcrumb\"},\"inLanguage\":\"pl-PL\",\"potentialAction\":[{\"@type\":\"ReadAction\",\"target\":[\"https:\/\/pb.edu.pl\/maturanek\/zapisy\/\"]}]},{\"@type\":\"ImageObject\",\"inLanguage\":\"pl-PL\",\"@id\":\"https:\/\/pb.edu.pl\/maturanek\/zapisy\/#primaryimage\",\"url\":\"https:\/\/pb.edu.pl\/maturanek\/wp-content\/uploads\/sites\/71\/2021\/10\/zgloszenie_indywidualne-1.jpg\",\"contentUrl\":\"https:\/\/pb.edu.pl\/maturanek\/wp-content\/uploads\/sites\/71\/2021\/10\/zgloszenie_indywidualne-1.jpg\",\"width\":1140,\"height\":600},{\"@type\":\"BreadcrumbList\",\"@id\":\"https:\/\/pb.edu.pl\/maturanek\/zapisy\/#breadcrumb\",\"itemListElement\":[{\"@type\":\"ListItem\",\"position\":1,\"name\":\"Strona g\u0142\u00f3wna\",\"item\":\"https:\/\/pb.edu.pl\/maturanek\/\"},{\"@type\":\"ListItem\",\"position\":2,\"name\":\"Zapisy na Maturanek\"}]},{\"@type\":\"WebSite\",\"@id\":\"https:\/\/pb.edu.pl\/maturanek\/#website\",\"url\":\"https:\/\/pb.edu.pl\/maturanek\/\",\"name\":\"#maturanekPB\",\"description\":\"\",\"potentialAction\":[{\"@type\":\"SearchAction\",\"target\":{\"@type\":\"EntryPoint\",\"urlTemplate\":\"https:\/\/pb.edu.pl\/maturanek\/?s={search_term_string}\"},\"query-input\":{\"@type\":\"PropertyValueSpecification\",\"valueRequired\":true,\"valueName\":\"search_term_string\"}}],\"inLanguage\":\"pl-PL\"}]}<\/script>\n<!-- \/ Yoast SEO plugin. -->","yoast_head_json":{"title":"Zapisy na Maturanek - #maturanekPB","description":"Zg\u0142oszenia indywidualne oraz zg\u0142oszenia szk\u00f3\u0142","robots":{"index":"index","follow":"follow","max-snippet":"max-snippet:-1","max-image-preview":"max-image-preview:large","max-video-preview":"max-video-preview:-1"},"canonical":"https:\/\/pb.edu.pl\/maturanek\/zapisy\/","og_locale":"pl_PL","og_type":"article","og_title":"Zapisy na Maturanek - #maturanekPB","og_description":"Zg\u0142oszenia indywidualne oraz zg\u0142oszenia szk\u00f3\u0142","og_url":"https:\/\/pb.edu.pl\/maturanek\/zapisy\/","og_site_name":"#maturanekPB","article_modified_time":"2021-11-14T20:32:45+00:00","og_image":[{"url":"https:\/\/pb.edu.pl\/maturanek\/wp-content\/uploads\/sites\/71\/2021\/10\/zgloszenie_indywidualne-1.jpg","type":"","width":"","height":""}],"twitter_card":"summary_large_image","schema":{"@context":"https:\/\/schema.org","@graph":[{"@type":"WebPage","@id":"https:\/\/pb.edu.pl\/maturanek\/zapisy\/","url":"https:\/\/pb.edu.pl\/maturanek\/zapisy\/","name":"Zapisy na Maturanek - #maturanekPB","isPartOf":{"@id":"https:\/\/pb.edu.pl\/maturanek\/#website"},"primaryImageOfPage":{"@id":"https:\/\/pb.edu.pl\/maturanek\/zapisy\/#primaryimage"},"image":{"@id":"https:\/\/pb.edu.pl\/maturanek\/zapisy\/#primaryimage"},"thumbnailUrl":"https:\/\/pb.edu.pl\/maturanek\/wp-content\/uploads\/sites\/71\/2021\/10\/zgloszenie_indywidualne-1.jpg","datePublished":"2021-11-12T15:30:32+00:00","dateModified":"2021-11-14T20:32:45+00:00","description":"Zg\u0142oszenia indywidualne oraz zg\u0142oszenia szk\u00f3\u0142","breadcrumb":{"@id":"https:\/\/pb.edu.pl\/maturanek\/zapisy\/#breadcrumb"},"inLanguage":"pl-PL","potentialAction":[{"@type":"ReadAction","target":["https:\/\/pb.edu.pl\/maturanek\/zapisy\/"]}]},{"@type":"ImageObject","inLanguage":"pl-PL","@id":"https:\/\/pb.edu.pl\/maturanek\/zapisy\/#primaryimage","url":"https:\/\/pb.edu.pl\/maturanek\/wp-content\/uploads\/sites\/71\/2021\/10\/zgloszenie_indywidualne-1.jpg","contentUrl":"https:\/\/pb.edu.pl\/maturanek\/wp-content\/uploads\/sites\/71\/2021\/10\/zgloszenie_indywidualne-1.jpg","width":1140,"height":600},{"@type":"BreadcrumbList","@id":"https:\/\/pb.edu.pl\/maturanek\/zapisy\/#breadcrumb","itemListElement":[{"@type":"ListItem","position":1,"name":"Strona g\u0142\u00f3wna","item":"https:\/\/pb.edu.pl\/maturanek\/"},{"@type":"ListItem","position":2,"name":"Zapisy na Maturanek"}]},{"@type":"WebSite","@id":"https:\/\/pb.edu.pl\/maturanek\/#website","url":"https:\/\/pb.edu.pl\/maturanek\/","name":"#maturanekPB","description":"","potentialAction":[{"@type":"SearchAction","target":{"@type":"EntryPoint","urlTemplate":"https:\/\/pb.edu.pl\/maturanek\/?s={search_term_string}"},"query-input":{"@type":"PropertyValueSpecification","valueRequired":true,"valueName":"search_term_string"}}],"inLanguage":"pl-PL"}]}},"_links":{"self":[{"href":"https:\/\/pb.edu.pl\/maturanek\/wp-json\/wp\/v2\/pages\/308","targetHints":{"allow":["GET"]}}],"collection":[{"href":"https:\/\/pb.edu.pl\/maturanek\/wp-json\/wp\/v2\/pages"}],"about":[{"href":"https:\/\/pb.edu.pl\/maturanek\/wp-json\/wp\/v2\/types\/page"}],"author":[{"embeddable":true,"href":"https:\/\/pb.edu.pl\/maturanek\/wp-json\/wp\/v2\/users\/2"}],"replies":[{"embeddable":true,"href":"https:\/\/pb.edu.pl\/maturanek\/wp-json\/wp\/v2\/comments?post=308"}],"version-history":[{"count":0,"href":"https:\/\/pb.edu.pl\/maturanek\/wp-json\/wp\/v2\/pages\/308\/revisions"}],"wp:attachment":[{"href":"https:\/\/pb.edu.pl\/maturanek\/wp-json\/wp\/v2\/media?parent=308"}],"curies":[{"name":"wp","href":"https:\/\/api.w.org\/{rel}","templated":true}]}}