{"id":5699,"date":"2021-03-04T14:25:27","date_gmt":"2021-03-04T13:25:27","guid":{"rendered":"https:\/\/pb.edu.pl\/liceum-ogolnoksztalcace\/?page_id=5699"},"modified":"2025-11-12T09:53:40","modified_gmt":"2025-11-12T08:53:40","slug":"zarzad-su","status":"publish","type":"page","link":"https:\/\/pb.edu.pl\/liceum-ogolnoksztalcace\/samorzad-uczniowski\/zarzad-su\/","title":{"rendered":"Zarz\u0105d SU"},"content":{"rendered":"<p><strong>Przewodnicz\u0105cy: Tobiasz \u017bukowski<\/strong><\/p>\n<p>Wiceprzewodnicz\u0105cy: Jakub Dudzi\u0144ski<\/p>\n<p>Wiceprzewodnicz\u0105ca: Magdalena Kaczanowska<\/p>\n","protected":false},"excerpt":{"rendered":"<p>Przewodnicz\u0105cy: Tobiasz \u017bukowski Wiceprzewodnicz\u0105cy: Jakub Dudzi\u0144ski Wiceprzewodnicz\u0105ca: Magdalena Kaczanowska<\/p>\n","protected":false},"author":42,"featured_media":0,"parent":5703,"menu_order":1,"comment_status":"closed","ping_status":"closed","template":"","meta":{"_acf_changed":false,"ngg_post_thumbnail":0,"footnotes":""},"class_list":["post-5699","page","type-page","status-publish","hentry"],"acf":[],"yoast_head":"<!-- This site is optimized with the Yoast SEO plugin v27.0 - https:\/\/yoast.com\/product\/yoast-seo-wordpress\/ -->\n<title>Akademickie Liceum Og\u00f3lnokszta\u0142c\u0105ce Politechniki Bia\u0142ostockiej - Zarz\u0105d SU<\/title>\n<meta name=\"description\" content=\"Przewodnicz\u0105cy: Tobiasz \u017bukowski  Wiceprzewodnicz\u0105cy: Jakub Dudzi\u0144ski  Wiceprzewodnicz\u0105ca: Magdalena Kaczanowska\" \/>\n<meta name=\"robots\" content=\"index, follow, max-snippet:-1, max-image-preview:large, max-video-preview:-1\" \/>\n<link rel=\"canonical\" href=\"https:\/\/pb.edu.pl\/liceum-ogolnoksztalcace\/samorzad-uczniowski\/zarzad-su\/\" \/>\n<meta name=\"twitter:label1\" content=\"Szacowany czas czytania\" \/>\n\t<meta name=\"twitter:data1\" content=\"1 minuta\" \/>\n<script type=\"application\/ld+json\" class=\"yoast-schema-graph\">{\"@context\":\"https:\/\/schema.org\",\"@graph\":[{\"@type\":\"WebPage\",\"@id\":\"https:\/\/pb.edu.pl\/liceum-ogolnoksztalcace\/samorzad-uczniowski\/zarzad-su\/\",\"url\":\"https:\/\/pb.edu.pl\/liceum-ogolnoksztalcace\/samorzad-uczniowski\/zarzad-su\/\",\"name\":\"Akademickie Liceum Og\u00f3lnokszta\u0142c\u0105ce Politechniki Bia\u0142ostockiej - Zarz\u0105d SU\",\"isPartOf\":{\"@id\":\"https:\/\/pb.edu.pl\/liceum-ogolnoksztalcace\/#website\"},\"datePublished\":\"2021-03-04T13:25:27+00:00\",\"dateModified\":\"2025-11-12T08:53:40+00:00\",\"description\":\"Przewodnicz\u0105cy: Tobiasz \u017bukowski Wiceprzewodnicz\u0105cy: Jakub Dudzi\u0144ski Wiceprzewodnicz\u0105ca: Magdalena Kaczanowska\",\"breadcrumb\":{\"@id\":\"https:\/\/pb.edu.pl\/liceum-ogolnoksztalcace\/samorzad-uczniowski\/zarzad-su\/#breadcrumb\"},\"inLanguage\":\"pl-PL\",\"potentialAction\":[{\"@type\":\"ReadAction\",\"target\":[\"https:\/\/pb.edu.pl\/liceum-ogolnoksztalcace\/samorzad-uczniowski\/zarzad-su\/\"]}]},{\"@type\":\"BreadcrumbList\",\"@id\":\"https:\/\/pb.edu.pl\/liceum-ogolnoksztalcace\/samorzad-uczniowski\/zarzad-su\/#breadcrumb\",\"itemListElement\":[{\"@type\":\"ListItem\",\"position\":1,\"name\":\"Home\",\"item\":\"https:\/\/pb.edu.pl\/liceum-ogolnoksztalcace\/\"},{\"@type\":\"ListItem\",\"position\":2,\"name\":\"Samorz\u0105d Uczniowski (SU)\",\"item\":\"https:\/\/pb.edu.pl\/liceum-ogolnoksztalcace\/samorzad-uczniowski\/\"},{\"@type\":\"ListItem\",\"position\":3,\"name\":\"Zarz\u0105d SU\"}]},{\"@type\":\"WebSite\",\"@id\":\"https:\/\/pb.edu.pl\/liceum-ogolnoksztalcace\/#website\",\"url\":\"https:\/\/pb.edu.pl\/liceum-ogolnoksztalcace\/\",\"name\":\"Akademickie Liceum Og\u00f3lnokszta\u0142c\u0105ce Politechniki Bia\u0142ostockiej\",\"description\":\"\",\"potentialAction\":[{\"@type\":\"SearchAction\",\"target\":{\"@type\":\"EntryPoint\",\"urlTemplate\":\"https:\/\/pb.edu.pl\/liceum-ogolnoksztalcace\/?s={search_term_string}\"},\"query-input\":{\"@type\":\"PropertyValueSpecification\",\"valueRequired\":true,\"valueName\":\"search_term_string\"}}],\"inLanguage\":\"pl-PL\"}]}<\/script>\n<!-- \/ Yoast SEO plugin. -->","yoast_head_json":{"title":"Akademickie Liceum Og\u00f3lnokszta\u0142c\u0105ce Politechniki Bia\u0142ostockiej - Zarz\u0105d SU","description":"Przewodnicz\u0105cy: Tobiasz \u017bukowski  Wiceprzewodnicz\u0105cy: Jakub Dudzi\u0144ski  Wiceprzewodnicz\u0105ca: Magdalena Kaczanowska","robots":{"index":"index","follow":"follow","max-snippet":"max-snippet:-1","max-image-preview":"max-image-preview:large","max-video-preview":"max-video-preview:-1"},"canonical":"https:\/\/pb.edu.pl\/liceum-ogolnoksztalcace\/samorzad-uczniowski\/zarzad-su\/","twitter_misc":{"Szacowany czas czytania":"1 minuta"},"schema":{"@context":"https:\/\/schema.org","@graph":[{"@type":"WebPage","@id":"https:\/\/pb.edu.pl\/liceum-ogolnoksztalcace\/samorzad-uczniowski\/zarzad-su\/","url":"https:\/\/pb.edu.pl\/liceum-ogolnoksztalcace\/samorzad-uczniowski\/zarzad-su\/","name":"Akademickie Liceum Og\u00f3lnokszta\u0142c\u0105ce Politechniki Bia\u0142ostockiej - Zarz\u0105d SU","isPartOf":{"@id":"https:\/\/pb.edu.pl\/liceum-ogolnoksztalcace\/#website"},"datePublished":"2021-03-04T13:25:27+00:00","dateModified":"2025-11-12T08:53:40+00:00","description":"Przewodnicz\u0105cy: Tobiasz \u017bukowski Wiceprzewodnicz\u0105cy: Jakub Dudzi\u0144ski Wiceprzewodnicz\u0105ca: Magdalena Kaczanowska","breadcrumb":{"@id":"https:\/\/pb.edu.pl\/liceum-ogolnoksztalcace\/samorzad-uczniowski\/zarzad-su\/#breadcrumb"},"inLanguage":"pl-PL","potentialAction":[{"@type":"ReadAction","target":["https:\/\/pb.edu.pl\/liceum-ogolnoksztalcace\/samorzad-uczniowski\/zarzad-su\/"]}]},{"@type":"BreadcrumbList","@id":"https:\/\/pb.edu.pl\/liceum-ogolnoksztalcace\/samorzad-uczniowski\/zarzad-su\/#breadcrumb","itemListElement":[{"@type":"ListItem","position":1,"name":"Home","item":"https:\/\/pb.edu.pl\/liceum-ogolnoksztalcace\/"},{"@type":"ListItem","position":2,"name":"Samorz\u0105d Uczniowski (SU)","item":"https:\/\/pb.edu.pl\/liceum-ogolnoksztalcace\/samorzad-uczniowski\/"},{"@type":"ListItem","position":3,"name":"Zarz\u0105d SU"}]},{"@type":"WebSite","@id":"https:\/\/pb.edu.pl\/liceum-ogolnoksztalcace\/#website","url":"https:\/\/pb.edu.pl\/liceum-ogolnoksztalcace\/","name":"Akademickie Liceum Og\u00f3lnokszta\u0142c\u0105ce Politechniki Bia\u0142ostockiej","description":"","potentialAction":[{"@type":"SearchAction","target":{"@type":"EntryPoint","urlTemplate":"https:\/\/pb.edu.pl\/liceum-ogolnoksztalcace\/?s={search_term_string}"},"query-input":{"@type":"PropertyValueSpecification","valueRequired":true,"valueName":"search_term_string"}}],"inLanguage":"pl-PL"}]}},"_links":{"self":[{"href":"https:\/\/pb.edu.pl\/liceum-ogolnoksztalcace\/wp-json\/wp\/v2\/pages\/5699","targetHints":{"allow":["GET"]}}],"collection":[{"href":"https:\/\/pb.edu.pl\/liceum-ogolnoksztalcace\/wp-json\/wp\/v2\/pages"}],"about":[{"href":"https:\/\/pb.edu.pl\/liceum-ogolnoksztalcace\/wp-json\/wp\/v2\/types\/page"}],"author":[{"embeddable":true,"href":"https:\/\/pb.edu.pl\/liceum-ogolnoksztalcace\/wp-json\/wp\/v2\/users\/42"}],"replies":[{"embeddable":true,"href":"https:\/\/pb.edu.pl\/liceum-ogolnoksztalcace\/wp-json\/wp\/v2\/comments?post=5699"}],"version-history":[{"count":0,"href":"https:\/\/pb.edu.pl\/liceum-ogolnoksztalcace\/wp-json\/wp\/v2\/pages\/5699\/revisions"}],"up":[{"embeddable":true,"href":"https:\/\/pb.edu.pl\/liceum-ogolnoksztalcace\/wp-json\/wp\/v2\/pages\/5703"}],"wp:attachment":[{"href":"https:\/\/pb.edu.pl\/liceum-ogolnoksztalcace\/wp-json\/wp\/v2\/media?parent=5699"}],"curies":[{"name":"wp","href":"https:\/\/api.w.org\/{rel}","templated":true}]}}