{"id":5196,"date":"2020-10-07T17:59:09","date_gmt":"2020-10-07T15:59:09","guid":{"rendered":"https:\/\/pb.edu.pl\/liceum-ogolnoksztalcace\/?page_id=5196"},"modified":"2022-10-02T14:22:08","modified_gmt":"2022-10-02T12:22:08","slug":"minisumo","status":"publish","type":"page","link":"https:\/\/pb.edu.pl\/liceum-ogolnoksztalcace\/dla-ucznia\/zajecia-projektowe\/robotyka\/minisumo\/","title":{"rendered":"MiniSumo"},"content":{"rendered":"<table style=\"width: 100%;border-collapse: collapse;background-color: #397526;height: 35px\" cellspacing=\"5\" border=\"2\">\n<tbody>\n<tr style=\"height: 35px\">\n<td style=\"width: 23.8611%;text-align: center;height: 35px\"><a href=\"https:\/\/pb.edu.pl\/liceum-ogolnoksztalcace\/dla-ucznia\/zajecia-dodatkowe\/robotyka\/\"><span style=\"font-size: 18pt\"><strong>O NAS<\/strong><\/span><\/a><\/td>\n<td style=\"width: 26.1389%;text-align: center;height: 35px\"><a title=\"Robotyka \u2013 projekty\" href=\"https:\/\/pb.edu.pl\/liceum-ogolnoksztalcace\/dla-ucznia\/zajecia-dodatkowe\/robotyka\/robotyka-projekty\/\"><span style=\"font-size: 18pt\"><strong>PROJEKTY<\/strong><\/span><\/a><\/td>\n<td style=\"width: 23.8385%;text-align: center\"><span style=\"font-size: 18pt\"><strong><a href=\"https:\/\/pb.edu.pl\/liceum-ogolnoksztalcace\/dla-ucznia\/zajecia-dodatkowe\/robotyka\/explory\/\">E(x)plory<\/a><br \/>\n<\/strong><\/span><\/td>\n<td style=\"width: 26.1614%;text-align: center;height: 35px\"><a title=\"MiniSumo\" href=\"https:\/\/pb.edu.pl\/liceum-ogolnoksztalcace\/dla-ucznia\/zajecia-dodatkowe\/robotyka\/minisumo\/\"><span style=\"font-size: 18pt\"><strong>MINISUMO<\/strong><\/span><\/a><\/td>\n<\/tr>\n<\/tbody>\n<\/table>\n<p>&nbsp;<\/p>\n<table style=\"width: 100%;border-collapse: collapse;height: 523px\" cellspacing=\"20\" cellpadding=\"2\">\n<tbody>\n<tr style=\"height: 523px\">\n<td style=\"width: 41.0463%;height: 523px\">\n<p class=\"font_8\"><span class=\"color_28\"><strong>Akademickie Liceum Og\u00f3lnokszta\u0142c\u0105ce Politechniki Bia\u0142ostockiej<\/strong> serdecznie zaprasza wszystkich uczni\u00f3w szk\u00f3\u0142 \u015brednich do udzia\u0142u w <strong>Szkolnej Lidze Minisumo<\/strong>. Udzia\u0142 w zawodach jest bezp\u0142atny, a wygra\u0107 mo\u017cna cenne nagrody.<\/span><\/p>\n<p>&nbsp;<\/p>\n<p class=\"font_8\"><strong><span class=\"color_28\">Co to jest minisumo?<\/span><\/strong><\/p>\n<p class=\"font_8\"><span class=\"color_28\">To kategoria autonomicznych robot\u00f3w przeznaczonych do walki na ringu (dohyo). Celem pojedynku jest zlokalizowanie i wypchni\u0119cie przeciwnika.<\/span><\/p>\n<p class=\"font_8\"><strong><span class=\"color_28\">Gdzie i kiedy?<\/span><\/strong><\/p>\n<p class=\"font_8\"><span class=\"color_28\">Raz w miesi\u0105cu, Wydzia\u0142 Informatyki Politechniki Bia\u0142ostockiej. Zaczynamy w pa\u017adzierniku, ale do\u0142\u0105czy\u0107 mo\u017cna w ka\u017cdym momencie.<\/span><\/p>\n<p class=\"font_8\"><strong><span class=\"color_28\">Jak si\u0119 zg\u0142osi\u0107?<\/span><\/strong><\/p>\n<p class=\"font_8\"><span class=\"color_28\">Zg\u0142oszenie zawieraj\u0105ce nazw\u0119 robota, imi\u0119 i nazwisko konstruktora oraz nazw\u0119 szko\u0142y nale\u017cy przes\u0142a\u0107 na adres: <a href=\"mailto:gnowik80@o2.pl\" target=\"_self\" rel=\"noopener noreferrer\">g.nowik@pb.edu.pl<\/a> .<\/span><\/p>\n<p class=\"font_8\">&nbsp;<\/p>\n<\/td>\n<td style=\"width: 28.462%;text-align: center;height: 523px\"><span style=\"font-size: 18pt\"><strong>Turniej<\/strong><\/span><\/p>\n<p><span style=\"font-size: 18pt\"><strong> 18 marca 2022<\/strong><\/span><\/p>\n<table style=\"height: 300px;width: 100%;border-collapse: collapse;border-color: #0b4f0d;background-color: #449e3f\" cellspacing=\"2\" border=\"2\">\n<tbody>\n<tr style=\"height: 22px\">\n<td style=\"width: 9.61067%;height: 22px\">&nbsp;<\/td>\n<td style=\"width: 39.5308%;height: 22px\"><strong>ROBOT<\/strong><\/td>\n<td style=\"width: 22.7625%;height: 22px\"><strong>KLASA<\/strong><\/td>\n<\/tr>\n<tr style=\"height: 21px\">\n<td style=\"width: 9.61067%;height: 21px\"><strong>1<\/strong><\/td>\n<td style=\"width: 39.5308%;height: 21px;text-align: left\"><strong>THOR<\/strong><\/td>\n<td style=\"width: 22.7625%;height: 21px\"><strong>3A<\/strong><\/td>\n<\/tr>\n<tr style=\"height: 21px\">\n<td style=\"width: 9.61067%;height: 21px\"><strong>2<\/strong><\/td>\n<td style=\"width: 39.5308%;height: 21px;text-align: left\"><strong>LOKI<\/strong><\/td>\n<td style=\"width: 22.7625%;height: 21px\"><strong>3A<\/strong><\/td>\n<\/tr>\n<tr style=\"height: 21px\">\n<td style=\"width: 9.61067%;height: 21px\"><strong>3<\/strong><\/td>\n<td style=\"width: 39.5308%;height: 21px;text-align: left\"><strong>TYGRYSEK<\/strong><\/td>\n<td style=\"width: 22.7625%;height: 21px\"><strong>2B<\/strong><\/td>\n<\/tr>\n<tr style=\"height: 21px\">\n<td style=\"width: 9.61067%;height: 21px\"><strong>4<\/strong><\/td>\n<td style=\"width: 39.5308%;height: 21px;text-align: left\"><strong>WANDA<\/strong><\/td>\n<td style=\"width: 22.7625%;height: 21px\"><strong>3A<\/strong><\/td>\n<\/tr>\n<tr style=\"height: 21px\">\n<td style=\"width: 9.61067%;height: 21px\"><strong>5<\/strong><\/td>\n<td style=\"width: 39.5308%;height: 21px;text-align: left\"><strong>PANZER<\/strong><\/td>\n<td style=\"width: 22.7625%;height: 21px\"><strong>1A<\/strong><\/td>\n<\/tr>\n<tr style=\"height: 21px\">\n<td style=\"width: 9.61067%;height: 21px\"><strong>6<\/strong><\/td>\n<td style=\"width: 39.5308%;height: 21px;text-align: left\"><strong>LEO<\/strong><\/td>\n<td style=\"width: 22.7625%;height: 21px\"><strong>2B<\/strong><\/td>\n<\/tr>\n<tr style=\"height: 21px\">\n<td style=\"width: 9.61067%;height: 21px\"><strong>7<\/strong><\/td>\n<td style=\"width: 39.5308%;height: 21px;text-align: left\"><strong>C4<\/strong><\/td>\n<td style=\"width: 22.7625%;height: 21px\"><strong>1A<\/strong><\/td>\n<\/tr>\n<tr style=\"height: 21px\">\n<td style=\"width: 9.61067%;height: 21px\"><strong>8<\/strong><\/td>\n<td style=\"width: 39.5308%;height: 21px;text-align: left\"><strong>BESTIA<\/strong><\/td>\n<td style=\"width: 22.7625%;height: 21px\"><strong>1A<\/strong><\/td>\n<\/tr>\n<\/tbody>\n<\/table>\n<\/td>\n<td style=\"width: 1.35318%;text-align: center;height: 523px\"><span style=\"font-size: 12pt\"><strong>&nbsp;<\/strong><\/span><\/td>\n<td style=\"width: 17.9523%;text-align: center;height: 523px\"><span style=\"font-size: 18pt\"><span style=\"font-size: 18pt\"><strong><img loading=\"lazy\" decoding=\"async\" class=\"alignnone size-medium wp-image-5209\" src=\"https:\/\/pb.edu.pl\/liceum-ogolnoksztalcace\/wp-content\/uploads\/sites\/10\/2020\/10\/logo-300x138.png\" alt=\"\" width=\"300\" height=\"138\" srcset=\"https:\/\/pb.edu.pl\/liceum-ogolnoksztalcace\/wp-content\/uploads\/sites\/10\/2020\/10\/logo-300x138.png 300w, https:\/\/pb.edu.pl\/liceum-ogolnoksztalcace\/wp-content\/uploads\/sites\/10\/2020\/10\/logo.png 453w\" sizes=\"auto, (max-width: 300px) 100vw, 300px\" \/><\/strong><\/span><\/span><\/p>\n<table style=\"width: 100%;border-collapse: collapse;background-color: #449e3f;border-color: #000000\" border=\"2\">\n<tbody>\n<tr>\n<td style=\"width: 100%\"><span style=\"font-size: 10pt\"><strong>Zawody obj\u0119\u0142a honorowym patronatem<br \/>\n<\/strong><strong>JM Rektor Politechniki Bia\u0142ostockiej<\/strong><\/span><br \/>\n<span style=\"font-size: 10pt\"><strong>dr hab. in\u017c. Marta Kosior\u2013Kazberuk, prof. PB<\/strong><\/span><\/td>\n<\/tr>\n<\/tbody>\n<\/table>\n<table style=\"border-collapse: collapse;width: 100%\">\n<tbody>\n<tr>\n<td style=\"width: 100%\">&nbsp;<\/td>\n<\/tr>\n<\/tbody>\n<\/table>\n<table style=\"width: 100%;border-collapse: collapse;background-color: #449e3f;border-color: #000000\" cellspacing=\"2\" border=\"2\">\n<tbody>\n<tr>\n<td style=\"width: 100%\"><span style=\"font-size: 10pt\"><strong>NAJBLI\u017bSZY TURNIEJ:<\/strong><\/span><\/p>\n<p><span style=\"font-size: 10pt\"><strong>&nbsp;<\/strong><\/span><\/p>\n<p><span style=\"font-size: 10pt\"><strong>Wydzia\u0142 Informatyki PB<\/strong><\/span><\/td>\n<\/tr>\n<\/tbody>\n<\/table>\n<table style=\"border-collapse: collapse;width: 100%\">\n<tbody>\n<tr>\n<td style=\"width: 100%\">&nbsp;<\/td>\n<\/tr>\n<\/tbody>\n<\/table>\n<table style=\"width: 100%;border-collapse: collapse;background-color: #449e3f;border-color: #000000\" cellspacing=\"2\" border=\"2\">\n<tbody>\n<tr>\n<td style=\"width: 100%\"><span style=\"font-size: 10pt\"><strong><a href=\"https:\/\/pb.edu.pl\/liceum-ogolnoksztalcace\/wp-content\/uploads\/sites\/10\/2020\/10\/regulamin-msumo.pdf\">REGULAMIN<\/a><br \/>\n<\/strong><\/span><strong><a href=\"https:\/\/pb.edu.pl\/liceum-ogolnoksztalcace\/wp-content\/uploads\/sites\/10\/2020\/10\/formularz-zg\u0142oszeniowy-MiniSumo.pdf\"><span style=\"font-size: 10pt\">ZG\u0141OSZENIE<\/span><\/a><\/strong><\/td>\n<\/tr>\n<\/tbody>\n<\/table>\n<\/td>\n<\/tr>\n<\/tbody>\n<\/table>\n<p>&nbsp;<\/p>\n<hr>\n<p><span style=\"font-size: 12pt\"><strong>Rok szkolny 2019\/20<\/strong><\/span><\/p>\n<table style=\"border-collapse: collapse;width: 100%\">\n<tbody>\n<tr>\n<td style=\"width: 42.5575%\">\n<table style=\"height: 231px;width: 96.3052%;border-collapse: collapse;background-color: #479e47;border-color: #080505\" cellspacing=\"2\" border=\"2\">\n<tbody>\n<tr style=\"height: 21px\">\n<td style=\"width: 6.84282%;height: 21px\">&nbsp;<\/td>\n<td style=\"width: 45.0803%;text-align: center;height: 21px\"><strong>ROBOT<\/strong><\/td>\n<td style=\"width: 24.3655%;text-align: center;height: 21px\"><strong>PUNKTY<\/strong><\/td>\n<td style=\"width: 24.4003%;text-align: center;height: 21px\"><strong>SZKO\u0141A<\/strong><\/td>\n<\/tr>\n<tr style=\"height: 21px\">\n<td style=\"width: 6.84282%;height: 21px\"><strong><span style=\"font-size: 10pt\">1<\/span><\/strong><\/td>\n<td style=\"width: 45.0803%;height: 21px\"><strong><span style=\"font-size: 10pt\">M\u0142ody G<\/span><\/strong><\/td>\n<td style=\"width: 24.3655%;height: 21px;text-align: center\"><strong><span style=\"font-size: 10pt\">43<\/span><\/strong><\/td>\n<td style=\"width: 24.4003%;height: 21px\"><strong><span style=\"font-size: 10pt\">3LO<\/span><\/strong><\/td>\n<\/tr>\n<tr style=\"height: 21px\">\n<td style=\"width: 6.84282%;height: 21px\"><strong><span style=\"font-size: 10pt\">2<\/span><\/strong><\/td>\n<td style=\"width: 45.0803%;height: 21px\"><strong><span style=\"font-size: 10pt\">Heisenberg<\/span><\/strong><\/td>\n<td style=\"width: 24.3655%;height: 21px;text-align: center\"><strong><span style=\"font-size: 10pt\">33<\/span><\/strong><\/td>\n<td style=\"width: 24.4003%;height: 21px\"><strong><span style=\"font-size: 10pt\">ALO PB<\/span><\/strong><\/td>\n<\/tr>\n<tr style=\"height: 21px\">\n<td style=\"width: 6.84282%;height: 21px\"><strong><span style=\"font-size: 10pt\">3<\/span><\/strong><\/td>\n<td style=\"width: 45.0803%;height: 21px\"><strong><span style=\"font-size: 10pt\">Transformer<\/span><\/strong><\/td>\n<td style=\"width: 24.3655%;height: 21px;text-align: center\"><strong><span style=\"font-size: 10pt\">20<\/span><\/strong><\/td>\n<td style=\"width: 24.4003%;height: 21px\"><strong><span style=\"font-size: 10pt\">ALO PB<\/span><\/strong><\/td>\n<\/tr>\n<tr style=\"height: 21px\">\n<td style=\"width: 6.84282%;height: 21px\"><strong><span style=\"font-size: 10pt\">4<\/span><\/strong><\/td>\n<td style=\"width: 45.0803%;height: 21px\"><strong><span style=\"font-size: 10pt\">Gruby<\/span><\/strong><\/td>\n<td style=\"width: 24.3655%;height: 21px;text-align: center\"><strong><span style=\"font-size: 10pt\">17<\/span><\/strong><\/td>\n<td style=\"width: 24.4003%;height: 21px\"><strong><span style=\"font-size: 10pt\">ALO PB<\/span><\/strong><\/td>\n<\/tr>\n<tr style=\"height: 21px\">\n<td style=\"width: 6.84282%;height: 21px\"><strong><span style=\"font-size: 10pt\">5<\/span><\/strong><\/td>\n<td style=\"width: 45.0803%;height: 21px\"><strong><span style=\"font-size: 10pt\">CyberMarian<\/span><\/strong><\/td>\n<td style=\"width: 24.3655%;height: 21px;text-align: center\"><strong><span style=\"font-size: 10pt\">16<\/span><\/strong><\/td>\n<td style=\"width: 24.4003%;height: 21px\"><strong><span style=\"font-size: 10pt\">ALO PB<\/span><\/strong><\/td>\n<\/tr>\n<tr style=\"height: 21px\">\n<td style=\"width: 6.84282%;height: 21px\"><strong><span style=\"font-size: 10pt\">6<\/span><\/strong><\/td>\n<td style=\"width: 45.0803%;height: 21px\"><strong><span style=\"font-size: 10pt\">Brutus<\/span><\/strong><\/td>\n<td style=\"width: 24.3655%;height: 21px;text-align: center\"><strong><span style=\"font-size: 10pt\">15<\/span><\/strong><\/td>\n<td style=\"width: 24.4003%;height: 21px\"><strong><span style=\"font-size: 10pt\">ALO PB<\/span><\/strong><\/td>\n<\/tr>\n<tr style=\"height: 21px\">\n<td style=\"width: 6.84282%;height: 21px\"><strong><span style=\"font-size: 10pt\">7<\/span><\/strong><\/td>\n<td style=\"width: 45.0803%;height: 21px\"><strong><span style=\"font-size: 10pt\">DrimBot<\/span><\/strong><\/td>\n<td style=\"width: 24.3655%;height: 21px;text-align: center\"><strong><span style=\"font-size: 10pt\">13<\/span><\/strong><\/td>\n<td style=\"width: 24.4003%;height: 21px\"><strong><span style=\"font-size: 10pt\">ALO PB<\/span><\/strong><\/td>\n<\/tr>\n<tr style=\"height: 21px\">\n<td style=\"width: 6.84282%;height: 21px\"><strong><span style=\"font-size: 10pt\">8<\/span><\/strong><\/td>\n<td style=\"width: 45.0803%;height: 21px\"><strong><span style=\"font-size: 10pt\">Alfa<\/span><\/strong><\/td>\n<td style=\"width: 24.3655%;height: 21px;text-align: center\"><strong><span style=\"font-size: 10pt\">9<\/span><\/strong><\/td>\n<td style=\"width: 24.4003%;height: 21px\"><strong><span style=\"font-size: 10pt\">ALO PB<\/span><\/strong><\/td>\n<\/tr>\n<tr style=\"height: 21px\">\n<td style=\"width: 6.84282%;height: 21px\"><strong><span style=\"font-size: 10pt\">9<\/span><\/strong><\/td>\n<td style=\"width: 45.0803%;height: 21px\"><strong><span style=\"font-size: 10pt\">Podolbrzym<\/span><\/strong><\/td>\n<td style=\"width: 24.3655%;height: 21px;text-align: center\"><strong><span style=\"font-size: 10pt\">8<\/span><\/strong><\/td>\n<td style=\"width: 24.4003%;height: 21px\"><strong><span style=\"font-size: 10pt\">ALO PB<\/span><\/strong><\/td>\n<\/tr>\n<tr style=\"height: 21px\">\n<td style=\"width: 6.84282%;height: 21px\"><strong><span style=\"font-size: 10pt\">10<\/span><\/strong><\/td>\n<td style=\"width: 45.0803%;height: 21px\"><strong><span style=\"font-size: 10pt\">Pudzian<\/span><\/strong><\/td>\n<td style=\"width: 24.3655%;height: 21px;text-align: center\"><strong><span style=\"font-size: 10pt\">7<\/span><\/strong><\/td>\n<td style=\"width: 24.4003%;height: 21px\"><strong><span style=\"font-size: 10pt\">3LO<\/span><\/strong><\/td>\n<\/tr>\n<\/tbody>\n<\/table>\n<\/td>\n<td style=\"width: 57.4425%\">W roku szkolnym 2019\/20 w Szkolnej Lidze MiniSumo wzi\u0119\u0142o udzia\u0142 24 roboty, kt\u00f3rych konstruktorami by\u0142y zespo\u0142y licz\u0105ce ponad 60 os\u00f3b.<\/p>\n<p>Uczniowie z czterech bia\u0142ostockich szk\u00f3\u0142 rywalizowali podczas pi\u0119ciu spotka\u0144 turniejowych. Niestety pandemia nie pozwoli\u0142a rozegra\u0107 ostatnich trzech, zaplanowanych turniej\u00f3w.<\/p>\n<p>Tabela przedstawia wyniki najlepszych dziesi\u0119ciu konstrukcji na koniec lutego 2020 roku. Wr\u0119czenie nagr\u00f3d i dyplom\u00f3w odby\u0142o si\u0119 w czerwcu podczas uroczysto\u015bci zako\u0144czenia roku szkolnego.<\/td>\n<\/tr>\n<\/tbody>\n<\/table>\n","protected":false},"excerpt":{"rendered":"<p>O NAS PROJEKTY E(x)plory MINISUMO &nbsp; Akademickie Liceum Og\u00f3lnokszta\u0142c\u0105ce Politechniki Bia\u0142ostockiej serdecznie zaprasza wszystkich uczni\u00f3w<\/p>\n","protected":false},"author":74,"featured_media":0,"parent":499,"menu_order":0,"comment_status":"closed","ping_status":"closed","template":"","meta":{"_acf_changed":false,"ngg_post_thumbnail":0,"footnotes":""},"class_list":["post-5196","page","type-page","status-publish","hentry"],"acf":[],"yoast_head":"<!-- This site is optimized with the Yoast SEO plugin v27.0 - https:\/\/yoast.com\/product\/yoast-seo-wordpress\/ -->\n<title>Akademickie Liceum Og\u00f3lnokszta\u0142c\u0105ce Politechniki Bia\u0142ostockiej - MiniSumo<\/title>\n<meta name=\"description\" content=\"O NAS PROJEKTY E(x)plory MINISUMO &nbsp; Akademickie Liceum Og\u00f3lnokszta\u0142c\u0105ce Politechniki Bia\u0142ostockiej serdecznie zaprasza wszystkich uczni\u00f3w szk\u00f3\u0142\" \/>\n<meta name=\"robots\" content=\"index, follow, max-snippet:-1, max-image-preview:large, max-video-preview:-1\" \/>\n<link rel=\"canonical\" href=\"https:\/\/pb.edu.pl\/liceum-ogolnoksztalcace\/dla-ucznia\/zajecia-projektowe\/robotyka\/minisumo\/\" \/>\n<meta name=\"twitter:label1\" content=\"Szacowany czas czytania\" \/>\n\t<meta name=\"twitter:data1\" content=\"2 minuty\" \/>\n<script type=\"application\/ld+json\" class=\"yoast-schema-graph\">{\"@context\":\"https:\/\/schema.org\",\"@graph\":[{\"@type\":\"WebPage\",\"@id\":\"https:\/\/pb.edu.pl\/liceum-ogolnoksztalcace\/dla-ucznia\/zajecia-projektowe\/robotyka\/minisumo\/\",\"url\":\"https:\/\/pb.edu.pl\/liceum-ogolnoksztalcace\/dla-ucznia\/zajecia-projektowe\/robotyka\/minisumo\/\",\"name\":\"Akademickie Liceum Og\u00f3lnokszta\u0142c\u0105ce Politechniki Bia\u0142ostockiej - MiniSumo\",\"isPartOf\":{\"@id\":\"https:\/\/pb.edu.pl\/liceum-ogolnoksztalcace\/#website\"},\"primaryImageOfPage\":{\"@id\":\"https:\/\/pb.edu.pl\/liceum-ogolnoksztalcace\/dla-ucznia\/zajecia-projektowe\/robotyka\/minisumo\/#primaryimage\"},\"image\":{\"@id\":\"https:\/\/pb.edu.pl\/liceum-ogolnoksztalcace\/dla-ucznia\/zajecia-projektowe\/robotyka\/minisumo\/#primaryimage\"},\"thumbnailUrl\":\"https:\/\/pb.edu.pl\/liceum-ogolnoksztalcace\/wp-content\/uploads\/sites\/10\/2020\/10\/logo-300x138.png\",\"datePublished\":\"2020-10-07T15:59:09+00:00\",\"dateModified\":\"2022-10-02T12:22:08+00:00\",\"description\":\"O NAS PROJEKTY E(x)plory MINISUMO &nbsp; Akademickie Liceum Og\u00f3lnokszta\u0142c\u0105ce Politechniki Bia\u0142ostockiej serdecznie zaprasza wszystkich uczni\u00f3w szk\u00f3\u0142\",\"breadcrumb\":{\"@id\":\"https:\/\/pb.edu.pl\/liceum-ogolnoksztalcace\/dla-ucznia\/zajecia-projektowe\/robotyka\/minisumo\/#breadcrumb\"},\"inLanguage\":\"pl-PL\",\"potentialAction\":[{\"@type\":\"ReadAction\",\"target\":[\"https:\/\/pb.edu.pl\/liceum-ogolnoksztalcace\/dla-ucznia\/zajecia-projektowe\/robotyka\/minisumo\/\"]}]},{\"@type\":\"ImageObject\",\"inLanguage\":\"pl-PL\",\"@id\":\"https:\/\/pb.edu.pl\/liceum-ogolnoksztalcace\/dla-ucznia\/zajecia-projektowe\/robotyka\/minisumo\/#primaryimage\",\"url\":\"https:\/\/pb.edu.pl\/liceum-ogolnoksztalcace\/wp-content\/uploads\/sites\/10\/2020\/10\/logo.png\",\"contentUrl\":\"https:\/\/pb.edu.pl\/liceum-ogolnoksztalcace\/wp-content\/uploads\/sites\/10\/2020\/10\/logo.png\",\"width\":453,\"height\":208},{\"@type\":\"BreadcrumbList\",\"@id\":\"https:\/\/pb.edu.pl\/liceum-ogolnoksztalcace\/dla-ucznia\/zajecia-projektowe\/robotyka\/minisumo\/#breadcrumb\",\"itemListElement\":[{\"@type\":\"ListItem\",\"position\":1,\"name\":\"Home\",\"item\":\"https:\/\/pb.edu.pl\/liceum-ogolnoksztalcace\/\"},{\"@type\":\"ListItem\",\"position\":2,\"name\":\"Dla ucznia\",\"item\":\"https:\/\/pb.edu.pl\/liceum-ogolnoksztalcace\/dla-ucznia\/\"},{\"@type\":\"ListItem\",\"position\":3,\"name\":\"Zaj\u0119cia projektowe\",\"item\":\"https:\/\/pb.edu.pl\/liceum-ogolnoksztalcace\/dla-ucznia\/zajecia-projektowe\/\"},{\"@type\":\"ListItem\",\"position\":4,\"name\":\"Robotyka\",\"item\":\"https:\/\/pb.edu.pl\/liceum-ogolnoksztalcace\/dla-ucznia\/zajecia-projektowe\/robotyka\/\"},{\"@type\":\"ListItem\",\"position\":5,\"name\":\"MiniSumo\"}]},{\"@type\":\"WebSite\",\"@id\":\"https:\/\/pb.edu.pl\/liceum-ogolnoksztalcace\/#website\",\"url\":\"https:\/\/pb.edu.pl\/liceum-ogolnoksztalcace\/\",\"name\":\"Akademickie Liceum Og\u00f3lnokszta\u0142c\u0105ce Politechniki Bia\u0142ostockiej\",\"description\":\"\",\"potentialAction\":[{\"@type\":\"SearchAction\",\"target\":{\"@type\":\"EntryPoint\",\"urlTemplate\":\"https:\/\/pb.edu.pl\/liceum-ogolnoksztalcace\/?s={search_term_string}\"},\"query-input\":{\"@type\":\"PropertyValueSpecification\",\"valueRequired\":true,\"valueName\":\"search_term_string\"}}],\"inLanguage\":\"pl-PL\"}]}<\/script>\n<!-- \/ Yoast SEO plugin. -->","yoast_head_json":{"title":"Akademickie Liceum Og\u00f3lnokszta\u0142c\u0105ce Politechniki Bia\u0142ostockiej - MiniSumo","description":"O NAS PROJEKTY E(x)plory MINISUMO &nbsp; Akademickie Liceum Og\u00f3lnokszta\u0142c\u0105ce Politechniki Bia\u0142ostockiej serdecznie zaprasza wszystkich uczni\u00f3w szk\u00f3\u0142","robots":{"index":"index","follow":"follow","max-snippet":"max-snippet:-1","max-image-preview":"max-image-preview:large","max-video-preview":"max-video-preview:-1"},"canonical":"https:\/\/pb.edu.pl\/liceum-ogolnoksztalcace\/dla-ucznia\/zajecia-projektowe\/robotyka\/minisumo\/","twitter_misc":{"Szacowany czas czytania":"2 minuty"},"schema":{"@context":"https:\/\/schema.org","@graph":[{"@type":"WebPage","@id":"https:\/\/pb.edu.pl\/liceum-ogolnoksztalcace\/dla-ucznia\/zajecia-projektowe\/robotyka\/minisumo\/","url":"https:\/\/pb.edu.pl\/liceum-ogolnoksztalcace\/dla-ucznia\/zajecia-projektowe\/robotyka\/minisumo\/","name":"Akademickie Liceum Og\u00f3lnokszta\u0142c\u0105ce Politechniki Bia\u0142ostockiej - MiniSumo","isPartOf":{"@id":"https:\/\/pb.edu.pl\/liceum-ogolnoksztalcace\/#website"},"primaryImageOfPage":{"@id":"https:\/\/pb.edu.pl\/liceum-ogolnoksztalcace\/dla-ucznia\/zajecia-projektowe\/robotyka\/minisumo\/#primaryimage"},"image":{"@id":"https:\/\/pb.edu.pl\/liceum-ogolnoksztalcace\/dla-ucznia\/zajecia-projektowe\/robotyka\/minisumo\/#primaryimage"},"thumbnailUrl":"https:\/\/pb.edu.pl\/liceum-ogolnoksztalcace\/wp-content\/uploads\/sites\/10\/2020\/10\/logo-300x138.png","datePublished":"2020-10-07T15:59:09+00:00","dateModified":"2022-10-02T12:22:08+00:00","description":"O NAS PROJEKTY E(x)plory MINISUMO &nbsp; Akademickie Liceum Og\u00f3lnokszta\u0142c\u0105ce Politechniki Bia\u0142ostockiej serdecznie zaprasza wszystkich uczni\u00f3w szk\u00f3\u0142","breadcrumb":{"@id":"https:\/\/pb.edu.pl\/liceum-ogolnoksztalcace\/dla-ucznia\/zajecia-projektowe\/robotyka\/minisumo\/#breadcrumb"},"inLanguage":"pl-PL","potentialAction":[{"@type":"ReadAction","target":["https:\/\/pb.edu.pl\/liceum-ogolnoksztalcace\/dla-ucznia\/zajecia-projektowe\/robotyka\/minisumo\/"]}]},{"@type":"ImageObject","inLanguage":"pl-PL","@id":"https:\/\/pb.edu.pl\/liceum-ogolnoksztalcace\/dla-ucznia\/zajecia-projektowe\/robotyka\/minisumo\/#primaryimage","url":"https:\/\/pb.edu.pl\/liceum-ogolnoksztalcace\/wp-content\/uploads\/sites\/10\/2020\/10\/logo.png","contentUrl":"https:\/\/pb.edu.pl\/liceum-ogolnoksztalcace\/wp-content\/uploads\/sites\/10\/2020\/10\/logo.png","width":453,"height":208},{"@type":"BreadcrumbList","@id":"https:\/\/pb.edu.pl\/liceum-ogolnoksztalcace\/dla-ucznia\/zajecia-projektowe\/robotyka\/minisumo\/#breadcrumb","itemListElement":[{"@type":"ListItem","position":1,"name":"Home","item":"https:\/\/pb.edu.pl\/liceum-ogolnoksztalcace\/"},{"@type":"ListItem","position":2,"name":"Dla ucznia","item":"https:\/\/pb.edu.pl\/liceum-ogolnoksztalcace\/dla-ucznia\/"},{"@type":"ListItem","position":3,"name":"Zaj\u0119cia projektowe","item":"https:\/\/pb.edu.pl\/liceum-ogolnoksztalcace\/dla-ucznia\/zajecia-projektowe\/"},{"@type":"ListItem","position":4,"name":"Robotyka","item":"https:\/\/pb.edu.pl\/liceum-ogolnoksztalcace\/dla-ucznia\/zajecia-projektowe\/robotyka\/"},{"@type":"ListItem","position":5,"name":"MiniSumo"}]},{"@type":"WebSite","@id":"https:\/\/pb.edu.pl\/liceum-ogolnoksztalcace\/#website","url":"https:\/\/pb.edu.pl\/liceum-ogolnoksztalcace\/","name":"Akademickie Liceum Og\u00f3lnokszta\u0142c\u0105ce Politechniki Bia\u0142ostockiej","description":"","potentialAction":[{"@type":"SearchAction","target":{"@type":"EntryPoint","urlTemplate":"https:\/\/pb.edu.pl\/liceum-ogolnoksztalcace\/?s={search_term_string}"},"query-input":{"@type":"PropertyValueSpecification","valueRequired":true,"valueName":"search_term_string"}}],"inLanguage":"pl-PL"}]}},"_links":{"self":[{"href":"https:\/\/pb.edu.pl\/liceum-ogolnoksztalcace\/wp-json\/wp\/v2\/pages\/5196","targetHints":{"allow":["GET"]}}],"collection":[{"href":"https:\/\/pb.edu.pl\/liceum-ogolnoksztalcace\/wp-json\/wp\/v2\/pages"}],"about":[{"href":"https:\/\/pb.edu.pl\/liceum-ogolnoksztalcace\/wp-json\/wp\/v2\/types\/page"}],"author":[{"embeddable":true,"href":"https:\/\/pb.edu.pl\/liceum-ogolnoksztalcace\/wp-json\/wp\/v2\/users\/74"}],"replies":[{"embeddable":true,"href":"https:\/\/pb.edu.pl\/liceum-ogolnoksztalcace\/wp-json\/wp\/v2\/comments?post=5196"}],"version-history":[{"count":0,"href":"https:\/\/pb.edu.pl\/liceum-ogolnoksztalcace\/wp-json\/wp\/v2\/pages\/5196\/revisions"}],"up":[{"embeddable":true,"href":"https:\/\/pb.edu.pl\/liceum-ogolnoksztalcace\/wp-json\/wp\/v2\/pages\/499"}],"wp:attachment":[{"href":"https:\/\/pb.edu.pl\/liceum-ogolnoksztalcace\/wp-json\/wp\/v2\/media?parent=5196"}],"curies":[{"name":"wp","href":"https:\/\/api.w.org\/{rel}","templated":true}]}}