{"id":499,"date":"2018-03-04T11:15:52","date_gmt":"2018-03-04T10:15:52","guid":{"rendered":"https:\/\/pb.edu.pl\/liceum-ogolnoksztalcace\/?page_id=499"},"modified":"2025-03-29T11:27:06","modified_gmt":"2025-03-29T10:27:06","slug":"robotyka","status":"publish","type":"page","link":"https:\/\/pb.edu.pl\/liceum-ogolnoksztalcace\/dla-ucznia\/zajecia-projektowe\/robotyka\/","title":{"rendered":"Robotyka"},"content":{"rendered":"<table style=\"width: 100%;border-collapse: collapse;background-color: #397526;height: 35px\" border=\"2\" cellspacing=\"5\">\n<tbody>\n<tr style=\"height: 35px\">\n<td style=\"width: 23.8611%;text-align: center;height: 35px\"><a href=\"https:\/\/pb.edu.pl\/liceum-ogolnoksztalcace\/dla-ucznia\/zajecia-dodatkowe\/robotyka\/\"><span style=\"font-size: 18pt\"><strong>O NAS<\/strong><\/span><\/a><\/td>\n<td style=\"width: 26.1389%;text-align: center;height: 35px\"><a title=\"Robotyka \u2013 projekty\" href=\"https:\/\/pb.edu.pl\/liceum-ogolnoksztalcace\/dla-ucznia\/zajecia-dodatkowe\/robotyka\/robotyka-projekty\/\"><span style=\"font-size: 18pt\"><strong>PROJEKTY<\/strong><\/span><\/a><\/td>\n<td style=\"width: 23.8385%;text-align: center\"><span style=\"font-size: 18pt\"><strong><a href=\"https:\/\/pb.edu.pl\/liceum-ogolnoksztalcace\/dla-ucznia\/zajecia-dodatkowe\/robotyka\/explory\/\">E(x)plory<\/a><br \/>\n<\/strong><\/span><\/td>\n<td style=\"width: 26.1614%;text-align: center;height: 35px\"><a title=\"MiniSumo\" href=\"https:\/\/pb.edu.pl\/liceum-ogolnoksztalcace\/dla-ucznia\/zajecia-dodatkowe\/robotyka\/minisumo\/\"><span style=\"font-size: 18pt\"><strong>MINISUMO<\/strong><\/span><\/a><\/td>\n<\/tr>\n<\/tbody>\n<\/table>\n<p>&nbsp;<\/p>\n<table style=\"border-collapse: collapse;width: 100%\">\n<tbody>\n<tr>\n<td style=\"width: 50%\">\n<div id=\"comp-kfmtw6rg\" class=\"_1Z_nJ\" data-testid=\"richTextElement\">\n<p class=\"font_7\">Ko\u0142o Robotyki Akademickiego Liceum Og\u00f3lnokszta\u0142c\u0105cego Politechniki Bia\u0142ostockiej tworzy grupa oko\u0142o stu uczni\u00f3w naszej szko\u0142y. Podczas zaj\u0119\u0107 projektujemy, budujemy i programujemy roboty, urz\u0105dzenia IoT, pojazdy wielozadaniowe, elektroniczne pomoce dydaktyczne oraz innowacje na rzecz zdrowia i ochrony \u015brodowiska.<\/p>\n<p class=\"font_7\">Najlepsze projekty bior\u0105 udzia\u0142 w zawodach i konkursach w kraju i zagranic\u0105. Najwi\u0119ksze nasze sukcesy to reprezentowanie Polski podczas Infomatrix w Bukareszcie, zwyci\u0119stwo w Mi\u0119dzynarodowych Zawodach Robots Intellect w Kownie, wygrana w konkursie EKOczynni oraz zaj\u0119cie pierwszych miejsc w Og\u00f3lnopolskich Konkursach El-Robo-Mech, EastRobo, RoboMeeting i uBot.<\/p>\n<\/div>\n<\/td>\n<td style=\"width: 50%\"><img loading=\"lazy\" decoding=\"async\" class=\"wp-image-5193 aligncenter\" src=\"https:\/\/pb.edu.pl\/liceum-ogolnoksztalcace\/wp-content\/uploads\/sites\/10\/2020\/10\/nowoczesna_szkola_1-300x200.jpg\" alt=\"\" width=\"411\" height=\"274\" srcset=\"https:\/\/pb.edu.pl\/liceum-ogolnoksztalcace\/wp-content\/uploads\/sites\/10\/2020\/10\/nowoczesna_szkola_1-300x200.jpg 300w, https:\/\/pb.edu.pl\/liceum-ogolnoksztalcace\/wp-content\/uploads\/sites\/10\/2020\/10\/nowoczesna_szkola_1-768x512.jpg 768w, https:\/\/pb.edu.pl\/liceum-ogolnoksztalcace\/wp-content\/uploads\/sites\/10\/2020\/10\/nowoczesna_szkola_1-480x320.jpg 480w, https:\/\/pb.edu.pl\/liceum-ogolnoksztalcace\/wp-content\/uploads\/sites\/10\/2020\/10\/nowoczesna_szkola_1.jpg 1000w\" sizes=\"auto, (max-width: 411px) 100vw, 411px\" \/><\/td>\n<\/tr>\n<tr>\n<td style=\"width: 50%\"><img loading=\"lazy\" decoding=\"async\" class=\"wp-image-5225 aligncenter\" src=\"https:\/\/pb.edu.pl\/liceum-ogolnoksztalcace\/wp-content\/uploads\/sites\/10\/2020\/10\/minisumo-pojedynek-300x148.jpg\" alt=\"\" width=\"472\" height=\"233\" srcset=\"https:\/\/pb.edu.pl\/liceum-ogolnoksztalcace\/wp-content\/uploads\/sites\/10\/2020\/10\/minisumo-pojedynek-300x148.jpg 300w, https:\/\/pb.edu.pl\/liceum-ogolnoksztalcace\/wp-content\/uploads\/sites\/10\/2020\/10\/minisumo-pojedynek.jpg 470w\" sizes=\"auto, (max-width: 472px) 100vw, 472px\" \/><\/td>\n<td style=\"width: 50%\">\n<div id=\"comp-kfmv11qr\" class=\"_1Z_nJ\" data-testid=\"richTextElement\">\n<p>&nbsp;<\/p>\n<p class=\"font_7\">Jeste\u015bmy organizatorem Szkolnej Ligi MiniSumo oraz pierwszego etapu konkursu naukowego E(x)plory.&nbsp; MiniSumo to kategoria ma\u0142ych, autonomicznych robot\u00f3w walcz\u0105cych na ringu. Nasze ko\u0142o robotyki organizuje comiesi\u0119czne turnieje w kt\u00f3rych rywalizuj\u0105 konstrukcje zbudowane przez uczni\u00f3w bia\u0142ostockich szk\u00f3\u0142 \u015brednich. Punkty zbierane przez ca\u0142y rok szkolny s\u0105 sumowane i pozwalaj\u0105 wy\u0142oni\u0107 zwyci\u0119zc\u00f3w.<\/p>\n<p class=\"font_7\">&nbsp;<\/p>\n<\/div>\n<\/td>\n<\/tr>\n<\/tbody>\n<\/table>\n<div>&nbsp;<\/div>\n<div><strong>Zaj\u0119cia z robotyki odbywaj\u0105 si\u0119:<\/strong><\/div>\n<div>&#8211; we czwartki 14:15-15:45 klasy III<\/div>\n<div>&#8211; w pi\u0105tki 13:30-16:30 klasy I i II<\/div>\n<div>&nbsp;<\/div>\n<div>&nbsp;<\/div>\n<div>Zaj\u0119cia prowadzi mgr Grzegorz Nowik<\/div>\n","protected":false},"excerpt":{"rendered":"<p>O NAS PROJEKTY E(x)plory MINISUMO &nbsp; Ko\u0142o Robotyki Akademickiego Liceum Og\u00f3lnokszta\u0142c\u0105cego Politechniki Bia\u0142ostockiej tworzy grupa<\/p>\n","protected":false},"author":42,"featured_media":0,"parent":74,"menu_order":1,"comment_status":"closed","ping_status":"closed","template":"","meta":{"_acf_changed":false,"ngg_post_thumbnail":0,"footnotes":""},"class_list":["post-499","page","type-page","status-publish","hentry"],"acf":[],"yoast_head":"<!-- This site is optimized with the Yoast SEO plugin v27.0 - https:\/\/yoast.com\/product\/yoast-seo-wordpress\/ -->\n<title>Akademickie Liceum Og\u00f3lnokszta\u0142c\u0105ce Politechniki Bia\u0142ostockiej - Robotyka<\/title>\n<meta name=\"description\" content=\"O NAS PROJEKTY E(x)plory MINISUMO &nbsp; Ko\u0142o Robotyki Akademickiego Liceum Og\u00f3lnokszta\u0142c\u0105cego Politechniki Bia\u0142ostockiej tworzy grupa oko\u0142o stu uczni\u00f3w\" \/>\n<meta name=\"robots\" content=\"index, follow, max-snippet:-1, max-image-preview:large, max-video-preview:-1\" \/>\n<link rel=\"canonical\" href=\"https:\/\/pb.edu.pl\/liceum-ogolnoksztalcace\/dla-ucznia\/zajecia-projektowe\/robotyka\/\" \/>\n<meta name=\"twitter:label1\" content=\"Szacowany czas czytania\" \/>\n\t<meta name=\"twitter:data1\" content=\"2 minuty\" \/>\n<script type=\"application\/ld+json\" class=\"yoast-schema-graph\">{\"@context\":\"https:\/\/schema.org\",\"@graph\":[{\"@type\":\"WebPage\",\"@id\":\"https:\/\/pb.edu.pl\/liceum-ogolnoksztalcace\/dla-ucznia\/zajecia-projektowe\/robotyka\/\",\"url\":\"https:\/\/pb.edu.pl\/liceum-ogolnoksztalcace\/dla-ucznia\/zajecia-projektowe\/robotyka\/\",\"name\":\"Akademickie Liceum Og\u00f3lnokszta\u0142c\u0105ce Politechniki Bia\u0142ostockiej - Robotyka\",\"isPartOf\":{\"@id\":\"https:\/\/pb.edu.pl\/liceum-ogolnoksztalcace\/#website\"},\"primaryImageOfPage\":{\"@id\":\"https:\/\/pb.edu.pl\/liceum-ogolnoksztalcace\/dla-ucznia\/zajecia-projektowe\/robotyka\/#primaryimage\"},\"image\":{\"@id\":\"https:\/\/pb.edu.pl\/liceum-ogolnoksztalcace\/dla-ucznia\/zajecia-projektowe\/robotyka\/#primaryimage\"},\"thumbnailUrl\":\"https:\/\/pb.edu.pl\/liceum-ogolnoksztalcace\/wp-content\/uploads\/sites\/10\/2020\/10\/nowoczesna_szkola_1-300x200.jpg\",\"datePublished\":\"2018-03-04T10:15:52+00:00\",\"dateModified\":\"2025-03-29T10:27:06+00:00\",\"description\":\"O NAS PROJEKTY E(x)plory MINISUMO &nbsp; Ko\u0142o Robotyki Akademickiego Liceum Og\u00f3lnokszta\u0142c\u0105cego Politechniki Bia\u0142ostockiej tworzy grupa oko\u0142o stu uczni\u00f3w\",\"breadcrumb\":{\"@id\":\"https:\/\/pb.edu.pl\/liceum-ogolnoksztalcace\/dla-ucznia\/zajecia-projektowe\/robotyka\/#breadcrumb\"},\"inLanguage\":\"pl-PL\",\"potentialAction\":[{\"@type\":\"ReadAction\",\"target\":[\"https:\/\/pb.edu.pl\/liceum-ogolnoksztalcace\/dla-ucznia\/zajecia-projektowe\/robotyka\/\"]}]},{\"@type\":\"ImageObject\",\"inLanguage\":\"pl-PL\",\"@id\":\"https:\/\/pb.edu.pl\/liceum-ogolnoksztalcace\/dla-ucznia\/zajecia-projektowe\/robotyka\/#primaryimage\",\"url\":\"https:\/\/pb.edu.pl\/liceum-ogolnoksztalcace\/wp-content\/uploads\/sites\/10\/2020\/10\/nowoczesna_szkola_1.jpg\",\"contentUrl\":\"https:\/\/pb.edu.pl\/liceum-ogolnoksztalcace\/wp-content\/uploads\/sites\/10\/2020\/10\/nowoczesna_szkola_1.jpg\",\"width\":1000,\"height\":667},{\"@type\":\"BreadcrumbList\",\"@id\":\"https:\/\/pb.edu.pl\/liceum-ogolnoksztalcace\/dla-ucznia\/zajecia-projektowe\/robotyka\/#breadcrumb\",\"itemListElement\":[{\"@type\":\"ListItem\",\"position\":1,\"name\":\"Home\",\"item\":\"https:\/\/pb.edu.pl\/liceum-ogolnoksztalcace\/\"},{\"@type\":\"ListItem\",\"position\":2,\"name\":\"Dla ucznia\",\"item\":\"https:\/\/pb.edu.pl\/liceum-ogolnoksztalcace\/dla-ucznia\/\"},{\"@type\":\"ListItem\",\"position\":3,\"name\":\"Zaj\u0119cia projektowe\",\"item\":\"https:\/\/pb.edu.pl\/liceum-ogolnoksztalcace\/dla-ucznia\/zajecia-projektowe\/\"},{\"@type\":\"ListItem\",\"position\":4,\"name\":\"Robotyka\"}]},{\"@type\":\"WebSite\",\"@id\":\"https:\/\/pb.edu.pl\/liceum-ogolnoksztalcace\/#website\",\"url\":\"https:\/\/pb.edu.pl\/liceum-ogolnoksztalcace\/\",\"name\":\"Akademickie Liceum Og\u00f3lnokszta\u0142c\u0105ce Politechniki Bia\u0142ostockiej\",\"description\":\"\",\"potentialAction\":[{\"@type\":\"SearchAction\",\"target\":{\"@type\":\"EntryPoint\",\"urlTemplate\":\"https:\/\/pb.edu.pl\/liceum-ogolnoksztalcace\/?s={search_term_string}\"},\"query-input\":{\"@type\":\"PropertyValueSpecification\",\"valueRequired\":true,\"valueName\":\"search_term_string\"}}],\"inLanguage\":\"pl-PL\"}]}<\/script>\n<!-- \/ Yoast SEO plugin. -->","yoast_head_json":{"title":"Akademickie Liceum Og\u00f3lnokszta\u0142c\u0105ce Politechniki Bia\u0142ostockiej - Robotyka","description":"O NAS PROJEKTY E(x)plory MINISUMO &nbsp; Ko\u0142o Robotyki Akademickiego Liceum Og\u00f3lnokszta\u0142c\u0105cego Politechniki Bia\u0142ostockiej tworzy grupa oko\u0142o stu uczni\u00f3w","robots":{"index":"index","follow":"follow","max-snippet":"max-snippet:-1","max-image-preview":"max-image-preview:large","max-video-preview":"max-video-preview:-1"},"canonical":"https:\/\/pb.edu.pl\/liceum-ogolnoksztalcace\/dla-ucznia\/zajecia-projektowe\/robotyka\/","twitter_misc":{"Szacowany czas czytania":"2 minuty"},"schema":{"@context":"https:\/\/schema.org","@graph":[{"@type":"WebPage","@id":"https:\/\/pb.edu.pl\/liceum-ogolnoksztalcace\/dla-ucznia\/zajecia-projektowe\/robotyka\/","url":"https:\/\/pb.edu.pl\/liceum-ogolnoksztalcace\/dla-ucznia\/zajecia-projektowe\/robotyka\/","name":"Akademickie Liceum Og\u00f3lnokszta\u0142c\u0105ce Politechniki Bia\u0142ostockiej - Robotyka","isPartOf":{"@id":"https:\/\/pb.edu.pl\/liceum-ogolnoksztalcace\/#website"},"primaryImageOfPage":{"@id":"https:\/\/pb.edu.pl\/liceum-ogolnoksztalcace\/dla-ucznia\/zajecia-projektowe\/robotyka\/#primaryimage"},"image":{"@id":"https:\/\/pb.edu.pl\/liceum-ogolnoksztalcace\/dla-ucznia\/zajecia-projektowe\/robotyka\/#primaryimage"},"thumbnailUrl":"https:\/\/pb.edu.pl\/liceum-ogolnoksztalcace\/wp-content\/uploads\/sites\/10\/2020\/10\/nowoczesna_szkola_1-300x200.jpg","datePublished":"2018-03-04T10:15:52+00:00","dateModified":"2025-03-29T10:27:06+00:00","description":"O NAS PROJEKTY E(x)plory MINISUMO &nbsp; Ko\u0142o Robotyki Akademickiego Liceum Og\u00f3lnokszta\u0142c\u0105cego Politechniki Bia\u0142ostockiej tworzy grupa oko\u0142o stu uczni\u00f3w","breadcrumb":{"@id":"https:\/\/pb.edu.pl\/liceum-ogolnoksztalcace\/dla-ucznia\/zajecia-projektowe\/robotyka\/#breadcrumb"},"inLanguage":"pl-PL","potentialAction":[{"@type":"ReadAction","target":["https:\/\/pb.edu.pl\/liceum-ogolnoksztalcace\/dla-ucznia\/zajecia-projektowe\/robotyka\/"]}]},{"@type":"ImageObject","inLanguage":"pl-PL","@id":"https:\/\/pb.edu.pl\/liceum-ogolnoksztalcace\/dla-ucznia\/zajecia-projektowe\/robotyka\/#primaryimage","url":"https:\/\/pb.edu.pl\/liceum-ogolnoksztalcace\/wp-content\/uploads\/sites\/10\/2020\/10\/nowoczesna_szkola_1.jpg","contentUrl":"https:\/\/pb.edu.pl\/liceum-ogolnoksztalcace\/wp-content\/uploads\/sites\/10\/2020\/10\/nowoczesna_szkola_1.jpg","width":1000,"height":667},{"@type":"BreadcrumbList","@id":"https:\/\/pb.edu.pl\/liceum-ogolnoksztalcace\/dla-ucznia\/zajecia-projektowe\/robotyka\/#breadcrumb","itemListElement":[{"@type":"ListItem","position":1,"name":"Home","item":"https:\/\/pb.edu.pl\/liceum-ogolnoksztalcace\/"},{"@type":"ListItem","position":2,"name":"Dla ucznia","item":"https:\/\/pb.edu.pl\/liceum-ogolnoksztalcace\/dla-ucznia\/"},{"@type":"ListItem","position":3,"name":"Zaj\u0119cia projektowe","item":"https:\/\/pb.edu.pl\/liceum-ogolnoksztalcace\/dla-ucznia\/zajecia-projektowe\/"},{"@type":"ListItem","position":4,"name":"Robotyka"}]},{"@type":"WebSite","@id":"https:\/\/pb.edu.pl\/liceum-ogolnoksztalcace\/#website","url":"https:\/\/pb.edu.pl\/liceum-ogolnoksztalcace\/","name":"Akademickie Liceum Og\u00f3lnokszta\u0142c\u0105ce Politechniki Bia\u0142ostockiej","description":"","potentialAction":[{"@type":"SearchAction","target":{"@type":"EntryPoint","urlTemplate":"https:\/\/pb.edu.pl\/liceum-ogolnoksztalcace\/?s={search_term_string}"},"query-input":{"@type":"PropertyValueSpecification","valueRequired":true,"valueName":"search_term_string"}}],"inLanguage":"pl-PL"}]}},"_links":{"self":[{"href":"https:\/\/pb.edu.pl\/liceum-ogolnoksztalcace\/wp-json\/wp\/v2\/pages\/499","targetHints":{"allow":["GET"]}}],"collection":[{"href":"https:\/\/pb.edu.pl\/liceum-ogolnoksztalcace\/wp-json\/wp\/v2\/pages"}],"about":[{"href":"https:\/\/pb.edu.pl\/liceum-ogolnoksztalcace\/wp-json\/wp\/v2\/types\/page"}],"author":[{"embeddable":true,"href":"https:\/\/pb.edu.pl\/liceum-ogolnoksztalcace\/wp-json\/wp\/v2\/users\/42"}],"replies":[{"embeddable":true,"href":"https:\/\/pb.edu.pl\/liceum-ogolnoksztalcace\/wp-json\/wp\/v2\/comments?post=499"}],"version-history":[{"count":0,"href":"https:\/\/pb.edu.pl\/liceum-ogolnoksztalcace\/wp-json\/wp\/v2\/pages\/499\/revisions"}],"up":[{"embeddable":true,"href":"https:\/\/pb.edu.pl\/liceum-ogolnoksztalcace\/wp-json\/wp\/v2\/pages\/74"}],"wp:attachment":[{"href":"https:\/\/pb.edu.pl\/liceum-ogolnoksztalcace\/wp-json\/wp\/v2\/media?parent=499"}],"curies":[{"name":"wp","href":"https:\/\/api.w.org\/{rel}","templated":true}]}}