{"id":12,"date":"2017-11-13T21:54:38","date_gmt":"2017-11-13T20:54:38","guid":{"rendered":"https:\/\/pb.edu.pl\/liceum-ogolnoksztalcace\/?page_id=12"},"modified":"2025-05-30T00:30:11","modified_gmt":"2025-05-29T22:30:11","slug":"liceum-ogolnoksztalcace-politechniki-bialostockiej","status":"publish","type":"page","link":"https:\/\/pb.edu.pl\/liceum-ogolnoksztalcace\/","title":{"rendered":""},"content":{"rendered":"<p><img loading=\"lazy\" decoding=\"async\" width=\"1140\" height=\"760\" src=\"https:\/\/pb.edu.pl\/liceum-ogolnoksztalcace\/wp-content\/uploads\/sites\/10\/2024\/07\/liceum-glowne.png\" alt=\"uczniowie Akademickiego Liceum Og\u00f3lnokszta\u0142c\u0105cego Politechniki Bia\u0142ostockiej\" class=\"aligncenter size-full wp-image-12849\" srcset=\"https:\/\/pb.edu.pl\/liceum-ogolnoksztalcace\/wp-content\/uploads\/sites\/10\/2024\/07\/liceum-glowne.png 1140w, https:\/\/pb.edu.pl\/liceum-ogolnoksztalcace\/wp-content\/uploads\/sites\/10\/2024\/07\/liceum-glowne-300x200.png 300w, https:\/\/pb.edu.pl\/liceum-ogolnoksztalcace\/wp-content\/uploads\/sites\/10\/2024\/07\/liceum-glowne-1024x683.png 1024w, https:\/\/pb.edu.pl\/liceum-ogolnoksztalcace\/wp-content\/uploads\/sites\/10\/2024\/07\/liceum-glowne-768x512.png 768w, https:\/\/pb.edu.pl\/liceum-ogolnoksztalcace\/wp-content\/uploads\/sites\/10\/2024\/07\/liceum-glowne-480x320.png 480w\" sizes=\"auto, (max-width: 1140px) 100vw, 1140px\" \/><br \/>\n&nbsp;<\/p>\n<div class=\"h1 text-center\">Profile Akademickiego Liceum Og\u00f3lnokszta\u0142c\u0105cego PB<\/div>\n<div class=\"row\">\n<div class=\"col-sm-12 text-center profile\">\n<a href=\"\/liceum-ogolnoksztalcace\/rekrutacja\/profile\/\">Architektura i budownictwo<\/a> &nbsp; | &nbsp; <a href=\"\/liceum-ogolnoksztalcace\/rekrutacja\/profile\/\">Przemys\u0142 przysz\u0142o\u015bci<\/a> &nbsp; | &nbsp; <a href=\"\/liceum-ogolnoksztalcace\/rekrutacja\/profile\/\">Informatyka<\/a> &nbsp; | &nbsp; <a href=\"\/liceum-ogolnoksztalcace\/rekrutacja\/profile\/\">Programowanie<\/a> &nbsp; | &nbsp; <a href=\"\/liceum-ogolnoksztalcace\/rekrutacja\/profile\/\">Ekotechnologia<\/a> &nbsp;  | &nbsp; <a href=\"\/liceum-ogolnoksztalcace\/rekrutacja\/profile\/\">Ekoin\u017cynieria<\/a>\n<\/div>\n<p>&nbsp;<\/p>\n<div id=\"aktualnosci\" class=\"href\">&nbsp;<\/div>\n<h2 style=\"font-size: 3rem\"><a style=\"text-decoration: none\" title=\"poka\u017c wszystkie aktualno\u015bci\" href=\"\/liceum-ogolnoksztalcace\/aktualnosci\/\">Aktualno\u015bci <i class=\"fa fa-caret-right\" aria-hidden=\"true\"><\/i><\/a><\/h2>\n\t\t<div class=\"box news-box \">\n\t\t<div class=\"row\">\n\t\t\t\n\t\t\t\n\t\t\t\t\n\t\t\t\t\t\t\t\t\t\t<div class=\"col-sm-3\">\n\t\t\t\t\t\t\t\n<article class=\"format-standard\">\n    <span class=\"date text-right\"><i class=\"fal fa-calendar-alt\"><\/i> 04-02-2026<\/span>\n    <a href=\"https:\/\/pb.edu.pl\/liceum-ogolnoksztalcace\/2026\/02\/04\/iii-miejsce-perspektyw\/\">\n      <div class=\"article-image\">\n        <img loading=\"lazy\" decoding=\"async\" width=\"480\" height=\"300\" src=\"https:\/\/pb.edu.pl\/liceum-ogolnoksztalcace\/wp-content\/uploads\/sites\/10\/2026\/02\/8ceba811-6618-403a-89cc-733e0590de62-480x300.jpg\" class=\"attachment-medium-image-16x10 size-medium-image-16x10 wp-post-image\" alt=\"\" \/>      <\/div>\n      <h3>III miejsce Perspektyw <\/h3>\n      Dyrekcja wraz z uczniami ALO PB odebrali wyr\u00f3\u017cnienie III miejsca Rankingu    <\/a>\n<\/article>\t\t\t\t\t\t<\/div>\n\t\t\t\t\t\t\t\t\t\t\t<div class=\"col-sm-3\">\n\t\t\t\t\t\t\t\n<article class=\"format-standard\">\n    <span class=\"date text-right\"><i class=\"fal fa-calendar-alt\"><\/i> 15-01-2026<\/span>\n    <a href=\"https:\/\/pb.edu.pl\/liceum-ogolnoksztalcace\/2026\/01\/15\/alo-pb-w-top-3-podlaskich-liceow\/\">\n      <div class=\"article-image\">\n        <img loading=\"lazy\" decoding=\"async\" width=\"480\" height=\"300\" src=\"https:\/\/pb.edu.pl\/liceum-ogolnoksztalcace\/wp-content\/uploads\/sites\/10\/2026\/01\/616632301_1302417065255560_3890022511041506071_n-480x300.jpg\" class=\"attachment-medium-image-16x10 size-medium-image-16x10 wp-post-image\" alt=\"\" \/>      <\/div>\n      <h3>ALO PB w TOP 3 podlaskich lice\u00f3w<\/h3>\n      Akademickie Liceum Og\u00f3lnokszta\u0142c\u0105ce Politechniki Bia\u0142ostockiej ponownie awansowa\u0142o w Rankingu Lice\u00f3w Perspektywy.    <\/a>\n<\/article>\t\t\t\t\t\t<\/div>\n\t\t\t\t\t\t\t\t\t\t\t<div class=\"col-sm-3\">\n\t\t\t\t\t\t\t\n<article class=\"format-standard\">\n    <span class=\"date text-right\"><i class=\"fal fa-calendar-alt\"><\/i> 23-04-2026<\/span>\n    <a href=\"https:\/\/pb.edu.pl\/liceum-ogolnoksztalcace\/2026\/04\/23\/dzien-otwarty-alo\/\">\n      <div class=\"article-image\">\n        <img loading=\"lazy\" decoding=\"async\" width=\"480\" height=\"300\" src=\"https:\/\/pb.edu.pl\/liceum-ogolnoksztalcace\/wp-content\/uploads\/sites\/10\/2026\/04\/ALO-PB_1400x900-v2-480x300.jpg\" class=\"attachment-medium-image-16x10 size-medium-image-16x10 wp-post-image\" alt=\"\" \/>      <\/div>\n      <h3>DZIE\u0143 OTWARTY ALO<\/h3>\n      Serdecznie zapraszamy na Dzie\u0144 Otwarty ALO PB, kt\u00f3ry odb\u0119dzie si\u0119 26    <\/a>\n<\/article>\t\t\t\t\t\t<\/div>\n\t\t\t\t\t\t\t\t\t\t\t<div class=\"col-sm-3\">\n\t\t\t\t\t\t\t\n<article class=\"format-standard\">\n    <span class=\"date text-right\"><i class=\"fal fa-calendar-alt\"><\/i> 06-05-2026<\/span>\n    <a href=\"https:\/\/pb.edu.pl\/liceum-ogolnoksztalcace\/2026\/05\/06\/indeksy-matematyka-stosowana\/\">\n      <div class=\"article-image\">\n        <img loading=\"lazy\" decoding=\"async\" width=\"480\" height=\"300\" src=\"https:\/\/pb.edu.pl\/liceum-ogolnoksztalcace\/wp-content\/uploads\/sites\/10\/2026\/05\/2026-04-26-Wyniki-konkursu-Matematyka-Stosowana-fot-Dariusz-Piekut-PB-32-480x300.jpg\" class=\"attachment-medium-image-16x10 size-medium-image-16x10 wp-post-image\" alt=\"\" srcset=\"https:\/\/pb.edu.pl\/liceum-ogolnoksztalcace\/wp-content\/uploads\/sites\/10\/2026\/05\/2026-04-26-Wyniki-konkursu-Matematyka-Stosowana-fot-Dariusz-Piekut-PB-32-480x300.jpg 480w, https:\/\/pb.edu.pl\/liceum-ogolnoksztalcace\/wp-content\/uploads\/sites\/10\/2026\/05\/2026-04-26-Wyniki-konkursu-Matematyka-Stosowana-fot-Dariusz-Piekut-PB-32-300x188.jpg 300w, https:\/\/pb.edu.pl\/liceum-ogolnoksztalcace\/wp-content\/uploads\/sites\/10\/2026\/05\/2026-04-26-Wyniki-konkursu-Matematyka-Stosowana-fot-Dariusz-Piekut-PB-32-1024x640.jpg 1024w, https:\/\/pb.edu.pl\/liceum-ogolnoksztalcace\/wp-content\/uploads\/sites\/10\/2026\/05\/2026-04-26-Wyniki-konkursu-Matematyka-Stosowana-fot-Dariusz-Piekut-PB-32-768x480.jpg 768w, https:\/\/pb.edu.pl\/liceum-ogolnoksztalcace\/wp-content\/uploads\/sites\/10\/2026\/05\/2026-04-26-Wyniki-konkursu-Matematyka-Stosowana-fot-Dariusz-Piekut-PB-32-1536x960.jpg 1536w, https:\/\/pb.edu.pl\/liceum-ogolnoksztalcace\/wp-content\/uploads\/sites\/10\/2026\/05\/2026-04-26-Wyniki-konkursu-Matematyka-Stosowana-fot-Dariusz-Piekut-PB-32-2048x1280.jpg 2048w\" sizes=\"auto, (max-width: 480px) 100vw, 480px\" \/>      <\/div>\n      <h3>Indeksy - Matematyka stosowana<\/h3>\n      Konkurs o indeks Politechniki Bia\u0142ostockiej \u201eMatematyka Stosowana\u201d rozstrzygni\u0119ty. Uczniowie Akademickiego Liceum    <\/a>\n<\/article>\t\t\t\t\t\t<\/div>\n\t\t\t\t\t\t\t\t\t\t\t<div class=\"col-sm-3\">\n\t\t\t\t\t\t\t\n<article class=\"format-standard\">\n    <span class=\"date text-right\"><i class=\"fal fa-calendar-alt\"><\/i> 04-05-2026<\/span>\n    <a href=\"https:\/\/pb.edu.pl\/liceum-ogolnoksztalcace\/2026\/05\/04\/powodzenia\/\">\n      <div class=\"article-image\">\n        <img loading=\"lazy\" decoding=\"async\" width=\"480\" height=\"300\" src=\"https:\/\/pb.edu.pl\/liceum-ogolnoksztalcace\/wp-content\/uploads\/sites\/10\/2026\/05\/687787223_1575306590724546_7930147055781515713_n-480x300.jpg\" class=\"attachment-medium-image-16x10 size-medium-image-16x10 wp-post-image\" alt=\"\" \/>      <\/div>\n      <h3>Powodzenia!<\/h3>\n      Drodzy Maturzy\u015bci, przed Wami wa\u017cny moment \u2013 czas, kt\u00f3ry jest nie    <\/a>\n<\/article>\t\t\t\t\t\t<\/div>\n\t\t\t\t\t\t\t\t\t\t\t<div class=\"col-sm-3\">\n\t\t\t\t\t\t\t\n<article class=\"format-standard\">\n    <span class=\"date text-right\"><i class=\"fal fa-calendar-alt\"><\/i> 03-05-2026<\/span>\n    <a href=\"https:\/\/pb.edu.pl\/liceum-ogolnoksztalcace\/2026\/05\/03\/leonard-dolaczyl-do-zalogi-kosmicznego-rejsu\/\">\n      <div class=\"article-image\">\n        <img loading=\"lazy\" decoding=\"async\" width=\"480\" height=\"300\" src=\"https:\/\/pb.edu.pl\/liceum-ogolnoksztalcace\/wp-content\/uploads\/sites\/10\/2026\/05\/KOSMICZNY-TYDZIEN-Zagle-two-pager-480x300.png\" class=\"attachment-medium-image-16x10 size-medium-image-16x10 wp-post-image\" alt=\"\" \/>      <\/div>\n      <h3>Leonard do\u0142\u0105czy\u0142 do za\u0142ogi Kosmicznego Rejsu<\/h3>\n      Mamy ogromny pow\u00f3d do dumy! Nasz ucze\u0144, Leonard Piotrowski, wygra\u0142 w    <\/a>\n<\/article>\t\t\t\t\t\t<\/div>\n\t\t\t\t\t\t\t\t\t\t\t<div class=\"col-sm-3\">\n\t\t\t\t\t\t\t\n<article class=\"format-standard\">\n    <span class=\"date text-right\"><i class=\"fal fa-calendar-alt\"><\/i> 03-05-2026<\/span>\n    <a href=\"https:\/\/pb.edu.pl\/liceum-ogolnoksztalcace\/2026\/05\/03\/konkurs-o-indeksy-politechniki-bialostockiej-rozstrzygniety\/\">\n      <div class=\"article-image\">\n        <img loading=\"lazy\" decoding=\"async\" width=\"480\" height=\"300\" src=\"https:\/\/pb.edu.pl\/liceum-ogolnoksztalcace\/wp-content\/uploads\/sites\/10\/2026\/05\/2026-04-29-Wyniki-El-Robo-Mech-fot-Dariusz-Piekut-PB-2-480x300.jpg\" class=\"attachment-medium-image-16x10 size-medium-image-16x10 wp-post-image\" alt=\"\" srcset=\"https:\/\/pb.edu.pl\/liceum-ogolnoksztalcace\/wp-content\/uploads\/sites\/10\/2026\/05\/2026-04-29-Wyniki-El-Robo-Mech-fot-Dariusz-Piekut-PB-2-480x300.jpg 480w, https:\/\/pb.edu.pl\/liceum-ogolnoksztalcace\/wp-content\/uploads\/sites\/10\/2026\/05\/2026-04-29-Wyniki-El-Robo-Mech-fot-Dariusz-Piekut-PB-2-300x188.jpg 300w, https:\/\/pb.edu.pl\/liceum-ogolnoksztalcace\/wp-content\/uploads\/sites\/10\/2026\/05\/2026-04-29-Wyniki-El-Robo-Mech-fot-Dariusz-Piekut-PB-2-1024x640.jpg 1024w, https:\/\/pb.edu.pl\/liceum-ogolnoksztalcace\/wp-content\/uploads\/sites\/10\/2026\/05\/2026-04-29-Wyniki-El-Robo-Mech-fot-Dariusz-Piekut-PB-2-768x480.jpg 768w, https:\/\/pb.edu.pl\/liceum-ogolnoksztalcace\/wp-content\/uploads\/sites\/10\/2026\/05\/2026-04-29-Wyniki-El-Robo-Mech-fot-Dariusz-Piekut-PB-2-1536x960.jpg 1536w, https:\/\/pb.edu.pl\/liceum-ogolnoksztalcace\/wp-content\/uploads\/sites\/10\/2026\/05\/2026-04-29-Wyniki-El-Robo-Mech-fot-Dariusz-Piekut-PB-2-2048x1280.jpg 2048w\" sizes=\"auto, (max-width: 480px) 100vw, 480px\" \/>      <\/div>\n      <h3>Konkurs o indeksy Politechniki Bia\u0142ostockiej rozstrzygni\u0119ty! <\/h3>\n      Konkurs o indeks El-Robo-Mech rozstrzygni\u0119ty! 34 uczni\u00f3w ze szk\u00f3\u0142 ponadpodstawowych z    <\/a>\n<\/article>\t\t\t\t\t\t<\/div>\n\t\t\t\t\t\t\t\t\t\t\t<div class=\"col-sm-3\">\n\t\t\t\t\t\t\t\n<article class=\"format-standard\">\n    <span class=\"date text-right\"><i class=\"fal fa-calendar-alt\"><\/i> 30-04-2026<\/span>\n    <a href=\"https:\/\/pb.edu.pl\/liceum-ogolnoksztalcace\/2026\/04\/30\/wyklad-o-zdrowym-zywieniu\/\">\n      <div class=\"article-image\">\n        <img loading=\"lazy\" decoding=\"async\" width=\"480\" height=\"300\" src=\"https:\/\/pb.edu.pl\/liceum-ogolnoksztalcace\/wp-content\/uploads\/sites\/10\/2026\/04\/8cbd3a86-5bf1-4837-b8ce-8e4190c0efd7-480x300.jpg\" class=\"attachment-medium-image-16x10 size-medium-image-16x10 wp-post-image\" alt=\"\" \/>      <\/div>\n      <h3>Wyk\u0142ad o zdrowym \u017cywieniu<\/h3>\n      Dzisiaj w klasach 3B i 3A odby\u0142 si\u0119 dzi\u015b ciekawy wyk\u0142ad    <\/a>\n<\/article>\t\t\t\t\t\t<\/div>\n\t\t\t\t\t\n\t\t\t\t\n\t\t\t\t\t<\/div>\n\t\t\t\t\t<\/div>\n\n<div id=\"zajecia-projektowe\" class=\"href\">&nbsp;<\/div>\n<div style=\"margin-top: 50px;margin-bottom: 15px\"><a class=\"h1 color\" style=\"text-decoration: none\" title=\"poka\u017c wszystkie zaj\u0119cia dodatkowe\" href=\"\/liceum-ogolnoksztalcace\/dla-ucznia\/zajecia-projektowe\/\">Zaj\u0119cia projektowe <i class=\"fa fa-caret-right\" aria-hidden=\"true\"><\/i><\/a><\/div>\n<div class=\"row\">\n<div class=\"col-sm-3 text-center\" style=\"margin-bottom: 25px\"><a class=\"button\" style=\"width: 100%;padding: 0px 5px 10px 5px\" href=\"\/liceum-ogolnoksztalcace\/dla-ucznia\/zajecia-projektowe\/robotyka\/\"><img loading=\"lazy\" decoding=\"async\" class=\"aligncenter size-full wp-image-459\" src=\"https:\/\/pb.edu.pl\/liceum-ogolnoksztalcace\/wp-content\/uploads\/sites\/10\/2017\/12\/mars-67522_640.jpg\" alt=\"\" width=\"640\" height=\"378\"><span class=\"h3\">Robotyka<\/span><\/a><\/div>\n<div class=\"col-sm-3 text-center\" style=\"margin-bottom: 25px\"><a class=\"button\" style=\"width: 100%;padding: 0px 5px 10px 5px\" href=\"\/liceum-ogolnoksztalcace\/dla-ucznia\/zajecia-projektowe\/matematyczne\"><img loading=\"lazy\" decoding=\"async\" class=\"aligncenter wp-image-451 size-full\" src=\"https:\/\/pb.edu.pl\/liceum-ogolnoksztalcace\/wp-content\/uploads\/sites\/10\/2017\/12\/board-1103721_1280.jpg\" alt=\"\" width=\"640\" height=\"378\" srcset=\"https:\/\/pb.edu.pl\/liceum-ogolnoksztalcace\/wp-content\/uploads\/sites\/10\/2017\/12\/board-1103721_1280.jpg 640w, https:\/\/pb.edu.pl\/liceum-ogolnoksztalcace\/wp-content\/uploads\/sites\/10\/2017\/12\/board-1103721_1280-300x177.jpg 300w\" sizes=\"auto, (max-width: 640px) 100vw, 640px\" \/><span class=\"h3\">Ko\u0142o matematyczne<\/span><\/a><\/div>\n<div class=\"col-sm-3 text-center\" style=\"margin-bottom: 25px\"><a class=\"button\" style=\"width: 100%;padding: 0px 5px 10px 5px\" href=\"\/liceum-ogolnoksztalcace\/dla-ucznia\/zajecia-projektowe\/fizyczne\"><img loading=\"lazy\" decoding=\"async\" class=\"aligncenter size-full wp-image-810\" src=\"https:\/\/pb.edu.pl\/liceum-ogolnoksztalcace\/wp-content\/uploads\/sites\/10\/2018\/03\/fizyka-box.jpg\" alt=\"pryzmat\" width=\"600\" height=\"354\"><span class=\"h3\">Ko\u0142o fizyczne<\/span><\/a><\/div>\n<div class=\"col-sm-3 text-center\" style=\"margin-bottom: 25px\"><a class=\"button\" style=\"width: 100%;padding: 0px 5px 10px 5px\" href=\"\/liceum-ogolnoksztalcace\/dla-ucznia\/zajecia-projektowe\/programowanie\"><img loading=\"lazy\" decoding=\"async\" width=\"600\" height=\"354\" class=\"aligncenter size-full wp-image-809\" src=\"https:\/\/pb.edu.pl\/liceum-ogolnoksztalcace\/wp-content\/uploads\/sites\/10\/2018\/03\/programowanie-box.jpg\" alt=\"monitor laptopa z kodem\" srcset=\"https:\/\/pb.edu.pl\/liceum-ogolnoksztalcace\/wp-content\/uploads\/sites\/10\/2018\/03\/programowanie-box.jpg 600w, https:\/\/pb.edu.pl\/liceum-ogolnoksztalcace\/wp-content\/uploads\/sites\/10\/2018\/03\/programowanie-box-300x177.jpg 300w\" sizes=\"auto, (max-width: 600px) 100vw, 600px\" \/><span class=\"h3\">Programowanie<\/span><\/a><\/div>\n<\/div>\n<div class=\"row\">\n<div class=\"col-sm-3 text-center\" style=\"margin-bottom: 25px\"><a class=\"button\" style=\"width: 100%;padding: 0px 5px 10px 5px\" href=\"\/liceum-ogolnoksztalcace\/dla-ucznia\/zajecia-projektowe\/kologierlogicznych\/\"><img loading=\"lazy\" decoding=\"async\" src=\"https:\/\/pb.edu.pl\/liceum-ogolnoksztalcace\/wp-content\/uploads\/sites\/10\/2024\/04\/kolo_gier_politechniki_bialostockiej_szare.png\" alt=\"\" width=\"640\" height=\"378\" class=\"aligncenter size-full wp-image-12047\" \/><span class=\"h3\">Ko\u0142o Gier Logicznych<\/span><\/a><\/div>\n<div class=\"col-sm-3 text-center\" style=\"margin-bottom: 25px\"><a class=\"button\" style=\"width: 100%;padding: 0px 5px 10px 5px\" href=\"\/liceum-ogolnoksztalcace\/dla-ucznia\/zajecia-projektowe\/kolo-szachowe\/\"><img loading=\"lazy\" decoding=\"async\" src=\"https:\/\/pb.edu.pl\/liceum-ogolnoksztalcace\/wp-content\/uploads\/sites\/10\/2024\/09\/szachy.png\" alt=\"\" width=\"1336\" height=\"750\" class=\"aligncenter size-full wp-image-12998\" srcset=\"https:\/\/pb.edu.pl\/liceum-ogolnoksztalcace\/wp-content\/uploads\/sites\/10\/2024\/09\/szachy.png 1336w, https:\/\/pb.edu.pl\/liceum-ogolnoksztalcace\/wp-content\/uploads\/sites\/10\/2024\/09\/szachy-300x168.png 300w, https:\/\/pb.edu.pl\/liceum-ogolnoksztalcace\/wp-content\/uploads\/sites\/10\/2024\/09\/szachy-1024x575.png 1024w, https:\/\/pb.edu.pl\/liceum-ogolnoksztalcace\/wp-content\/uploads\/sites\/10\/2024\/09\/szachy-768x431.png 768w\" sizes=\"auto, (max-width: 1336px) 100vw, 1336px\" \/><span class=\"h3\">Ko\u0142o Szachowe<\/span><\/a><\/div>\n<div class=\"col-sm-3 text-center\" style=\"margin-bottom: 25px\"><a class=\"button\" style=\"width: 100%;padding: 0px 5px 10px 5px\" href=\"\/liceum-ogolnoksztalcace\/dla-ucznia\/zajecia-projektowe\/szkolne-kolo-wolontariatu\/\"><img loading=\"lazy\" decoding=\"async\" src=\"https:\/\/pb.edu.pl\/liceum-ogolnoksztalcace\/wp-content\/uploads\/sites\/10\/2024\/09\/www-kolo-wolontariatu.png\" alt=\"\" width=\"640\" height=\"378\" class=\"aligncenter size-full wp-image-13014\" srcset=\"https:\/\/pb.edu.pl\/liceum-ogolnoksztalcace\/wp-content\/uploads\/sites\/10\/2024\/09\/www-kolo-wolontariatu.png 640w, https:\/\/pb.edu.pl\/liceum-ogolnoksztalcace\/wp-content\/uploads\/sites\/10\/2024\/09\/www-kolo-wolontariatu-300x177.png 300w\" sizes=\"auto, (max-width: 640px) 100vw, 640px\" \/><span class=\"h3\">Szkolne Ko\u0142o Wolontariatu<\/span><\/a><\/div>\n<div class=\"col-sm-3 text-center\" style=\"margin-bottom: 25px\"><a class=\"button\" style=\"width: 100%;padding: 0px 5px 10px 5px\" href=\"\/liceum-ogolnoksztalcace\/dla-ucznia\/zajecia-projektowe\/szkolne-kolo-sportowe-sks\/\"><img loading=\"lazy\" decoding=\"async\" src=\"https:\/\/pb.edu.pl\/liceum-ogolnoksztalcace\/wp-content\/uploads\/sites\/10\/2023\/12\/DSC0125.jpg\" alt=\"\" width=\"640\" height=\"378\" class=\"aligncenter size-full wp-image-11048\" \/><span class=\"h3\">Szkolne Ko\u0142o Sportowe<\/span><\/a><\/div>\n<\/div>\n","protected":false},"excerpt":{"rendered":"<p>&nbsp; Profile Akademickiego Liceum Og\u00f3lnokszta\u0142c\u0105cego PB Architektura i budownictwo &nbsp; | &nbsp; Przemys\u0142 przysz\u0142o\u015bci &nbsp;<\/p>\n","protected":false},"author":2,"featured_media":4574,"parent":0,"menu_order":0,"comment_status":"closed","ping_status":"closed","template":"templates\/reprezentacyjna-4_8.php","meta":{"_acf_changed":false,"ngg_post_thumbnail":0,"footnotes":""},"class_list":["post-12","page","type-page","status-publish","has-post-thumbnail","hentry"],"acf":[],"yoast_head":"<!-- This site is optimized with the Yoast SEO plugin v27.0 - https:\/\/yoast.com\/product\/yoast-seo-wordpress\/ -->\n<title>Akademickie Liceum Og\u00f3lnokszta\u0142c\u0105ce Politechniki Bia\u0142ostockiej<\/title>\n<meta name=\"description\" content=\"Jedyne Liceum Og\u00f3lnokszta\u0142c\u0105ce dzia\u0142aj\u0105ce przy najwi\u0119kszej uczelni technicznej w p\u00f3\u0142nocno-wschodniej Polsce to nie tylko kadra akademicka i nowoczesne laboratoria, ale przede wszystkim nakierowanie na rozw\u00f3j pasji i realizacj\u0119 pomys\u0142\u00f3w uczni\u00f3w.\" \/>\n<meta name=\"robots\" content=\"index, follow, max-snippet:-1, max-image-preview:large, max-video-preview:-1\" \/>\n<link rel=\"canonical\" href=\"https:\/\/pb.edu.pl\/liceum-ogolnoksztalcace\/\" \/>\n<meta name=\"twitter:label1\" content=\"Szacowany czas czytania\" \/>\n\t<meta name=\"twitter:data1\" content=\"3 minuty\" \/>\n<script type=\"application\/ld+json\" class=\"yoast-schema-graph\">{\"@context\":\"https:\/\/schema.org\",\"@graph\":[{\"@type\":\"WebPage\",\"@id\":\"https:\/\/pb.edu.pl\/liceum-ogolnoksztalcace\/\",\"url\":\"https:\/\/pb.edu.pl\/liceum-ogolnoksztalcace\/\",\"name\":\"Akademickie Liceum Og\u00f3lnokszta\u0142c\u0105ce Politechniki Bia\u0142ostockiej\",\"isPartOf\":{\"@id\":\"https:\/\/pb.edu.pl\/liceum-ogolnoksztalcace\/#website\"},\"primaryImageOfPage\":{\"@id\":\"https:\/\/pb.edu.pl\/liceum-ogolnoksztalcace\/#primaryimage\"},\"image\":{\"@id\":\"https:\/\/pb.edu.pl\/liceum-ogolnoksztalcace\/#primaryimage\"},\"thumbnailUrl\":\"https:\/\/pb.edu.pl\/liceum-ogolnoksztalcace\/wp-content\/uploads\/sites\/10\/2020\/05\/2020_05zdjecie-na-glowna_LOPB_1170x780_1.jpg\",\"datePublished\":\"2017-11-13T20:54:38+00:00\",\"dateModified\":\"2025-05-29T22:30:11+00:00\",\"description\":\"Jedyne Liceum Og\u00f3lnokszta\u0142c\u0105ce dzia\u0142aj\u0105ce przy najwi\u0119kszej uczelni technicznej w p\u00f3\u0142nocno-wschodniej Polsce to nie tylko kadra akademicka i nowoczesne laboratoria, ale przede wszystkim nakierowanie na rozw\u00f3j pasji i realizacj\u0119 pomys\u0142\u00f3w uczni\u00f3w.\",\"inLanguage\":\"pl-PL\",\"potentialAction\":[{\"@type\":\"ReadAction\",\"target\":[\"https:\/\/pb.edu.pl\/liceum-ogolnoksztalcace\/\"]}]},{\"@type\":\"ImageObject\",\"inLanguage\":\"pl-PL\",\"@id\":\"https:\/\/pb.edu.pl\/liceum-ogolnoksztalcace\/#primaryimage\",\"url\":\"https:\/\/pb.edu.pl\/liceum-ogolnoksztalcace\/wp-content\/uploads\/sites\/10\/2020\/05\/2020_05zdjecie-na-glowna_LOPB_1170x780_1.jpg\",\"contentUrl\":\"https:\/\/pb.edu.pl\/liceum-ogolnoksztalcace\/wp-content\/uploads\/sites\/10\/2020\/05\/2020_05zdjecie-na-glowna_LOPB_1170x780_1.jpg\",\"width\":1170,\"height\":780,\"caption\":\"uczniowie LO PB\"},{\"@type\":\"WebSite\",\"@id\":\"https:\/\/pb.edu.pl\/liceum-ogolnoksztalcace\/#website\",\"url\":\"https:\/\/pb.edu.pl\/liceum-ogolnoksztalcace\/\",\"name\":\"Akademickie Liceum Og\u00f3lnokszta\u0142c\u0105ce Politechniki Bia\u0142ostockiej\",\"description\":\"\",\"potentialAction\":[{\"@type\":\"SearchAction\",\"target\":{\"@type\":\"EntryPoint\",\"urlTemplate\":\"https:\/\/pb.edu.pl\/liceum-ogolnoksztalcace\/?s={search_term_string}\"},\"query-input\":{\"@type\":\"PropertyValueSpecification\",\"valueRequired\":true,\"valueName\":\"search_term_string\"}}],\"inLanguage\":\"pl-PL\"}]}<\/script>\n<!-- \/ Yoast SEO plugin. -->","yoast_head_json":{"title":"Akademickie Liceum Og\u00f3lnokszta\u0142c\u0105ce Politechniki Bia\u0142ostockiej","description":"Jedyne Liceum Og\u00f3lnokszta\u0142c\u0105ce dzia\u0142aj\u0105ce przy najwi\u0119kszej uczelni technicznej w p\u00f3\u0142nocno-wschodniej Polsce to nie tylko kadra akademicka i nowoczesne laboratoria, ale przede wszystkim nakierowanie na rozw\u00f3j pasji i realizacj\u0119 pomys\u0142\u00f3w uczni\u00f3w.","robots":{"index":"index","follow":"follow","max-snippet":"max-snippet:-1","max-image-preview":"max-image-preview:large","max-video-preview":"max-video-preview:-1"},"canonical":"https:\/\/pb.edu.pl\/liceum-ogolnoksztalcace\/","twitter_misc":{"Szacowany czas czytania":"3 minuty"},"schema":{"@context":"https:\/\/schema.org","@graph":[{"@type":"WebPage","@id":"https:\/\/pb.edu.pl\/liceum-ogolnoksztalcace\/","url":"https:\/\/pb.edu.pl\/liceum-ogolnoksztalcace\/","name":"Akademickie Liceum Og\u00f3lnokszta\u0142c\u0105ce Politechniki Bia\u0142ostockiej","isPartOf":{"@id":"https:\/\/pb.edu.pl\/liceum-ogolnoksztalcace\/#website"},"primaryImageOfPage":{"@id":"https:\/\/pb.edu.pl\/liceum-ogolnoksztalcace\/#primaryimage"},"image":{"@id":"https:\/\/pb.edu.pl\/liceum-ogolnoksztalcace\/#primaryimage"},"thumbnailUrl":"https:\/\/pb.edu.pl\/liceum-ogolnoksztalcace\/wp-content\/uploads\/sites\/10\/2020\/05\/2020_05zdjecie-na-glowna_LOPB_1170x780_1.jpg","datePublished":"2017-11-13T20:54:38+00:00","dateModified":"2025-05-29T22:30:11+00:00","description":"Jedyne Liceum Og\u00f3lnokszta\u0142c\u0105ce dzia\u0142aj\u0105ce przy najwi\u0119kszej uczelni technicznej w p\u00f3\u0142nocno-wschodniej Polsce to nie tylko kadra akademicka i nowoczesne laboratoria, ale przede wszystkim nakierowanie na rozw\u00f3j pasji i realizacj\u0119 pomys\u0142\u00f3w uczni\u00f3w.","inLanguage":"pl-PL","potentialAction":[{"@type":"ReadAction","target":["https:\/\/pb.edu.pl\/liceum-ogolnoksztalcace\/"]}]},{"@type":"ImageObject","inLanguage":"pl-PL","@id":"https:\/\/pb.edu.pl\/liceum-ogolnoksztalcace\/#primaryimage","url":"https:\/\/pb.edu.pl\/liceum-ogolnoksztalcace\/wp-content\/uploads\/sites\/10\/2020\/05\/2020_05zdjecie-na-glowna_LOPB_1170x780_1.jpg","contentUrl":"https:\/\/pb.edu.pl\/liceum-ogolnoksztalcace\/wp-content\/uploads\/sites\/10\/2020\/05\/2020_05zdjecie-na-glowna_LOPB_1170x780_1.jpg","width":1170,"height":780,"caption":"uczniowie LO PB"},{"@type":"WebSite","@id":"https:\/\/pb.edu.pl\/liceum-ogolnoksztalcace\/#website","url":"https:\/\/pb.edu.pl\/liceum-ogolnoksztalcace\/","name":"Akademickie Liceum Og\u00f3lnokszta\u0142c\u0105ce Politechniki Bia\u0142ostockiej","description":"","potentialAction":[{"@type":"SearchAction","target":{"@type":"EntryPoint","urlTemplate":"https:\/\/pb.edu.pl\/liceum-ogolnoksztalcace\/?s={search_term_string}"},"query-input":{"@type":"PropertyValueSpecification","valueRequired":true,"valueName":"search_term_string"}}],"inLanguage":"pl-PL"}]}},"_links":{"self":[{"href":"https:\/\/pb.edu.pl\/liceum-ogolnoksztalcace\/wp-json\/wp\/v2\/pages\/12","targetHints":{"allow":["GET"]}}],"collection":[{"href":"https:\/\/pb.edu.pl\/liceum-ogolnoksztalcace\/wp-json\/wp\/v2\/pages"}],"about":[{"href":"https:\/\/pb.edu.pl\/liceum-ogolnoksztalcace\/wp-json\/wp\/v2\/types\/page"}],"author":[{"embeddable":true,"href":"https:\/\/pb.edu.pl\/liceum-ogolnoksztalcace\/wp-json\/wp\/v2\/users\/2"}],"replies":[{"embeddable":true,"href":"https:\/\/pb.edu.pl\/liceum-ogolnoksztalcace\/wp-json\/wp\/v2\/comments?post=12"}],"version-history":[{"count":0,"href":"https:\/\/pb.edu.pl\/liceum-ogolnoksztalcace\/wp-json\/wp\/v2\/pages\/12\/revisions"}],"wp:featuredmedia":[{"embeddable":true,"href":"https:\/\/pb.edu.pl\/liceum-ogolnoksztalcace\/wp-json\/wp\/v2\/media\/4574"}],"wp:attachment":[{"href":"https:\/\/pb.edu.pl\/liceum-ogolnoksztalcace\/wp-json\/wp\/v2\/media?parent=12"}],"curies":[{"name":"wp","href":"https:\/\/api.w.org\/{rel}","templated":true}]}}