{"id":1147,"date":"2022-01-04T23:07:43","date_gmt":"2022-01-04T22:07:43","guid":{"rendered":"https:\/\/pb.edu.pl\/konferencja-kol\/?page_id=1147"},"modified":"2022-10-20T22:42:08","modified_gmt":"2022-10-20T20:42:08","slug":"informacja-o-przetwarzaniu-danych-osobowych","status":"publish","type":"page","link":"https:\/\/pb.edu.pl\/konferencja-kol\/zgody\/informacja-o-przetwarzaniu-danych-osobowych\/","title":{"rendered":"Informacja o przetwarzaniu danych osobowych"},"content":{"rendered":"<p>Uprzejmie informujemy, \u017ce w wyniku dokonywanej rejestracji przebiegu Konferencji dojdzie do utrwalenia oraz zarejestrowania Pa\u0144stwa wizerunku.<\/p>\n<p>Uczestnik Konferencji o\u015bwiadcza, \u017ce na podstawie art. 81 ust. 1 <em>ustawy z dnia 4 lutego 1994 r. o prawie autorskim i prawach pokrewnych<\/em>, wyra\u017ca zgod\u0119 na utrwalanie oraz nieodp\u0142atne, wielokrotne rozpowszechnianie wizerunku poprzez transmisj\u0119 online przez Internet Wielkiej Konferencji K\u00f3\u0142 Naukowych Politechniki Bia\u0142ostockiej organizowanej przez Politechnik\u0119 Bia\u0142ostock\u0105 oraz na publikacj\u0119 materia\u0142u video, z podaniem imienia i nazwiska, z Konferencji ma kanale YouTube.<\/p>\n<p>Udzia\u0142 w Konferencji oznacza wyra\u017cenie zgody na przetwarzanie przez Politechnik\u0119 Bia\u0142ostock\u0105, z siedzib\u0105 w Bia\u0142ymstoku, ul. Wiejska 45 A, 15-351 Bia\u0142ystok, danych osobowych, w tym oznaczaniu wypowiedzi imieniem i nazwiskiem, oraz umieszczeniu nagrania z Konferencji na kanale YouTube.<br \/>\n&nbsp;<\/p>\n<div class=\"h3\">Informacja o przetwarzaniu danych osobowych<\/div>\n<ol>\n<li>Administratorem Pani\/Pana danych osobowych jest Politechnika Bia\u0142ostocka, ul. Wiejska 45A, 15-351 Bia\u0142ystok, www.pb.edu.pl (zwana dalej Uczelni\u0105), tel.: 85&nbsp;746 90 00, www.bip.pb.edu.pl, e-mail: rektorat@pb.edu.pl.<\/li>\n<li>Administrator, zgodnie z art. 37 ust. 1 lit. a RODO<sup>1<\/sup>, powo\u0142a\u0142 Inspektora Ochrony Danych, z&nbsp;kt\u00f3rym w sprawach zwi\u0105zanych z przetwarzaniem danych osobowych mo\u017ce si\u0119 Pani\/Pan kontaktowa\u0107 za pomoc\u0105 poczty elektronicznej pod&nbsp;adresem: <a href=\"mailto:iod@pb.edu.pl\">iod@pb.edu.pl<\/a>.<\/li>\n<li>Pani\/Pana dane osobowe przetwarzane b\u0119d\u0105 w celu:\n<ol type=\"a\">\n<li>rejestracji uczestnictwa i organizacji konferencji,<\/li>\n<li>komunikowania si\u0119 z Uczestnikami w sprawach zwi\u0105zanych z konferencj\u0105 i udokumentowania jej przebiegu &#8211; na podstawie art. 6 ust. 1 lit. e RODO, gdy\u017c jest to niezb\u0119dne do wykonania zadania realizowanego w interesie publicznym w zwi\u0105zku z misj\u0105 systemu szkolnictwa wy\u017cszego i nauki w zakresie kszta\u0142cenia, dzia\u0142alno\u015bci naukowej, kszta\u0142towania postaw obywatelskich,<\/li>\n<li>rozlicze\u0144 finansowych \u2013 na podstawie art. 6 ust. 1 lit. c RODO,<\/li>\n<li>promocyjnym i informacyjnym \u2013 przetwarzanie danych odbywa si\u0119 na podstawie art. 6 ust. 1 lit. e RODO oraz na podstawie udzielonej zgody wyra\u017conej poprzez osobiste uczestnictwo w miejscu Konferencji &#8211; art. 6 ust. 1 lit. a RODO w zakresie publikacji wizerunku.<\/li>\n<\/ol>\n<\/li>\n<li>Odbiorcami Pani\/Pana danych osobowych mog\u0105 by\u0107 podmioty realizuj\u0105ce us\u0142ugi na rzecz Uczelni m.in. dostawcy us\u0142ug internetowych, obs\u0142uga prawna oraz inne podmioty uprawnione na podstawie przepis\u00f3w prawa, u\u017cytkownicy stron internetowych administratora i portali spo\u0142eczno\u015bciowych na kt\u00f3rych administrator posiada konta (w zakresie wyra\u017conej zgody na przetwarzanie wizerunku).<\/li>\n<li>Dane osobowe przechowywane b\u0119d\u0105 w okresie niezb\u0119dnym do realizacji wy\u017cej okre\u015blonego celu a tak\u017ce przez okres przechowywania dokumentacji finansowo-ksi\u0119gowej lub do czasu cofni\u0119cia udzielonej zgody.<\/li>\n<li>Przys\u0142uguje Pani\/Panu prawo dost\u0119pu do tre\u015bci swoich danych oraz z zastrze\u017ceniem przepis\u00f3w prawa przys\u0142uguje prawo do:\n<ol type=\"a\">\n<li>cofni\u0119cia udzielonej zgody, z zastrze\u017ceniem, \u017ce cofni\u0119cie zgody nie b\u0119dzie wp\u0142ywa\u0107 ma zgodno\u015b\u0107 z prawem przetwarzania, kt\u00f3rego dokonano na podstawie Pani\/Pana zgody przed jej wycofaniem;<\/li>\n<li>sprostowania danych,<\/li>\n<li>usuni\u0119cia danych,<\/li>\n<li>ograniczenia przetwarzania danych,<\/li>\n<li>wniesienia sprzeciwu wobec przetwarzania danych osobowych,<\/li>\n<\/ol>\n<\/li>\n<li>Podanie danych jest dobrowolne i nie jest Pani\/Pan zobowi\u0105zana\/y do ich podania.<\/li>\n<li>Gdy uzna Pani\/Pan, \u017ce przetwarzanie danych osobowych narusza powszechnie obowi\u0105zuj\u0105ce przepisy w tym zakresie przys\u0142uguje Pani\/Panu prawo do wniesienia skargi do Prezesa Urz\u0119du Ochrony Danych Osobowych,<\/li>\n<li>Pani\/Pana dane osobowe nie b\u0119d\u0105 wykorzystywane do zautomatyzowanego podejmowania decyzji ani profilowania, o kt\u00f3rym mowa w art. 22 rozporz\u0105dzenia.<\/li>\n<\/ol>\n<p><sup>1<\/sup> Rozporz\u0105dzenie Parlamentu Europejskiego i Rady (UE) 2016\/679 z dnia 27 kwietnia 2016 r. w sprawie ochrony os\u00f3b fizycznych w zwi\u0105zku z przetwarzaniem danych osobowych i w sprawie swobodnego przep\u0142ywu takich danych oraz uchylenia dyrektywy 95\/46\/WE (og\u00f3lne rozporz\u0105dzenie o ochronie danych) (Dz.U.UE.L.2016.119.1)<br \/>\n&nbsp;<br \/>\n&nbsp;<\/p>\n","protected":false},"excerpt":{"rendered":"<p>Uprzejmie informujemy, \u017ce w wyniku dokonywanej rejestracji przebiegu Konferencji dojdzie do utrwalenia oraz zarejestrowania Pa\u0144stwa<\/p>\n","protected":false},"author":2,"featured_media":0,"parent":30,"menu_order":2,"comment_status":"closed","ping_status":"closed","template":"","meta":{"_acf_changed":false,"ngg_post_thumbnail":0,"footnotes":""},"class_list":["post-1147","page","type-page","status-publish","hentry"],"acf":[],"_links":{"self":[{"href":"https:\/\/pb.edu.pl\/konferencja-kol\/wp-json\/wp\/v2\/pages\/1147","targetHints":{"allow":["GET"]}}],"collection":[{"href":"https:\/\/pb.edu.pl\/konferencja-kol\/wp-json\/wp\/v2\/pages"}],"about":[{"href":"https:\/\/pb.edu.pl\/konferencja-kol\/wp-json\/wp\/v2\/types\/page"}],"author":[{"embeddable":true,"href":"https:\/\/pb.edu.pl\/konferencja-kol\/wp-json\/wp\/v2\/users\/2"}],"replies":[{"embeddable":true,"href":"https:\/\/pb.edu.pl\/konferencja-kol\/wp-json\/wp\/v2\/comments?post=1147"}],"version-history":[{"count":0,"href":"https:\/\/pb.edu.pl\/konferencja-kol\/wp-json\/wp\/v2\/pages\/1147\/revisions"}],"up":[{"embeddable":true,"href":"https:\/\/pb.edu.pl\/konferencja-kol\/wp-json\/wp\/v2\/pages\/30"}],"wp:attachment":[{"href":"https:\/\/pb.edu.pl\/konferencja-kol\/wp-json\/wp\/v2\/media?parent=1147"}],"curies":[{"name":"wp","href":"https:\/\/api.w.org\/{rel}","templated":true}]}}