{"id":1110,"date":"2022-01-04T22:53:13","date_gmt":"2022-01-04T21:53:13","guid":{"rendered":"https:\/\/pb.edu.pl\/konferencja-kol\/?page_id=1110"},"modified":"2024-04-12T21:49:06","modified_gmt":"2024-04-12T19:49:06","slug":"komitet-organizacyjny","status":"publish","type":"page","link":"https:\/\/pb.edu.pl\/konferencja-kol\/o-konferencji\/komitet-organizacyjny\/","title":{"rendered":"Komitet organizacyjny"},"content":{"rendered":"<p>dr hab. in\u017c. Jaros\u0142aw Szusta, prof.PB &#8211; Prorektor ds. Studenckich<\/p>\n<p>dr in\u017c. Jaros\u0142aw Czaban &#8211; Wydzia\u0142 Mechaniczny<\/p>\n<p>dr in\u017c. Adam Jakimowicz &#8211; Wydzia\u0142 Architektury<\/p>\n<p>dr in\u017c. Katarzyna Kalinowska-Wichrowska &#8211; Wydzia\u0142 Budownictwa i Nauk o \u015arodowisku<\/p>\n<p>dr in\u017c. Urszula Kobyli\u0144ska &#8211; Wydzia\u0142 In\u017cynierii Zarz\u0105dzania<\/p>\n<p>mgr Anna Kondracka &#8211; Specjalista ds. Wspierania Edukacji<\/p>\n<p>dr hab. in\u017c. Ireneusz Mrozek, prof. PB &#8211; Wydzia\u0142 Informatyki<\/p>\n<p>mgr Agnieszka Sakowicz-Stasiulewicz &#8211; Dzia\u0142 Promocji Politechniki Bia\u0142ostockiej<\/p>\n<p>dr Izabela Senderacka &#8211; Wydzia\u0142 Mechaniczny<\/p>\n<p>in\u017c. Krzysztof Szwabowski &#8211; Samorz\u0105d Student\u00f3w Politechniki Bia\u0142ostockiej<\/p>\n<p>dr in\u017c. Wojciech Trzasko &#8211; Wydzia\u0142 Elektryczny<\/p>\n","protected":false},"excerpt":{"rendered":"<p>dr hab. in\u017c. Jaros\u0142aw Szusta, prof.PB &#8211; Prorektor ds. Studenckich dr in\u017c. Jaros\u0142aw Czaban &#8211;<\/p>\n","protected":false},"author":2,"featured_media":0,"parent":1084,"menu_order":5,"comment_status":"closed","ping_status":"closed","template":"","meta":{"_acf_changed":false,"ngg_post_thumbnail":0,"footnotes":""},"class_list":["post-1110","page","type-page","status-publish","hentry"],"acf":[],"_links":{"self":[{"href":"https:\/\/pb.edu.pl\/konferencja-kol\/wp-json\/wp\/v2\/pages\/1110","targetHints":{"allow":["GET"]}}],"collection":[{"href":"https:\/\/pb.edu.pl\/konferencja-kol\/wp-json\/wp\/v2\/pages"}],"about":[{"href":"https:\/\/pb.edu.pl\/konferencja-kol\/wp-json\/wp\/v2\/types\/page"}],"author":[{"embeddable":true,"href":"https:\/\/pb.edu.pl\/konferencja-kol\/wp-json\/wp\/v2\/users\/2"}],"replies":[{"embeddable":true,"href":"https:\/\/pb.edu.pl\/konferencja-kol\/wp-json\/wp\/v2\/comments?post=1110"}],"version-history":[{"count":0,"href":"https:\/\/pb.edu.pl\/konferencja-kol\/wp-json\/wp\/v2\/pages\/1110\/revisions"}],"up":[{"embeddable":true,"href":"https:\/\/pb.edu.pl\/konferencja-kol\/wp-json\/wp\/v2\/pages\/1084"}],"wp:attachment":[{"href":"https:\/\/pb.edu.pl\/konferencja-kol\/wp-json\/wp\/v2\/media?parent=1110"}],"curies":[{"name":"wp","href":"https:\/\/api.w.org\/{rel}","templated":true}]}}

<p>dr hab. inż. Jarosław Szusta, prof.PB &#8211; Prorektor ds. Studenckich</p>
<p>dr inż. Jarosław Czaban &#8211; Wydział Mechaniczny</p>
<p>dr inż. Adam Jakimowicz &#8211; Wydział Architektury</p>
<p>dr inż. Katarzyna Kalinowska-Wichrowska &#8211; Wydział Budownictwa i Nauk o Środowisku</p>
<p>dr inż. Urszula Kobylińska &#8211; Wydział Inżynierii Zarządzania</p>
<p>mgr Anna Kondracka &#8211; Specjalista ds. Wspierania Edukacji</p>
<p>dr hab. inż. Ireneusz Mrozek, prof. PB &#8211; Wydział Informatyki</p>
<p>mgr Agnieszka Sakowicz-Stasiulewicz &#8211; Dział Promocji Politechniki Białostockiej</p>
<p>dr Izabela Senderacka &#8211; Wydział Mechaniczny</p>
<p>inż. Krzysztof Szwabowski &#8211; Samorząd Studentów Politechniki Białostockiej</p>
<p>dr inż. Wojciech Trzasko &#8211; Wydział Elektryczny</p>

<p>dr hab. inż. Jarosław Szusta, prof.PB &#8211; Prorektor ds. Studenckich dr inż. Jarosław Czaban &#8211;</p>
