{"id":556,"date":"2024-04-08T11:21:56","date_gmt":"2024-04-08T09:21:56","guid":{"rendered":"https:\/\/pb.edu.pl\/jubileuszpb\/?page_id=556"},"modified":"2024-04-23T11:56:13","modified_gmt":"2024-04-23T09:56:13","slug":"witold-czarnecki","status":"publish","type":"page","link":"https:\/\/pb.edu.pl\/jubileuszpb\/drzewo-pamieci\/witold-czarnecki\/","title":{"rendered":"prof. dr hab. in\u017c. arch. Witold Czarnecki"},"content":{"rendered":"<h3>Prof. dr hab. in\u017c. arch. Witold Czarnecki ps. \u201eKadet\u201d; ur. 8 wrze\u015bnia 1927 w Sarnach. Harcerz Szarych Szereg\u00f3w, \u017bo\u0142nierz Armii Krajowej. Urodzony na Kresach w rodzinie in\u017cyniera budowy most\u00f3w, wychowywa\u0142 si\u0119 m.in. w Piotrkowie Kujawskim i Starosielcach. Podczas wojny ucz\u0119szcza\u0142 w Wilnie na komplety tajnego nauczania, dzia\u0142a\u0142 w ZHP oraz Szarych Szeregach. W 1944 roku \u017co\u0142nierz partyzanckiej 3 Wile\u0144skiej Brygady AK &#8222;Szczerbca&#8221;. Internowany przez NKWD, za pr\u00f3b\u0119 ucieczki skazany na 7 lat \u0142agr\u00f3w. Amnestionowany po zako\u0144czeniu wojny, repatriowa\u0142 si\u0119 do Bia\u0142egostoku, gdzie uko\u0144czy\u0142 Liceum Budowlane. Kr\u00f3tko pracowa\u0142 przy budowie Trasy W-Z.<\/h3>\n<div style=\"clear: both\">&nbsp;<\/div>\n<p>Uko\u0144czy\u0142 studia architektoniczne na Wydziale Architektury Politechniki Gda\u0144skiej, pracuj\u0105c tam jednocze\u015bnie od roku 1953, najpierw w Zak\u0142adzie Do\u015bwiadczalnym, a tak\u017ce jako zast\u0119pca asystenta. Pracowa\u0142 tak\u017ce w biurach projekt\u00f3w Pomorza.<\/p>\n<p>Od 1960 roku Architekt Miasta W\u0142oc\u0142awka, od 1969 Z-ca G\u0142\u00f3wnego Architekta Wojew\u00f3dztwa Olszty\u0144skiego, a od 1970 G\u0142\u00f3wny Architekt Wojew\u00f3dztwa Bydgoskiego. W roku 1972 powr\u00f3ci\u0142 na uczelni\u0119, w roku 1974 uzyska\u0142 doktorat, przez dwie kadencje pe\u0142ni\u0142 funkcj\u0119 prodziekana ds. nauki Wydzia\u0142u Budownictwa L\u0105dowego Akademii Techniczno-Rolniczej w Bydgoszczy.<\/p>\n<p>W roku 1980 uzyska\u0142 stopie\u0144 doktora habilitowanego, przenosz\u0105c si\u0119 w roku 1982 do Instytutu Architektury Politechniki Bia\u0142ostockiej, gdzie w latach 1982-1990 oraz 1996-1999 pe\u0142ni\u0142 funkcj\u0119 dyrektora Instytutu na prawach wydzia\u0142u, a nast\u0119pnie dziekana. Jednocze\u015bnie kierowa\u0142 zak\u0142adem, a p\u00f3\u017aniej katedr\u0105. W roku 1990 uzyska\u0142 tytu\u0142 naukowy profesora. Prac\u0119 w Politechnice Bia\u0142ostockiej zako\u0144czy\u0142 w roku 1999, jednocze\u015bnie rozpoczynaj\u0105c w Wy\u017cszej Szkole Finans\u00f3w i Zarz\u0105dzania w Bia\u0142ymstoku, gdzie przez 8 lat pe\u0142ni\u0142 funkcj\u0119 dziekana Wydzia\u0142u Gospodarki Przestrzennej, a tak\u017ce przewodnicz\u0105cego komitetu wydawniczego.<\/p>\n<p>Og\u00f3\u0142em wykszta\u0142ci\u0142 oko\u0142o trzech tysi\u0119cy student\u00f3w na kierunkach studi\u00f3w: budownictwo, architektura i urbanistyka oraz gospodarka przestrzenna. Wypromowa\u0142 4 doktor\u00f3w.<\/p>\n<p>W 2016 roku otrzyma\u0142 tytu\u0142 Honorowego Profesora Politechniki Bia\u0142ostockiej.<\/p>\n<p>Prof. Witold Czarnecki jest autorem lub wsp\u00f3\u0142autorem projekt\u00f3w i realizacji ponad 70 obiekt\u00f3w architektonicznych i urbanistycznych. By\u0142 autorem i\/lub redaktorem 25 ksi\u0105\u017cek z dziedziny architektury i urbanistyki, opracowa\u0142 i napisa\u0142 ponad 100 artyku\u0142\u00f3w, referat\u00f3w i rozpraw, ponad 80 recenzji, opinii do wniosk\u00f3w o profesur\u0119, rozpraw habilitacyjnych, dysertacji doktorskich, opracowa\u0144 naukowych itp.<\/p>\n<div class=\"row\">\n<div class=\"col-sm-5\">\n<div class=\"ratio ratio-16x9\"><iframe loading=\"lazy\" title=\"Prof. Witold Czarnecki. Dziekan Wydzia\u0142u Architektury Politechniki Bia\u0142ostockiej w Ogrodzie Nauki PB\" width=\"500\" height=\"281\" src=\"https:\/\/www.youtube.com\/embed\/0JWziCnRxIA?feature=oembed\" frameborder=\"0\" allow=\"accelerometer; autoplay; clipboard-write; encrypted-media; gyroscope; picture-in-picture; web-share\" referrerpolicy=\"strict-origin-when-cross-origin\" allowfullscreen><\/iframe><\/div>\n<\/div>\n<\/div>\n<p>Aktywnie dzia\u0142a\u0142 w Stowarzyszeniu Architekt\u00f3w Polskich oraz Towarzystwie Urbanist\u00f3w Polskich, pe\u0142ni\u0105c r\u00f3wnie\u017c funkcje prezesa oddzia\u0142\u00f3w. W Bia\u0142ymstoku wsp\u00f3\u0142tworzy\u0142 Towarzystwo Przyjaci\u00f3\u0142 Grodna i Wilna, Galeri\u0119 im. Sle\u0144dzi\u0144skich, czasopismo Goniec Kresowy, kt\u00f3rego przez szereg lat by\u0142 redaktorem naczelnym, \u015awiatowy Zwi\u0105zek \u017bo\u0142nierzy Armii Krajowej, gdzie w Oddziale w Bia\u0142ymstoku przez wiele lat pe\u0142ni\u0142 funkcj\u0119 prezesa, dbaj\u0105c o zaopatrzenie socjalne wielu kombatant\u00f3w. Prac\u0119 zawodow\u0105 zako\u0144czy\u0142 w roku 2016 w wieku 89 lat. Prowadzi\u0142 dzia\u0142alno\u015b\u0107 dokumentacyjn\u0105 i popularyzatorsk\u0105 w zakresie upami\u0119tnienia czynu zbrojnego Armii Krajowej pisz\u0105c i redaguj\u0105c wiele monografii, artyku\u0142\u00f3w oraz wywiad\u00f3w.<\/p>\n<p>Prof. dr hab. in\u017c. arch. Witold Czarnecki zmar\u0142 23 marca 2023 roku w Bia\u0142ymstoku.<\/p>\nngg_shortcode_0_placeholder\n","protected":false},"excerpt":{"rendered":"<p>Prof. dr hab. in\u017c. arch. Witold Czarnecki ps. \u201eKadet\u201d; ur. 8 wrze\u015bnia 1927 w Sarnach. Harcerz Szarych Szereg\u00f3w, \u017bo\u0142nierz Armii Krajowej. Urodzony na Kresach w rodzinie in\u017cyniera budowy most\u00f3w, wychowywa\u0142 si\u0119 m.in. w Piotrkowie Kujawskim i Starosielcach. Podczas wojny ucz\u0119szcza\u0142 w Wilnie na komplety tajnego nauczania, dzia\u0142a\u0142 w ZHP oraz Szarych Szeregach. W 1944 roku [&hellip;]<\/p>\n","protected":false},"author":84,"featured_media":581,"parent":543,"menu_order":4,"comment_status":"closed","ping_status":"closed","template":"person.php","meta":{"_acf_changed":false,"ngg_post_thumbnail":0,"footnotes":""},"class_list":["post-556","page","type-page","status-publish","has-post-thumbnail","hentry"],"acf":[],"_links":{"self":[{"href":"https:\/\/pb.edu.pl\/jubileuszpb\/wp-json\/wp\/v2\/pages\/556","targetHints":{"allow":["GET"]}}],"collection":[{"href":"https:\/\/pb.edu.pl\/jubileuszpb\/wp-json\/wp\/v2\/pages"}],"about":[{"href":"https:\/\/pb.edu.pl\/jubileuszpb\/wp-json\/wp\/v2\/types\/page"}],"author":[{"embeddable":true,"href":"https:\/\/pb.edu.pl\/jubileuszpb\/wp-json\/wp\/v2\/users\/84"}],"replies":[{"embeddable":true,"href":"https:\/\/pb.edu.pl\/jubileuszpb\/wp-json\/wp\/v2\/comments?post=556"}],"version-history":[{"count":0,"href":"https:\/\/pb.edu.pl\/jubileuszpb\/wp-json\/wp\/v2\/pages\/556\/revisions"}],"up":[{"embeddable":true,"href":"https:\/\/pb.edu.pl\/jubileuszpb\/wp-json\/wp\/v2\/pages\/543"}],"wp:featuredmedia":[{"embeddable":true,"href":"https:\/\/pb.edu.pl\/jubileuszpb\/wp-json\/wp\/v2\/media\/581"}],"wp:attachment":[{"href":"https:\/\/pb.edu.pl\/jubileuszpb\/wp-json\/wp\/v2\/media?parent=556"}],"curies":[{"name":"wp","href":"https:\/\/api.w.org\/{rel}","templated":true}]}}

prof. dr hab. inż. arch. Witold Czarnecki

<h3>Prof. dr hab. inż. arch. Witold Czarnecki ps. „Kadet”; ur. 8 września 1927 w Sarnach. Harcerz Szarych Szeregów, Żołnierz Armii Krajowej. Urodzony na Kresach w rodzinie inżyniera budowy mostów, wychowywał się m.in. w Piotrkowie Kujawskim i Starosielcach. Podczas wojny uczęszczał w Wilnie na komplety tajnego nauczania, działał w ZHP oraz Szarych Szeregach. W 1944 roku żołnierz partyzanckiej 3 Wileńskiej Brygady AK &#8222;Szczerbca&#8221;. Internowany przez NKWD, za próbę ucieczki skazany na 7 lat łagrów. Amnestionowany po zakończeniu wojny, repatriował się do Białegostoku, gdzie ukończył Liceum Budowlane. Krótko pracował przy budowie Trasy W-Z.</h3>
<div style="clear: both">&nbsp;</div>
<p>Ukończył studia architektoniczne na Wydziale Architektury Politechniki Gdańskiej, pracując tam jednocześnie od roku 1953, najpierw w Zakładzie Doświadczalnym, a także jako zastępca asystenta. Pracował także w biurach projektów Pomorza.</p>
<p>Od 1960 roku Architekt Miasta Włocławka, od 1969 Z-ca Głównego Architekta Województwa Olsztyńskiego, a od 1970 Główny Architekt Województwa Bydgoskiego. W roku 1972 powrócił na uczelnię, w roku 1974 uzyskał doktorat, przez dwie kadencje pełnił funkcję prodziekana ds. nauki Wydziału Budownictwa Lądowego Akademii Techniczno-Rolniczej w Bydgoszczy.</p>
<p>W roku 1980 uzyskał stopień doktora habilitowanego, przenosząc się w roku 1982 do Instytutu Architektury Politechniki Białostockiej, gdzie w latach 1982-1990 oraz 1996-1999 pełnił funkcję dyrektora Instytutu na prawach wydziału, a następnie dziekana. Jednocześnie kierował zakładem, a później katedrą. W roku 1990 uzyskał tytuł naukowy profesora. Pracę w Politechnice Białostockiej zakończył w roku 1999, jednocześnie rozpoczynając w Wyższej Szkole Finansów i Zarządzania w Białymstoku, gdzie przez 8 lat pełnił funkcję dziekana Wydziału Gospodarki Przestrzennej, a także przewodniczącego komitetu wydawniczego.</p>
<p>Ogółem wykształcił około trzech tysięcy studentów na kierunkach studiów: budownictwo, architektura i urbanistyka oraz gospodarka przestrzenna. Wypromował 4 doktorów.</p>
<p>W 2016 roku otrzymał tytuł Honorowego Profesora Politechniki Białostockiej.</p>
<p>Prof. Witold Czarnecki jest autorem lub współautorem projektów i realizacji ponad 70 obiektów architektonicznych i urbanistycznych. Był autorem i/lub redaktorem 25 książek z dziedziny architektury i urbanistyki, opracował i napisał ponad 100 artykułów, referatów i rozpraw, ponad 80 recenzji, opinii do wniosków o profesurę, rozpraw habilitacyjnych, dysertacji doktorskich, opracowań naukowych itp.</p>
<div class="row">
<div class="col-sm-5">
<div class="ratio ratio-16x9"><iframe loading="lazy" title="Prof. Witold Czarnecki. Dziekan Wydziału Architektury Politechniki Białostockiej w Ogrodzie Nauki PB" width="500" height="281" src="https://www.youtube.com/embed/0JWziCnRxIA?feature=oembed" frameborder="0" allow="accelerometer; autoplay; clipboard-write; encrypted-media; gyroscope; picture-in-picture; web-share" referrerpolicy="strict-origin-when-cross-origin" allowfullscreen></iframe></div>
</div>
</div>
<p>Aktywnie działał w Stowarzyszeniu Architektów Polskich oraz Towarzystwie Urbanistów Polskich, pełniąc również funkcje prezesa oddziałów. W Białymstoku współtworzył Towarzystwo Przyjaciół Grodna i Wilna, Galerię im. Sleńdzińskich, czasopismo Goniec Kresowy, którego przez szereg lat był redaktorem naczelnym, Światowy Związek Żołnierzy Armii Krajowej, gdzie w Oddziale w Białymstoku przez wiele lat pełnił funkcję prezesa, dbając o zaopatrzenie socjalne wielu kombatantów. Pracę zawodową zakończył w roku 2016 w wieku 89 lat. Prowadził działalność dokumentacyjną i popularyzatorską w zakresie upamiętnienia czynu zbrojnego Armii Krajowej pisząc i redagując wiele monografii, artykułów oraz wywiadów.</p>
<p>Prof. dr hab. inż. arch. Witold Czarnecki zmarł 23 marca 2023 roku w Białymstoku.</p>
ngg_shortcode_0_placeholder

<p>Prof. dr hab. inż. arch. Witold Czarnecki ps. „Kadet”; ur. 8 września 1927 w Sarnach. Harcerz Szarych Szeregów, Żołnierz Armii Krajowej. Urodzony na Kresach w rodzinie inżyniera budowy mostów, wychowywał się m.in. w Piotrkowie Kujawskim i Starosielcach. Podczas wojny uczęszczał w Wilnie na komplety tajnego nauczania, działał w ZHP oraz Szarych Szeregach. W 1944 roku [&hellip;]</p>
