{"id":554,"date":"2024-04-08T11:21:07","date_gmt":"2024-04-08T09:21:07","guid":{"rendered":"https:\/\/pb.edu.pl\/jubileuszpb\/?page_id=554"},"modified":"2024-04-22T12:28:04","modified_gmt":"2024-04-22T10:28:04","slug":"franciszek-siemieniako","status":"publish","type":"page","link":"https:\/\/pb.edu.pl\/jubileuszpb\/drzewo-pamieci\/franciszek-siemieniako\/","title":{"rendered":"prof. dr hab. in\u017c. Franciszek Siemieniako"},"content":{"rendered":"<h3>Prof. dr hab. in\u017c. Franciszek Siemieniako urodzi\u0142 si\u0119 2 lutego 1943 r. w Ozieranach Wielkich. W 1962 r. uko\u0144czy\u0142 Technikum Mechaniczne w Bia\u0142ymstoku, zdobywaj\u0105c dyplom technika o specjalno\u015bci <em>technologia obr\u00f3bki skrawaniem metali<\/em>. Studia wy\u017csze uko\u0144czy\u0142 na Wydziale Mechanicznym Energetyki i Lotnictwa Politechniki Warszawskiej w 1968 r. na kierunku <em>mechanika i budowa maszyn<\/em>. Bezpo\u015brednio po studiach rozpocz\u0105\u0142 prac\u0119 w Technikum Mechanicznym w Bia\u0142ymstoku jako nauczyciel przedmiot\u00f3w zawodowych (<em>mechanika<\/em>, <em>automatyka<\/em>, <em>termodynamika<\/em>). Ju\u017c w drugim roku pracy zawodowej by\u0142 pracownikiem Wy\u017cszej Szko\u0142y In\u017cynierskiej w Bia\u0142ymstoku. W tym\u017ce roku rozpocz\u0105\u0142 dzia\u0142alno\u015b\u0107 wydawnicz\u0105 \u2013 by\u0142 wsp\u00f3\u0142autorem podr\u0119cznika dla szk\u00f3\u0142 \u015brednich <em>Pracownia pomiar\u00f3w i automatyki<\/em>.<\/h3>\n<p>&nbsp;<\/p>\n<p>Prac\u0119 doktorsk\u0105 pt. <em>Demodulacja impuls\u00f3w prostok\u0105tnych w pneumatycznych kaskadach dwukomorowych <\/em>obroni\u0142 w 1976 r. na Wydziale Mechaniki Precyzyjnej Politechniki Warszawskiej. W 1996 r. uzyska\u0142 stopie\u0144 doktora habilitowanego nauk technicznych w dyscyplinie <em>budowa i eksploatacja maszyn<\/em>, specjalno\u015b\u0107 <em>automatyzacja proces\u00f3w produkcyjnych<\/em>, nadany przez Rad\u0119 Naukow\u0105 Wydzia\u0142u Mechaniki i Energetyki Politechniki Wroc\u0142awskiej. Rozprawa habilitacyjna pt. <em>Pneumatyczne filtry dolnoprzepustowe \u2013 analiza i synteza<\/em> by\u0142a opublikowana jako rozprawa naukowa w Wydawnictwach Politechniki Bia\u0142ostockiej.<\/p>\n<p>W roku 2005 r. uzyska\u0142 tytu\u0142 profesora nauk technicznych.<\/p>\n<p>Prof. dr hab. in\u017c. Franciszek Siemieniako przywi\u0105zywa\u0142 ogromn\u0105 rol\u0119 do doskonalenia warsztatu nauczycielskiego. Pod jego kierunkiem powsta\u0142o 134 prace dyplomowe na studiach in\u017cynierskich i 78 prac magisterskich. Bra\u0142 czynny udzia\u0142 w organizacji nowych kierunk\u00f3w studi\u00f3w na Wydziale Mechanicznym PB: <em>automatyka i robotyka <\/em>(1993), uczestniczy\u0142 w modyfikacji planu studi\u00f3w na kierunku: <em>automatyka i robotyka,<\/em> specjalno\u015bci <em>automatyzacja proces\u00f3w przemys\u0142owych <\/em>(2010, 2013), bra\u0142 udzia\u0142 w opracowaniu plan\u00f3w studi\u00f3w na kierunku <em>automatyka i&nbsp;robotyka<\/em> na studiach dziennych i zaocznych na Wydziale Mechanicznym Politechniki Bia\u0142ostockiej w 2003 i 2004 r. oraz w ich modernizacji w 2011 r.<\/p>\n<p>Opracowa\u0142 autorskie programy nauczania przedmiot\u00f3w m.in. <em>automatyki<\/em>, <em>urz\u0105dze\u0144 automatyki<\/em>, <em>automatyzacji proces\u00f3w przemys\u0142owych<\/em>, <em>nap\u0119d\u00f3w p\u0142ynowych<\/em>.<\/p>\n<p>W latach 1981-1982 prof. F. Siemieniako pe\u0142ni\u0142 w Politechnice Bia\u0142ostockiej funkcj\u0119 Dyrektora Instytutu Mechaniki (na prawach Wydzia\u0142u), w latach 1990-1993 by\u0142 Prodziekanem Wydzia\u0142u Mechanicznego. Ponadto w ci\u0105gu trzech kadencji (w latach 1993 \u00f7 1996, 1999 \u00f7 2005) pe\u0142ni\u0142 funkcj\u0119 Prorektora ds. Studenckich i Dydaktyki. W latach 2002-2005 by\u0142 Kierownikiem Katedry Techniki Automatyzacji, natomiast w latach 2005-2008 i 2012-2013 Zast\u0119pc\u0105 Kierownika Katedry Automatyki i Robotyki. W latach 2008-2012 pe\u0142ni\u0142 funkcj\u0119 Dziekana Wydzia\u0142u Mechanicznego. W latach 2012-2013 by\u0142 Kierownikiem Studi\u00f3w Doktoranckich na Wydziale Mechanicznym Politechniki Bia\u0142ostockiej.<\/p>\n<div class=\"row\">\n<div class=\"col-sm-5\">\n<div class=\"ratio ratio-16x9\"><iframe loading=\"lazy\" title=\"Prof. Franciszek Siemieniako \u2013 prorektor Politechniki Bia\u0142ostockiej, dziekan Wydzia\u0142u Mechanicznego\" width=\"500\" height=\"281\" src=\"https:\/\/www.youtube.com\/embed\/zrzDgkWaqho?feature=oembed\" frameborder=\"0\" allow=\"accelerometer; autoplay; clipboard-write; encrypted-media; gyroscope; picture-in-picture; web-share\" referrerpolicy=\"strict-origin-when-cross-origin\" allowfullscreen><\/iframe><\/div>\n<\/div>\n<\/div>\n<p>Prof. F. Siemieniako mia\u0142 znacz\u0105cy dorobek w kszta\u0142towaniu i rozwoju kadry naukowej. By\u0142 promotorem w 8 zako\u0144czonych przewodach doktorskich. Ponadto opracowa\u0142 8 recenzji rozpraw doktorskich, 5 habilitacyjnych, 3 recenzje wydawnicze habilitacyjne oraz 1 recenzj\u0119 wniosku o nadanie tytu\u0142u profesora. Profesor by\u0142 autorem lub wsp\u00f3\u0142autorem ponad 200 publikacji, w tym 5 monografii, 17 podr\u0119cznik\u00f3w i skrypt\u00f3w, 9 rozdzia\u0142\u00f3w w monografiach, 10 artyku\u0142\u00f3w w renomowanych czasopismach mi\u0119dzynarodowych oraz wielu artyku\u0142\u00f3w w innych czasopismach.<\/p>\n<p>Na uwag\u0119 zas\u0142uguj\u0105 prace naukowo-badawcze prof. F. Siemieniako zastosowane w praktyce. Wymieni\u0107 tu warto m.in. projekt uk\u0142adu pomiar\u00f3w i automatyki oczyszczalni \u015bciek\u00f3w w Hajn\u00f3wce (1997 r.), projekt stanowiska do zabezpieczenia g\u0142owic butli gazowych. Tema Bia\u0142ystok (1998 r.), projekt uk\u0142adu pomiar\u00f3w i automatyki oczyszczalni \u015bciek\u00f3w Mlekowita w Wysokiem Mazowieckiem (2002 r.), projekt stanowiska do badania wytrzyma\u0142o\u015bci rur z PCV, KAN Sp. z o.o. Bia\u0142ystok-Kleosin (2005 r.), studium metodyki technologii wytwarzania profili PCV metod\u0105 pr\u00f3\u017cniow\u0105 Plastimet E\u0142k, (2010) oraz analiz\u0119 nowoczesnych rozwi\u0105za\u0144 sprz\u0119towych (maszyn\/urz\u0105dze\u0144 do produkcji) do wdro\u017cenia przez firm\u0119, Padma Art. Suwa\u0142ki (2011).<\/p>\n<p>Prof. dr hab. in\u017c. Franciszek Siemieniako by\u0142 cz\u0142onkiem Komitetu Teorii Maszyn i Mechanizm\u00f3w przy Komitecie Budowy Maszyn Polskiej Akademii Nauk (od 1993 r.) oraz cz\u0142onkiem Stowarzyszenia In\u017cynier\u00f3w i Technik\u00f3w Mechanik\u00f3w Polskich (od 1966 r., przewodnicz\u0105cy Ko\u0142a Uczelnianego w Politechnice Bia\u0142ostockiej w latach 2006-2008). By\u0142 r\u00f3wnie\u017c cz\u0142onkiem Komisji Akredytacyjnej Uczelni Technicznych (w latach 1999-2002) oraz Przewodnicz\u0105cym Fundacji na Rzecz Rozwoju Politechniki Bia\u0142ostockiej (w latach 2001-2002) i cz\u0142onkiem prezydium (w latach 2002-2008).<\/p>\n<p>W 2014 roku otrzyma\u0142 tytu\u0142 Honorowego Profesora Politechniki Bia\u0142ostockiej.<\/p>\n<p>Prof. dr hab. in\u017c. Franciszek Siemieniako otrzyma\u0142 szereg odznacze\u0144 i nagr\u00f3d. Do najwa\u017cniejszych nale\u017c\u0105: Z\u0142oty Krzy\u017c Zas\u0142ugi, Medal Komisji Edukacji Narodowej, Srebrna odznaka Zas\u0142u\u017cony Dzia\u0142acz Kultury Fizycznej, Br\u0105zowa Odznaka SIMP. W 2014 r. zosta\u0142 utytu\u0142owany Profesorem Honorowym Politechniki Bia\u0142ostockiej.<\/p>\n<p>Prof. dr hab. in\u017c. Franciszek Siemieniako zmar\u0142 w Bia\u0142ymstoku 6 wrze\u015bnia 2014 roku.<\/p>\nngg_shortcode_0_placeholder\n","protected":false},"excerpt":{"rendered":"<p>Prof. dr hab. in\u017c. Franciszek Siemieniako urodzi\u0142 si\u0119 2 lutego 1943 r. w Ozieranach Wielkich. W 1962 r. uko\u0144czy\u0142 Technikum Mechaniczne w Bia\u0142ymstoku, zdobywaj\u0105c dyplom technika o specjalno\u015bci technologia obr\u00f3bki skrawaniem metali. Studia wy\u017csze uko\u0144czy\u0142 na Wydziale Mechanicznym Energetyki i Lotnictwa Politechniki Warszawskiej w 1968 r. na kierunku mechanika i budowa maszyn. Bezpo\u015brednio po studiach [&hellip;]<\/p>\n","protected":false},"author":84,"featured_media":579,"parent":543,"menu_order":3,"comment_status":"closed","ping_status":"closed","template":"person.php","meta":{"_acf_changed":false,"ngg_post_thumbnail":0,"footnotes":""},"class_list":["post-554","page","type-page","status-publish","has-post-thumbnail","hentry"],"acf":[],"_links":{"self":[{"href":"https:\/\/pb.edu.pl\/jubileuszpb\/wp-json\/wp\/v2\/pages\/554","targetHints":{"allow":["GET"]}}],"collection":[{"href":"https:\/\/pb.edu.pl\/jubileuszpb\/wp-json\/wp\/v2\/pages"}],"about":[{"href":"https:\/\/pb.edu.pl\/jubileuszpb\/wp-json\/wp\/v2\/types\/page"}],"author":[{"embeddable":true,"href":"https:\/\/pb.edu.pl\/jubileuszpb\/wp-json\/wp\/v2\/users\/84"}],"replies":[{"embeddable":true,"href":"https:\/\/pb.edu.pl\/jubileuszpb\/wp-json\/wp\/v2\/comments?post=554"}],"version-history":[{"count":0,"href":"https:\/\/pb.edu.pl\/jubileuszpb\/wp-json\/wp\/v2\/pages\/554\/revisions"}],"up":[{"embeddable":true,"href":"https:\/\/pb.edu.pl\/jubileuszpb\/wp-json\/wp\/v2\/pages\/543"}],"wp:featuredmedia":[{"embeddable":true,"href":"https:\/\/pb.edu.pl\/jubileuszpb\/wp-json\/wp\/v2\/media\/579"}],"wp:attachment":[{"href":"https:\/\/pb.edu.pl\/jubileuszpb\/wp-json\/wp\/v2\/media?parent=554"}],"curies":[{"name":"wp","href":"https:\/\/api.w.org\/{rel}","templated":true}]}}