{"id":533,"date":"2024-04-05T11:21:23","date_gmt":"2024-04-05T09:21:23","guid":{"rendered":"https:\/\/pb.edu.pl\/jubileuszpb\/?page_id=533"},"modified":"2024-05-16T10:38:51","modified_gmt":"2024-05-16T08:38:51","slug":"voucher","status":"publish","type":"page","link":"https:\/\/pb.edu.pl\/jubileuszpb\/voucher\/","title":{"rendered":"Odbierz voucher cateringowy"},"content":{"rendered":"<p><strong>Voucher cateringowy:&nbsp;<\/strong><\/p>\n<p>W dniu wydarzenia odbierzecie voucher cateringowy dla ka\u017cdej zarejestrowanej osoby (uprawnia do tego opaska wst\u0119pu). Vouchery b\u0119d\u0105 wydawane na stoisku przy wej\u015bciu od godz. 11.30.<\/p>\n<p><img loading=\"lazy\" decoding=\"async\" class=\"alignnone wp-image-1059 size-large\" src=\"https:\/\/pb.edu.pl\/jubileuszpb\/wp-content\/uploads\/sites\/124\/2024\/02\/2024_04_voucher_cateringowy_150x50mm_2-1024x367.jpg\" alt=\"\" width=\"1024\" height=\"367\" srcset=\"https:\/\/pb.edu.pl\/jubileuszpb\/wp-content\/uploads\/sites\/124\/2024\/02\/2024_04_voucher_cateringowy_150x50mm_2-1024x367.jpg 1024w, https:\/\/pb.edu.pl\/jubileuszpb\/wp-content\/uploads\/sites\/124\/2024\/02\/2024_04_voucher_cateringowy_150x50mm_2-300x108.jpg 300w, https:\/\/pb.edu.pl\/jubileuszpb\/wp-content\/uploads\/sites\/124\/2024\/02\/2024_04_voucher_cateringowy_150x50mm_2-768x275.jpg 768w, https:\/\/pb.edu.pl\/jubileuszpb\/wp-content\/uploads\/sites\/124\/2024\/02\/2024_04_voucher_cateringowy_150x50mm_2-1536x551.jpg 1536w, https:\/\/pb.edu.pl\/jubileuszpb\/wp-content\/uploads\/sites\/124\/2024\/02\/2024_04_voucher_cateringowy_150x50mm_2-480x172.jpg 480w, https:\/\/pb.edu.pl\/jubileuszpb\/wp-content\/uploads\/sites\/124\/2024\/02\/2024_04_voucher_cateringowy_150x50mm_2.jpg 1843w\" sizes=\"auto, (max-width: 1024px) 100vw, 1024px\" \/><br \/>\n<strong>Do wyboru s\u0105 nast\u0119puj\u0105ce dania:&nbsp;<\/strong><\/p>\n<p><strong>Mi\u0119sne<\/strong><br \/>\n\u2013 box z kurczakiem<br \/>\n\u2013 kie\u0142baska z pieczywem<br \/>\n\u2013 bigos z pieczywem<\/p>\n<p><strong>Wege<\/strong><br \/>\n\u2013 zapiekanka z warzywami<br \/>\n\u2013 grillowane warzywa<\/p>\n<p>Dodatkowo p\u0142atne: mix pierog\u00f3w, frytki, gofry, lody, napoje. Smacznego!<\/p>\n<p style=\"text-align: right\"><a href=\"https:\/\/pb.edu.pl\/jubileuszpb\/wydarzenia\/piknik-rodzinny\/\">Wr\u00f3\u0107 do opisu wydarzenia<\/a><\/p>\n","protected":false},"excerpt":{"rendered":"<p>Voucher cateringowy:&nbsp; W dniu wydarzenia odbierzecie voucher cateringowy dla ka\u017cdej zarejestrowanej osoby (uprawnia do tego opaska wst\u0119pu). Vouchery b\u0119d\u0105 wydawane na stoisku przy wej\u015bciu od godz. 11.30. Do wyboru s\u0105 nast\u0119puj\u0105ce dania:&nbsp; Mi\u0119sne \u2013 box z kurczakiem \u2013 kie\u0142baska z pieczywem \u2013 bigos z pieczywem Wege \u2013 zapiekanka z warzywami \u2013 grillowane warzywa Dodatkowo p\u0142atne: [&hellip;]<\/p>\n","protected":false},"author":2,"featured_media":0,"parent":0,"menu_order":0,"comment_status":"closed","ping_status":"closed","template":"","meta":{"_acf_changed":false,"ngg_post_thumbnail":0,"footnotes":""},"class_list":["post-533","page","type-page","status-publish","hentry"],"acf":[],"_links":{"self":[{"href":"https:\/\/pb.edu.pl\/jubileuszpb\/wp-json\/wp\/v2\/pages\/533","targetHints":{"allow":["GET"]}}],"collection":[{"href":"https:\/\/pb.edu.pl\/jubileuszpb\/wp-json\/wp\/v2\/pages"}],"about":[{"href":"https:\/\/pb.edu.pl\/jubileuszpb\/wp-json\/wp\/v2\/types\/page"}],"author":[{"embeddable":true,"href":"https:\/\/pb.edu.pl\/jubileuszpb\/wp-json\/wp\/v2\/users\/2"}],"replies":[{"embeddable":true,"href":"https:\/\/pb.edu.pl\/jubileuszpb\/wp-json\/wp\/v2\/comments?post=533"}],"version-history":[{"count":0,"href":"https:\/\/pb.edu.pl\/jubileuszpb\/wp-json\/wp\/v2\/pages\/533\/revisions"}],"wp:attachment":[{"href":"https:\/\/pb.edu.pl\/jubileuszpb\/wp-json\/wp\/v2\/media?parent=533"}],"curies":[{"name":"wp","href":"https:\/\/api.w.org\/{rel}","templated":true}]}}