{"id":1618,"date":"2022-01-04T22:52:48","date_gmt":"2022-01-04T21:52:48","guid":{"rendered":"https:\/\/pb.edu.pl\/irt\/about-the-conference\/komitet-naukowy\/"},"modified":"2026-02-17T11:53:25","modified_gmt":"2026-02-17T10:53:25","slug":"scientific-committee","status":"publish","type":"page","link":"https:\/\/pb.edu.pl\/irt\/about-conference\/scientific-committee\/","title":{"rendered":"Scientific committee"},"content":{"rendered":"<p><strong><u>Chairman of the Scientific Committee<\/u><\/strong><\/p>\n<p>Prof. Oleksandr Jewtuszenko (Bialystok University of Technology)<\/p>\n<p><strong><u>Members<\/u><\/strong><\/p>\n<p>prof. Piotr Banaszuk<\/p>\n<p>prof. Micha\u0142 Bo\u0142tryk<\/p>\n<p>prof. Joanna Ejdys<\/p>\n<p>prof. Marcin Kochanowicz<\/p>\n<p>prof. Marek Kr\u0119towski<\/p>\n<p>prof. Micha\u0142 Kuciej<\/p>\n<p>prof. Krzysztof Jan Kurzyd\u0142owski<\/p>\n<p>prof. Joanicjusz Nazarko<\/p>\n<p>prof. Jolanta Pauk<\/p>\n<p>prof. Katarzyna Zabielska-Adamska<\/p>\n<p>prof. Jozef \u017div\u010d\u00e1k<\/p>\n<p>DSc, PhD, Eng. Bogus\u0142aw Butry\u0142o<\/p>\n<p>DSc, PhD, Eng. Marek Dru\u017cd\u017cel<\/p>\n<p>DSc, PhD, Eng. Katarzyna Halicka<\/p>\n<p>DSc, PhD, Monika Kalinowska<\/p>\n<p>DSc, PhD, Eng. Marta Kosior-Kazberuk<\/p>\n<p>DSc, PhD, Agnieszka Malinowska<\/p>\n<p>DSc, PhD, Eng. Piotr Mrozek<\/p>\n<p>DSc, PhD, Jolanta Piekut<\/p>\n<p>DSc, PhD, Janina Piekutin<\/p>\n<p>DSc, PhD, Eng. Miros\u0142aw \u015awiercz<\/p>\n<p>DSc, PhD, Eng. Jacek Mariusz \u017bmojda<\/p>\n<p>PhD, Eng. Barbara Balon<\/p>\n<p>&nbsp;<\/p>\n","protected":false},"excerpt":{"rendered":"<p>Chairman of the Scientific Committee Prof. Oleksandr Jewtuszenko (Bialystok University of Technology) Members prof. Piotr Banaszuk prof. Micha\u0142 Bo\u0142tryk prof. Joanna Ejdys prof. Marcin Kochanowicz prof. Marek Kr\u0119towski prof. Micha\u0142 Kuciej prof. Krzysztof Jan Kurzyd\u0142owski prof. Joanicjusz Nazarko prof. Jolanta Pauk prof. Katarzyna Zabielska-Adamska prof. Jozef \u017div\u010d\u00e1k DSc, PhD, Eng. Bogus\u0142aw Butry\u0142o DSc, PhD, Eng. [&hellip;]<\/p>\n","protected":false},"author":2,"featured_media":0,"parent":1596,"menu_order":2,"comment_status":"closed","ping_status":"closed","template":"","meta":{"_acf_changed":false,"ngg_post_thumbnail":0,"footnotes":""},"class_list":["post-1618","page","type-page","status-publish","hentry"],"acf":[],"_links":{"self":[{"href":"https:\/\/pb.edu.pl\/irt\/wp-json\/wp\/v2\/pages\/1618","targetHints":{"allow":["GET"]}}],"collection":[{"href":"https:\/\/pb.edu.pl\/irt\/wp-json\/wp\/v2\/pages"}],"about":[{"href":"https:\/\/pb.edu.pl\/irt\/wp-json\/wp\/v2\/types\/page"}],"author":[{"embeddable":true,"href":"https:\/\/pb.edu.pl\/irt\/wp-json\/wp\/v2\/users\/2"}],"replies":[{"embeddable":true,"href":"https:\/\/pb.edu.pl\/irt\/wp-json\/wp\/v2\/comments?post=1618"}],"version-history":[{"count":1,"href":"https:\/\/pb.edu.pl\/irt\/wp-json\/wp\/v2\/pages\/1618\/revisions"}],"predecessor-version":[{"id":2149,"href":"https:\/\/pb.edu.pl\/irt\/wp-json\/wp\/v2\/pages\/1618\/revisions\/2149"}],"up":[{"embeddable":true,"href":"https:\/\/pb.edu.pl\/irt\/wp-json\/wp\/v2\/pages\/1596"}],"wp:attachment":[{"href":"https:\/\/pb.edu.pl\/irt\/wp-json\/wp\/v2\/media?parent=1618"}],"curies":[{"name":"wp","href":"https:\/\/api.w.org\/{rel}","templated":true}]}}