{"id":9261,"date":"2022-09-23T17:39:19","date_gmt":"2022-09-23T15:39:19","guid":{"rendered":"https:\/\/pb.edu.pl\/bwm\/?page_id=9261"},"modified":"2022-10-05T09:48:58","modified_gmt":"2022-10-05T07:48:58","slug":"erasmusdays-2021","status":"publish","type":"page","link":"https:\/\/pb.edu.pl\/iros\/erasmusdays-2021\/","title":{"rendered":"Erasmus Days na PB 2021"},"content":{"rendered":"<p><img loading=\"lazy\" decoding=\"async\" class=\"alignnone wp-image-5528 size-full\" src=\"https:\/\/pb.edu.pl\/iros\/wp-content\/uploads\/sites\/24\/2021\/08\/web_banner_970X250px_PL@2x.png\" alt=\"\u015awi\u0119tuj z nami Erasmus Days. Zapraszamy 14-16 pa\u017adziernika  2021 roku\" width=\"1940\" height=\"500\" srcset=\"https:\/\/pb.edu.pl\/iros\/wp-content\/uploads\/sites\/24\/2021\/08\/web_banner_970X250px_PL@2x.png 1940w, https:\/\/pb.edu.pl\/iros\/wp-content\/uploads\/sites\/24\/2021\/08\/web_banner_970X250px_PL@2x-300x77.png 300w, https:\/\/pb.edu.pl\/iros\/wp-content\/uploads\/sites\/24\/2021\/08\/web_banner_970X250px_PL@2x-1024x264.png 1024w, https:\/\/pb.edu.pl\/iros\/wp-content\/uploads\/sites\/24\/2021\/08\/web_banner_970X250px_PL@2x-768x198.png 768w, https:\/\/pb.edu.pl\/iros\/wp-content\/uploads\/sites\/24\/2021\/08\/web_banner_970X250px_PL@2x-1536x396.png 1536w\" sizes=\"auto, (max-width: 1940px) 100vw, 1940px\" \/><\/p>\n<h3>14-16 pa\u017adziernika widzimy si\u0119 na PB!<\/h3>\n<div class=\"row\">\n<div class=\"col-sm-6\">\n<p>Marzysz o podr\u00f3\u017cach? Chcesz poznawa\u0107 nowych ludzi i miejsca nie tylko podczas wakacyjnych woja\u017cy?<\/p>\n<p>Wyjed\u017a na wymian\u0119 studenck\u0105 w ramach programu Erasmus+ i zrealizuj swoje marzenia.<\/p>\n<p>Odwied\u017a nas podczas <strong>ErasmusDays i dowiedz si\u0119 jakie to proste.<\/strong><\/p>\n<p>Przez <strong>3 dni, mi\u0119dzy 14 a 16 pa\u017adziernika 2021 roku, na ca\u0142ym \u015bwiecie<\/strong> (!) b\u0119d\u0105 organizowane spotkania, wystawy oraz debaty, w trakcie kt\u00f3rych b\u0119dzie mo\u017cna pos\u0142ucha\u0107 (lub samemu opowiedzie\u0107) o efektach projekt\u00f3w Erasmus+.<\/p>\n<p>Jako Politechnika Bia\u0142ostocka przygotowali\u015bmy specjalny program wydarzenia, podczas, kt\u00f3rego b\u0119dziesz mia\u0142 mo\u017cliwo\u015b\u0107 zapoznania si\u0119 z praktyczn\u0105 stron\u0105 funkcjonowania Programu Erasmus+.<\/p>\n<\/div>\n<div class=\"col-sm-6\">\n<div class=\"embed-responsive embed-responsive-16by9\"><iframe loading=\"lazy\" title=\"Erasmus Days 2021 na Politechnice Bia\u0142ostockiej!\" width=\"500\" height=\"281\" src=\"https:\/\/www.youtube.com\/embed\/xSmYiN7m2ms?feature=oembed\" frameborder=\"0\" allow=\"accelerometer; autoplay; clipboard-write; encrypted-media; gyroscope; picture-in-picture; web-share\" referrerpolicy=\"strict-origin-when-cross-origin\" allowfullscreen><\/iframe><\/div>\n<\/div>\n<\/div>\n<p><strong>#ErasmusDays<\/strong> to inicjatywa maj\u0105ca na celu upowszechnienie rezultat\u00f3w projekt\u00f3w realizowanych w ramach programu Erasmus+.<\/p>\n<p>Nasza uczelnia realizuje projekty Programu Erasmus+ od samego pocz\u0105tku jego istnienia, dlatego r\u00f3wnie\u017c przy\u0142\u0105czamy si\u0119 do \u015bwi\u0119towania og\u00f3lno\u015bwiatowych Erasmus Days, tym razem na wi\u0119ksz\u0105 skal\u0119. W tym roku Erasmus Days na PB to nie tylko spotkania informacyjne czy akcje promocyjne na wydzia\u0142ach (chocia\u017c tego te\u017c nie zabraknie:). Sprawd\u017acie program wydarzenia, dowiedzcie si\u0119 wi\u0119cej o Erasmusie i \u015bwi\u0119tujcie z nami!<\/p>\n<p>&nbsp;<\/p>\n<div class=\"row\">\n<div class=\"col-sm-6\"><a class=\"button text-center animated zoomIn lead\" style=\"width: 100%\" href=\"#programerasmus\"><strong>Program<\/strong><\/a><\/div>\n<div class=\"col-sm-6\"><a class=\"button text-center animated zoomIn lead\" style=\"width: 100%\" title=\"przejd\u017a do strony\" href=\"bwm\/program-erasmus\/\"><strong>Erasmus+<\/strong><\/a><\/div>\n<div class=\"col-sm-6\"><a class=\"button text-center animated zoomIn lead\" style=\"width: 100%\" title=\"otworzy si\u0119 w nowej karcie\" href=\"mailto:m.kadlubowska@pb.edu.pl\" target=\"_blank\" rel=\"noopener\"><strong>Spotkanie pracownik\u00f3w &#8211; ZAPISZ SI\u0118<\/strong><\/a><\/div>\n<div class=\"col-sm-6\"><a class=\"button text-center animated zoomIn lead\" style=\"width: 100%\" title=\"przejd\u017a do strony\" href=\"bwm\/multimedia\/galerie\/\"><strong>Media<\/strong><\/a><\/div>\n<\/div>\n<p>&nbsp;<br \/>\n<strong>Je\u017celi wyje\u017cd\u017ca\u0142e\u015b ju\u017c na Erasmusa z ramienia PB (w latach 2018 -2021) &#8211; we\u017a udzia\u0142 w konkursie!<\/strong><\/p>\n<p><a href=\"https:\/\/pb.edu.pl\/iros\/epic\/\" target=\"_blank\" rel=\"noopener\"><img loading=\"lazy\" decoding=\"async\" class=\"alignnone wp-image-5553\" src=\"https:\/\/pb.edu.pl\/iros\/wp-content\/uploads\/sites\/24\/2021\/09\/belka-www-EPIC-300x26.png\" alt=\"\" width=\"1200\" height=\"102\" srcset=\"https:\/\/pb.edu.pl\/iros\/wp-content\/uploads\/sites\/24\/2021\/09\/belka-www-EPIC-300x26.png 300w, https:\/\/pb.edu.pl\/iros\/wp-content\/uploads\/sites\/24\/2021\/09\/belka-www-EPIC-768x65.png 768w, https:\/\/pb.edu.pl\/iros\/wp-content\/uploads\/sites\/24\/2021\/09\/belka-www-EPIC.png 940w\" sizes=\"auto, (max-width: 1200px) 100vw, 1200px\" \/><\/a><br \/>\n<a name=\"programerasmus\"><\/a><\/p>\n<h3>Program wydarzenia<\/h3>\n<p>&nbsp;<\/p>\n<div class=\"row\">\n<div class=\"col-sm-4\">\n<h4>Czwartek, 14 pa\u017adziernika<\/h4>\n<ul>\n<li>Stoiska informacyjne na poszczeg\u00f3lnych wydzia\u0142ach Politechniki Bia\u0142ostockiej &#8211; prezentacja mo\u017cliwo\u015bci i zasad programu Erasmus+<\/li>\n<li><strong>Spotkanie informacyjne dla pracownik\u00f3w &#8211; projekty mobilno\u015bciowe Erasmus+ oraz partnerstwa strategiczne<\/strong><br \/>\n<strong>Aula I Wydzia\u0142 Elektryczny, g<\/strong><strong>odz. 9:30-12.00<\/strong>.<br \/>\nZalecana rejestracja mailowa na adres <a title=\"otworzy si\u0119 w nowej karcie\" href=\"mailto:m.kadlubowska@pb.edu.pl\" target=\"_blank\" rel=\"noopener\">m.kadlubowska@pb.edu.pl<\/a>, pisz\u0105c w temacie wiadomo\u015bci &#8222;ErasmusDays &#8211; pracownicy&#8221;<br \/>\n<a title=\"otworzy si\u0119 w nowej karcie\" href=\"https:\/\/pb.edu.pl\/iros\/wp-content\/uploads\/sites\/24\/2021\/10\/program-pracownicy-skrocony-1.pdf\" target=\"_blank\" rel=\"noopener\">Szczeg\u00f3\u0142owy program spotkania dla pracownik\u00f3w<\/a><\/li>\n<\/ul>\n<\/div>\n<div class=\"col-sm-4\">\n<h4>Pi\u0105tek, 15 pa\u017adziernika<\/h4>\n<p><strong>Aula I Wydzia\u0142 Elektryczny, godz. 10:00-14.00<\/strong><\/p>\n<p>10:00 \u2013 10:10 Otwarcie wydarzenia<br \/>\n10:10 \u2013 10:40 Relacja z wyjazdu Erasmus+ (studia i praktyki) &#8211; Mateusz Kowalewicz WBN\u015a \/ WIZ + Q&amp;A<br \/>\n10:40 \u2013 11:00 Rozstrzygni\u0119cie konkursu EPIC Erasmus Pictures<br \/>\n11:00 \u2013 11:20 Prezentacja zasad Erasmus+ &#8211; Marta Orpik, BWM<br \/>\n11:20 \u2013 12:00 Relacja z wyjazdu Erasmus+ (studia) &#8211; Mateusz Kucharczyk (Viana do Castelo) i Piotr Domalewski (University of Aveiro) WIZ + Q&amp;A<br \/>\n12:00 \u2013 12:15 Klasa Konfucja\u0144ska (prezentacja ENG)<br \/>\n12:15 \u2013 13:00 PolishLab (prezentacja ENG)<br \/>\n13:00 \u2013 13:20 Violetta Grabi\u0144ska (SJO) \u2013 O podr\u00f3\u017cach<br \/>\n13:20 \u2013 13:35 SJO \u2013 prezentacja oferty j\u0119zykowej Studium<br \/>\n13:35 \u2013 13:50 Relacja z uczestnictwa w szkole letniej VIPSKILLS \u2013 Agata O\u0142tarzewska, Bernadetta Lubowicka, WBN\u015a<br \/>\n13:50 \u2013 14:00 Harmonogram nadchodz\u0105cej rekrutacji i zako\u0144czenie<\/p>\n<p>Hol przy auli:<br \/>\nWystawa EPIC Erasmus Pictures<br \/>\n&#8211; stoisko BWM<br \/>\n&#8211; stoisko z mo\u017cliwo\u015bci\u0105 wykonania w\u0142asnor\u0119cznie \u201epin\u00f3w\u201d i koszulek z motywami Erasmus;<br \/>\n&#8211; stoisko SJO prezentuj\u0105ce kultur\u0119 i kuchni\u0119 wybranych kraj\u00f3w partnerskich Erasmus+ oraz ofert\u0119 dydaktyczn\u0105 studium<br \/>\n&#8211; stoisko Klasy Konfucja\u0144skiej<br \/>\n&#8211; stoiska dot. uczelni partnerskich<br \/>\n&#8211; stoisko ekologiczne (WBN\u015a)<\/p>\n<p><a title=\"otworzy si\u0119 w nowej karcie\" href=\"https:\/\/pb.edu.pl\/iros\/wp-content\/uploads\/sites\/24\/2021\/10\/program-15.10.-dzien-studencki-.pdf\" target=\"_blank\" rel=\"noopener\">Harmonogram PDF 15.10.2021 Erasmus Days<\/a><\/p>\n<\/div>\n<div class=\"col-sm-4\">\n<h4>Sobota, 16 pa\u017adziernika<\/h4>\n<ul>\n<li>Turniej siatk\u00f3wki dru\u017cyn mieszanych z Politechniki Bia\u0142ostockiej &#8211; studenci zagraniczni i studenci z Polski<br \/>\n<strong>UWAGA!<br \/>\nW zwi\u0105zku z brakiem zapis\u00f3w dru\u017cyn do uczestnictwa w turnieju, sobotnie wydarzenie si\u0119 nie odb\u0119dzie.<\/strong><\/li>\n<\/ul>\n<\/div>\n<\/div>\n<h3>Zapisz si\u0119 na wydarzenie!<\/h3>\n<p><a title=\"\" href=\"https:\/\/fb.me\/e\/2F9yfIW11\" target=\"_blank\" rel=\"noopener\"><img loading=\"lazy\" decoding=\"async\" class=\"wp-image-5637 size-full alignleft\" src=\"https:\/\/pb.edu.pl\/iros\/wp-content\/uploads\/sites\/24\/2021\/09\/EVENT-FB.png\" alt=\"\" width=\"462\" height=\"389\" srcset=\"https:\/\/pb.edu.pl\/iros\/wp-content\/uploads\/sites\/24\/2021\/09\/EVENT-FB.png 462w, https:\/\/pb.edu.pl\/iros\/wp-content\/uploads\/sites\/24\/2021\/09\/EVENT-FB-300x253.png 300w\" sizes=\"auto, (max-width: 462px) 100vw, 462px\" \/><\/a><\/p>\n<h3>&nbsp;<\/h3>\n<h3>&nbsp;<\/h3>\n<h3>&nbsp;<\/h3>\n<h3>&nbsp;<\/h3>\n<h3>&nbsp;<\/h3>\n<h3>&nbsp;<\/h3>\n<h3>&nbsp;<\/h3>\n<h3>&nbsp;<\/h3>\n<h3>&nbsp;<\/h3>\n<p>&nbsp;<\/p>\n<div class=\"col-sm-3\">\n<p><img loading=\"lazy\" decoding=\"async\" class=\"alignleft wp-image-5629\" src=\"https:\/\/pb.edu.pl\/iros\/wp-content\/uploads\/sites\/24\/2021\/09\/IRO-rgb_Czesc1-e1631601461961.png\" alt=\"\" width=\"186\" height=\"114\" srcset=\"https:\/\/pb.edu.pl\/iros\/wp-content\/uploads\/sites\/24\/2021\/09\/IRO-rgb_Czesc1-e1631601461961.png 792w, https:\/\/pb.edu.pl\/iros\/wp-content\/uploads\/sites\/24\/2021\/09\/IRO-rgb_Czesc1-e1631601461961-300x184.png 300w, https:\/\/pb.edu.pl\/iros\/wp-content\/uploads\/sites\/24\/2021\/09\/IRO-rgb_Czesc1-e1631601461961-768x472.png 768w\" sizes=\"auto, (max-width: 186px) 100vw, 186px\" \/><\/p>\n<\/div>\n<div class=\"col-sm-3\"><img loading=\"lazy\" decoding=\"async\" class=\"alignleft wp-image-5725\" src=\"https:\/\/pb.edu.pl\/iros\/wp-content\/uploads\/sites\/24\/2021\/09\/ESN-PB-KOLOR.png\" alt=\"\" width=\"213\" height=\"110\" srcset=\"https:\/\/pb.edu.pl\/iros\/wp-content\/uploads\/sites\/24\/2021\/09\/ESN-PB-KOLOR.png 535w, https:\/\/pb.edu.pl\/iros\/wp-content\/uploads\/sites\/24\/2021\/09\/ESN-PB-KOLOR-300x155.png 300w\" sizes=\"auto, (max-width: 213px) 100vw, 213px\" \/><\/div>\n<div class=\"col-sm-3\"><img loading=\"lazy\" decoding=\"async\" class=\"alignleft wp-image-5630\" src=\"https:\/\/pb.edu.pl\/iros\/wp-content\/uploads\/sites\/24\/2021\/09\/polish-lab-e1631601366445.png\" alt=\"\" width=\"192\" height=\"148\" srcset=\"https:\/\/pb.edu.pl\/iros\/wp-content\/uploads\/sites\/24\/2021\/09\/polish-lab-e1631601366445.png 950w, https:\/\/pb.edu.pl\/iros\/wp-content\/uploads\/sites\/24\/2021\/09\/polish-lab-e1631601366445-300x231.png 300w, https:\/\/pb.edu.pl\/iros\/wp-content\/uploads\/sites\/24\/2021\/09\/polish-lab-e1631601366445-768x592.png 768w\" sizes=\"auto, (max-width: 192px) 100vw, 192px\" \/><\/div>\n<div class=\"col-sm-3\"><img loading=\"lazy\" decoding=\"async\" class=\"alignleft wp-image-5632\" src=\"https:\/\/pb.edu.pl\/iros\/wp-content\/uploads\/sites\/24\/2021\/09\/sjo-pb-e1631601310155.png\" alt=\"\" width=\"117\" height=\"168\" srcset=\"https:\/\/pb.edu.pl\/iros\/wp-content\/uploads\/sites\/24\/2021\/09\/sjo-pb-e1631601310155.png 845w, https:\/\/pb.edu.pl\/iros\/wp-content\/uploads\/sites\/24\/2021\/09\/sjo-pb-e1631601310155-209x300.png 209w, https:\/\/pb.edu.pl\/iros\/wp-content\/uploads\/sites\/24\/2021\/09\/sjo-pb-e1631601310155-713x1024.png 713w, https:\/\/pb.edu.pl\/iros\/wp-content\/uploads\/sites\/24\/2021\/09\/sjo-pb-e1631601310155-768x1103.png 768w\" sizes=\"auto, (max-width: 117px) 100vw, 117px\" \/><\/div>\n","protected":false},"excerpt":{"rendered":"<p>14-16 pa\u017adziernika widzimy si\u0119 na PB! Marzysz o podr\u00f3\u017cach? Chcesz poznawa\u0107 nowych ludzi i miejsca<\/p>\n","protected":false},"author":2,"featured_media":0,"parent":0,"menu_order":100,"comment_status":"closed","ping_status":"closed","template":"","meta":{"_acf_changed":false,"ngg_post_thumbnail":0,"footnotes":""},"class_list":["post-9261","page","type-page","status-publish","hentry"],"acf":[],"_links":{"self":[{"href":"https:\/\/pb.edu.pl\/iros\/wp-json\/wp\/v2\/pages\/9261","targetHints":{"allow":["GET"]}}],"collection":[{"href":"https:\/\/pb.edu.pl\/iros\/wp-json\/wp\/v2\/pages"}],"about":[{"href":"https:\/\/pb.edu.pl\/iros\/wp-json\/wp\/v2\/types\/page"}],"author":[{"embeddable":true,"href":"https:\/\/pb.edu.pl\/iros\/wp-json\/wp\/v2\/users\/2"}],"replies":[{"embeddable":true,"href":"https:\/\/pb.edu.pl\/iros\/wp-json\/wp\/v2\/comments?post=9261"}],"version-history":[{"count":0,"href":"https:\/\/pb.edu.pl\/iros\/wp-json\/wp\/v2\/pages\/9261\/revisions"}],"wp:attachment":[{"href":"https:\/\/pb.edu.pl\/iros\/wp-json\/wp\/v2\/media?parent=9261"}],"curies":[{"name":"wp","href":"https:\/\/api.w.org\/{rel}","templated":true}]}}