{"id":737,"date":"2019-02-19T12:17:16","date_gmt":"2019-02-19T11:17:16","guid":{"rendered":"https:\/\/pb.edu.pl\/bwm\/?page_id=737"},"modified":"2021-12-20T10:40:17","modified_gmt":"2021-12-20T09:40:17","slug":"dokumenty","status":"publish","type":"page","link":"https:\/\/pb.edu.pl\/iros\/projekty-nawa\/projekty-zakonczone\/apm\/dokumenty\/","title":{"rendered":"Dokumenty"},"content":{"rendered":"<h3>Dokumenty w j\u0119zyku polskim:<\/h3>\n<p><a title=\"\" href=\"https:\/\/pb.edu.pl\/iros\/wp-content\/uploads\/sites\/24\/2021\/12\/Regulamin-Projektu-APM-aktualizacja-30.11.2021.pdf\">Regulamin Projektu APM, aktualizacja 30.11.2021 (PDF, wersja skanowana, 6,47 MB)<\/a><\/p>\n<p><a title=\"\" href=\"https:\/\/pb.edu.pl\/iros\/wp-content\/uploads\/sites\/24\/2021\/12\/Regulamin-Projektu-APM-aktualizacja-30.11.2021.docx\">Regulamin Projektu APM, aktualizacja 30.11.2021 (DOCX, wersja dost\u0119pna cyfrowo, 319 KB)<\/a><\/p>\n<p><a title=\"pobierz plik\" class=\"doc\" href=\"https:\/\/pb.edu.pl\/iros\/wp-content\/uploads\/sites\/24\/2021\/12\/zal.-1a.-Ankieta-osobowa-APM-aktualizacja-30.11.2021.doc\" data-id=\"6686\">za\u0142. 1a. Ankieta osobowa APM, aktualizacja 30.11.2021 <span>(DOC, wersja dost\u0119pna cyfrowo, 32 KB)<\/span><\/a><\/p>\n<p><a title=\"pobierz plik\" class=\"doc\" href=\"https:\/\/pb.edu.pl\/iros\/wp-content\/uploads\/sites\/24\/2021\/12\/zal.-1b.-Ankieta-osobowa-APM-studenci-aktualizacja-30.11.2021.doc\" data-id=\"6687\">za\u0142. 1b. Ankieta osobowa APM studenci, aktualizacja 30.11.2021 <span>(DOC, wersja dost\u0119pna cyfrowo, 32 KB)<\/span><\/a><\/p>\n<p><a title=\"pobierz plik\" class=\"docx\" href=\"https:\/\/pb.edu.pl\/iros\/wp-content\/uploads\/sites\/24\/2021\/12\/zal.-2a.Polecenie-wyjazdu-dla-pracownika-aktualizacja-30.11.2021.docx\" data-id=\"6688\">za\u0142. 2a.Polecenie wyjazdu dla pracownika, aktualizacja 30.11.2021 <span>(DOCX, wersja dost\u0119pna cyfrowo, 39 KB)<\/span><\/a><\/p>\n<p><a title=\"pobierz plik\" class=\"docx\" href=\"https:\/\/pb.edu.pl\/iros\/wp-content\/uploads\/sites\/24\/2021\/12\/zal.-2b.-Wniosek-o-sfinansowanie-kosztow-podrozy-studenci-APM-aktualizacja-30.11.2021.docx\" data-id=\"6689\">za\u0142. 2b. Wniosek o sfinansowanie koszt\u00f3w podr\u00f3\u017cy studenci APM, aktualizacja 30.11.2021 <span>(DOCX, wersja dost\u0119pna cyfrowo, 38 KB)<\/span><\/a><\/p>\n<p><a title=\"pobierz plik\" class=\"docx\" href=\"https:\/\/pb.edu.pl\/iros\/wp-content\/uploads\/sites\/24\/2021\/12\/zal.-3.-Umowa-uczestnictwa-pracownika-aktualizacja-30.11.2021.docx\" data-id=\"6690\">za\u0142. 3. Umowa uczestnictwa pracownika, aktualizacja 30.11.2021 <span>(DOCX, wersja dost\u0119pna cyfrowo, 308 KB)<\/span><\/a><\/p>\n<p><a title=\"pobierz plik\" class=\"docx\" href=\"https:\/\/pb.edu.pl\/iros\/wp-content\/uploads\/sites\/24\/2021\/12\/zal.-4a.-Umowa-uczestnictwa-studenta-aktualizacja-30.11.2021.docx\" data-id=\"6691\">za\u0142. 4a. Umowa uczestnictwa studenta, aktualizacja 30.11.2021 <span>(DOCX, wersja dost\u0119pna cyfrowo, 308 KB)<\/span><\/a><\/p>\n<p><a title=\"pobierz plik\" class=\"docx\" href=\"https:\/\/pb.edu.pl\/iros\/wp-content\/uploads\/sites\/24\/2021\/12\/zal.-4b.-Umowa-uczestnictwa-studenta-aktualizacja-30.11.2021.docx\" data-id=\"6692\">za\u0142. 4b. Umowa uczestnictwa studenta, aktualizacja 30.11.2021 <span>(DOCX, wersja dost\u0119pna cyfrowo, 308 KB)<\/span><\/a><\/p>\n<p><a title=\"pobierz plik\" class=\"docx\" href=\"https:\/\/pb.edu.pl\/iros\/wp-content\/uploads\/sites\/24\/2021\/12\/zal.-5.-Wniosek-o-zaliczke-aktualizacja-30.11.2021.docx\" data-id=\"6693\">za\u0142. 5. Wniosek o zaliczk\u0119, aktualizacja 30.11.2021 <span>(DOCX, wersja dost\u0119pna cyfrowo, 24 KB)<\/span><\/a><\/p>\n<p><a title=\"pobierz plik\" class=\"docx\" href=\"https:\/\/pb.edu.pl\/iros\/wp-content\/uploads\/sites\/24\/2021\/12\/zal.-6.-Informacja-dotyczaca-przetwarzania-danych-aktualizacja-30.11.2021.docx\" data-id=\"6694\">za\u0142. 6. Informacja dotycz\u0105ca przetwarzania danych, aktualizacja 30.11.2021 <span>(DOCX, wersja dost\u0119pna cyfrowo, 294 KB)<\/span><\/a><\/p>\n<p><a title=\"pobierz plik\" class=\"docx\" href=\"https:\/\/pb.edu.pl\/iros\/wp-content\/uploads\/sites\/24\/2021\/12\/zal.-7.-Rozliczenie-finansowe-aktualizacja-30.11.2021.docx\" data-id=\"6695\">za\u0142. 7. Rozliczenie finansowe, aktualizacja 30.11.2021 <span>(DOCX, wersja dost\u0119pna cyfrowo, 28 KB)<\/span><\/a><\/p>\n<p><a title=\"pobierz plik\" class=\"docx\" href=\"https:\/\/pb.edu.pl\/iros\/wp-content\/uploads\/sites\/24\/2021\/12\/zal.-8.-Oswiadczenie-dotyczace-podrozy-aktualizacja-30.11.2021.docx\" data-id=\"6696\">za\u0142. 8. O\u015bwiadczenie dotycz\u0105ce podr\u00f3\u017cy, aktualizacja 30.11.2021 <span>(DOCX, wersja dost\u0119pna cyfrowo, 26 KB)<\/span><\/a><\/p>\n<p><a title=\"pobierz plik\" class=\"docx\" href=\"https:\/\/pb.edu.pl\/iros\/wp-content\/uploads\/sites\/24\/2021\/12\/zal.-9.-Wzor-certyfikatu-aktualizacja-30.11.2021.docx\" data-id=\"6697\">za\u0142. 9. Wz\u00f3r certyfikatu, aktualizacja 30.11.2021 <span>(DOCX, wersja dost\u0119pna cyfrowo, 294 KB)<\/span><\/a><\/p>\n<p><a title=\"pobierz plik\" class=\"docx\" href=\"https:\/\/pb.edu.pl\/iros\/wp-content\/uploads\/sites\/24\/2021\/12\/zal.-10.-Oswiadczenie-dotyczace-utworow-30.11.2021.docx\" data-id=\"6698\">za\u0142. 10. Oswiadczenie dotyczace utworow, 30.11.2021 <span>(DOCX, wersja dost\u0119pna cyfrowo, 297 KB)<\/span><\/a><\/p>\n<p><a title=\"pobierz plik\" class=\"docx\" href=\"https:\/\/pb.edu.pl\/iros\/wp-content\/uploads\/sites\/24\/2021\/12\/zal.-11.-Umowa-przeniesienia-majatkowych-praw-autorskichaktualizacja-30.11.2021.docx\" data-id=\"6699\">za\u0142. 11. Umowa przeniesienia majatkowych praw autorskich,aktualizacja 30.11.2021 <span>(DOCX, wersja dost\u0119pna cyfrowo, 296 KB)<\/span><\/a><\/p>\n<p><a class=\"docx\" title=\"pobierz plik\" href=\"https:\/\/pb.edu.pl\/iros\/wp-content\/uploads\/sites\/24\/2021\/02\/Ankieta-ewaluacyjna-PB-APM_2020.docx\" data-id=\"4036\">Ankieta ewaluacyjna PB APM 2020 (DOCX, wersja dost\u0119pna cyfrowo, 307 KB)<\/a><br \/>\n&nbsp;<\/p>\n<p><a class=\"pdf\" title=\"\" href=\"https:\/\/pb.edu.pl\/iros\/wp-content\/uploads\/sites\/24\/2021\/06\/Regulamin-Projektu-APM-aktualizacja-17.06.2021.pdf\" rel=\"noopener\" data-id=\"5249\">Regulamin Projektu APM, aktualizacja 17.06.2021 (PDF, wersja dost\u0119pna cyfrowo, 617 KB)<\/a><\/p>\n<p><a class=\"pdf\" title=\"\" href=\"https:\/\/pb.edu.pl\/iros\/wp-content\/uploads\/sites\/24\/2021\/06\/Regulamin-Projektu-APM-aktualizacja-12.01.2021.pdf\" rel=\"noopener\" data-id=\"5251\">Regulamin Projektu APM, aktualizacja 12.01.2021 (PDF, wersja dost\u0119pna cyfrowo, 610 KB)<\/a><\/p>\n<p><a class=\"pdf\" title=\"\" href=\"https:\/\/pb.edu.pl\/iros\/wp-content\/uploads\/sites\/24\/2019\/04\/Regulamin-Projektu-APM.pdf\" rel=\"noopener noreferrer\">Regulamin Projektu APM (575 KB). 25.01.2019<\/a><\/p>\n<h3>Dokumenty w j\u0119zyku angielskim:<\/h3>\n<p><a title=\"pobierz plik\" class=\"doc\" href=\"https:\/\/pb.edu.pl\/iros\/wp-content\/uploads\/sites\/24\/2021\/12\/Project-regulations-BUT-InterAcademic-Partnerships-30.11.2021.doc\" data-id=\"6709\">Project regulations BUT InterAcademic Partnerships, 30.11.2021 <span>(DOC, wersja dost\u0119pna cyfrowo, 389 KB)<\/span><\/a><\/p>\n<p><a title=\"pobierz plik\" class=\"doc\" href=\"https:\/\/pb.edu.pl\/iros\/wp-content\/uploads\/sites\/24\/2021\/12\/Annex-1a-Personal-survey-employee.doc\" data-id=\"6701\">Annex 1a &#8211; Personal survey &#8211; employee <span>(DOC, wersja dost\u0119pna cyfrowo, 32 KB)<\/span><\/a><\/p>\n<p><a title=\"pobierz plik\" class=\"doc\" href=\"https:\/\/pb.edu.pl\/iros\/wp-content\/uploads\/sites\/24\/2021\/12\/Annex-1b-Personal-survey-student.doc\" data-id=\"6702\">Annex 1b &#8211; Personal survey &#8211; student <span>(DOC, wersja dost\u0119pna cyfrowo, 32 KB)<\/span><\/a><\/p>\n<p><a title=\"pobierz plik\" class=\"docx\" href=\"https:\/\/pb.edu.pl\/iros\/wp-content\/uploads\/sites\/24\/2021\/12\/Annex-3-Agreement-between-the-Beneficiary-and-the-Project-Participant-Employee.docx\" data-id=\"6703\">Annex 3 &#8211; Agreement between the Beneficiary and the Project Participant &#8211; Employee <span>(DOCX, wersja dost\u0119pna cyfrowo, 306 KB)<\/span><\/a><\/p>\n<p><a title=\"pobierz plik\" class=\"docx\" href=\"https:\/\/pb.edu.pl\/iros\/wp-content\/uploads\/sites\/24\/2021\/12\/Annex-4-Agreement-between-the-Beneficiary-and-the-Project-Participant-Student.docx\" data-id=\"6704\">Annex 4 &#8211; Agreement between the Beneficiary and the Project Participant &#8211; Student <span>(DOCX, wersja dost\u0119pna cyfrowo, 305 KB)<\/span><\/a><\/p>\n<p><a title=\"pobierz plik\" class=\"docx\" href=\"https:\/\/pb.edu.pl\/iros\/wp-content\/uploads\/sites\/24\/2021\/12\/Annex-6-Information-on-data-processing-.docx\" data-id=\"6705\">Annex 6 &#8211; Information on data processing <span>(DOCX, wersja dost\u0119pna cyfrowo, 292 KB)<\/span><\/a><\/p>\n<p><a title=\"pobierz plik\" class=\"docx\" href=\"https:\/\/pb.edu.pl\/iros\/wp-content\/uploads\/sites\/24\/2021\/12\/Annex-9-Certificate.docx\" data-id=\"6706\">Annex 9 &#8211; Certificate <span>(DOCX, wersja dost\u0119pna cyfrowo, 291 KB)<\/span><\/a><\/p>\n<p><a title=\"pobierz plik\" class=\"docx\" href=\"https:\/\/pb.edu.pl\/iros\/wp-content\/uploads\/sites\/24\/2021\/12\/Annex-10-Statement-on-project-works.docx\" data-id=\"6707\">Annex 10 &#8211; Statement on project works <span>(DOCX, wersja dost\u0119pna cyfrowo, 287 KB)<\/span><\/a><\/p>\n<p><a title=\"pobierz plik\" class=\"docx\" href=\"https:\/\/pb.edu.pl\/iros\/wp-content\/uploads\/sites\/24\/2021\/12\/Annex-11-Agreement-for-transfer-of-copyright.docx\" data-id=\"6708\">Annex 11 &#8211; Agreement for transfer of copyright <span>(DOCX, wersja dost\u0119pna cyfrowo, 299 KB)<\/span><\/a><\/p>\n<p>&nbsp;<br \/>\n<a class=\"pdf\" title=\"otworzy si\u0119 w nowej karcie\" href=\"https:\/\/pb.edu.pl\/iros\/wp-content\/uploads\/sites\/24\/2021\/06\/Project-regulations-BUT-InterAcademic-Partnerships-17.06.2021.pdf\" target=\"_blank\" rel=\"noopener\" data-id=\"5299\">Project regulations APM, 17.06.2021 (PDF, wersja dost\u0119pna cyfrowo, 599 KB)<\/a><\/p>\n<p><a class=\"pdf\" title=\"\" href=\"https:\/\/pb.edu.pl\/iros\/wp-content\/uploads\/sites\/24\/2021\/06\/Project-regulations-BUT-InterAcademic-Partnerships-12.01.2021.pdf\" rel=\"noopener\" data-id=\"5293\">Project regulations APM, 12.01.2021 (PDF, wersja dost\u0119pna cyfrowo, 598 KB)<\/a><\/p>\n<p><a class=\"pdf\" title=\"\" href=\"https:\/\/pb.edu.pl\/iros\/wp-content\/uploads\/sites\/24\/2019\/04\/Project-regulations-APM.pdf\" rel=\"noopener noreferrer\">Project regulations APM, 25.01.2019 (563 KB), <\/a><\/p>\n","protected":false},"excerpt":{"rendered":"<p>Dokumenty w j\u0119zyku polskim: Regulamin Projektu APM, aktualizacja 30.11.2021 (PDF, wersja skanowana, 6,47 MB) Regulamin<\/p>\n","protected":false},"author":39,"featured_media":0,"parent":321,"menu_order":5,"comment_status":"closed","ping_status":"closed","template":"","meta":{"_acf_changed":false,"ngg_post_thumbnail":0,"footnotes":""},"class_list":["post-737","page","type-page","status-publish","hentry"],"acf":[],"_links":{"self":[{"href":"https:\/\/pb.edu.pl\/iros\/wp-json\/wp\/v2\/pages\/737","targetHints":{"allow":["GET"]}}],"collection":[{"href":"https:\/\/pb.edu.pl\/iros\/wp-json\/wp\/v2\/pages"}],"about":[{"href":"https:\/\/pb.edu.pl\/iros\/wp-json\/wp\/v2\/types\/page"}],"author":[{"embeddable":true,"href":"https:\/\/pb.edu.pl\/iros\/wp-json\/wp\/v2\/users\/39"}],"replies":[{"embeddable":true,"href":"https:\/\/pb.edu.pl\/iros\/wp-json\/wp\/v2\/comments?post=737"}],"version-history":[{"count":0,"href":"https:\/\/pb.edu.pl\/iros\/wp-json\/wp\/v2\/pages\/737\/revisions"}],"up":[{"embeddable":true,"href":"https:\/\/pb.edu.pl\/iros\/wp-json\/wp\/v2\/pages\/321"}],"wp:attachment":[{"href":"https:\/\/pb.edu.pl\/iros\/wp-json\/wp\/v2\/media?parent=737"}],"curies":[{"name":"wp","href":"https:\/\/api.w.org\/{rel}","templated":true}]}}