{"id":735,"date":"2019-02-19T12:16:46","date_gmt":"2019-02-19T11:16:46","guid":{"rendered":"https:\/\/pb.edu.pl\/bwm\/?page_id=735"},"modified":"2021-11-26T14:16:59","modified_gmt":"2021-11-26T13:16:59","slug":"zadania","status":"publish","type":"page","link":"https:\/\/pb.edu.pl\/iros\/projekty-nawa\/projekty-zakonczone\/apm\/zadania\/","title":{"rendered":"Zadania i harmonogram"},"content":{"rendered":"<p><a href=\"https:\/\/pb.edu.pl\/iros\/wp-content\/uploads\/sites\/24\/2021\/11\/harmonogram-apm.png\"><img loading=\"lazy\" decoding=\"async\" class=\"alignleft wp-image-6578\" src=\"https:\/\/pb.edu.pl\/iros\/wp-content\/uploads\/sites\/24\/2021\/11\/harmonogram-apm.png\" alt=\"\" width=\"450\" height=\"300\" srcset=\"https:\/\/pb.edu.pl\/iros\/wp-content\/uploads\/sites\/24\/2021\/11\/harmonogram-apm.png 640w, https:\/\/pb.edu.pl\/iros\/wp-content\/uploads\/sites\/24\/2021\/11\/harmonogram-apm-300x200.png 300w, https:\/\/pb.edu.pl\/iros\/wp-content\/uploads\/sites\/24\/2021\/11\/harmonogram-apm-480x320.png 480w\" sizes=\"auto, (max-width: 450px) 100vw, 450px\" \/><\/a>Dzia\u0142aniami uprawnionymi do realizacji w Programie s\u0105 wymiany student\u00f3w i pracownik\u00f3w, rozw\u00f3j lub przygotowanie nowych narz\u0119dzi i metod kszta\u0142cenia, prowadzenie prac badawczo-rozwojowych w wymiarze mi\u0119dzynarodowym.<\/p>\n<p>W ramach Projektu mo\u017cna wzi\u0105\u0107 udzia\u0142 w nast\u0119puj\u0105cych zadaniach zg\u0142oszonych do Projektu:<\/p>\n<ul>\n<li><strong>Zadanie 1.<\/strong> Prowadzenie prac badawczo-rozwojowych we wsp\u00f3\u0142pracy z University of Patras <strong>(okres realizacji 02\/2019 \u2013 11\/2021)<\/strong><\/li>\n<li><strong>Zadanie 2<\/strong>. Udzia\u0142 grupy student\u00f3w WM PB w Innovation Crunch Time w UTBM. Przeprowadzenie wyk\u0142ad\u00f3w specjalistycznych na WM PB <strong>(okres realizacji 02\/2019 \u2013 11\/2021)<\/strong><\/li>\n<li><strong>Zadanie 3.<\/strong> Prowadzenie prac badawczo-rozwojowych we wsp\u00f3\u0142pracy z TU Chemnitz <strong>(okres realizacji 02\/2019 \u2013 11\/2021)<\/strong><\/li>\n<\/ul>\n<ul>\n<li><strong>Zadanie 4.<\/strong> Szko\u0142a Letnia w Ningbo w 2019 realizowana wsp\u00f3lnie z Zhejiang University Ningbo Institute of Technology <strong>(okres realizacji 04\/2019 \u2013 08\/2019)<\/strong><\/li>\n<li><strong>Zadanie 5.<\/strong> Szko\u0142a letnia w Bia\u0142ymstoku w 2020 realizowana wsp\u00f3lnie z Zhejiang University Ningbo Institute of Technology &#8211; <strong>anulowane<\/strong><\/li>\n<li><strong>Zadanie 6.<\/strong> Prowadzenie prac badawczo-rozwojowych we wsp\u00f3\u0142pracy z LTSI, University of Rennes 1 <strong>(okres realizacji 07\/2019 \u2013 11\/2021)<\/strong><\/li>\n<li><strong>Zadanie 7.<\/strong> Warsztaty dla student\u00f3w we wsp\u00f3\u0142pracy z Georgian Technical University: Komputerowe modelowanie system\u00f3w wodoci\u0105gowych <strong>(okres realizacji 05\/2019 \u2013 10\/2020)<\/strong><\/li>\n<li><strong>Zadanie 8.<\/strong> Warsztaty dla student\u00f3w we wsp\u00f3\u0142pracy z Georgian Technical University: Komputerowe modelowanie system\u00f3w kanalizacyjnych <strong>(okres realizacji 05\/2019 \u2013 12\/2019)<\/strong><\/li>\n<li><strong>Zadanie 9.<\/strong> Warsztaty dla student\u00f3w we wsp\u00f3\u0142pracy z Georgian Technical University: Zastosowanie GIS w modelowaniu sieci wodoci\u0105gowych <strong>(okres realizacji 01\/2020 \u2013 12\/2021)<\/strong><\/li>\n<li><strong>Zadanie 10.<\/strong> Warsztaty dla student\u00f3w we wsp\u00f3\u0142pracy z Georgian Technical University: Zastosowanie GIS w modelowaniu sieci kanalizacyjnych <strong>(okres realizacji 01\/2020 \u2013 12\/2021)<\/strong><\/li>\n<li><strong>Zadanie 11.<\/strong> Seminarium metodologiczne we wsp\u00f3\u0142pracy z Babes Bolyai University <strong>(okres realizacji 12\/2018 \u2013 05\/2019)&lt;<\/strong>\/li&gt;\n<li><strong>Zadanie 12.<\/strong> Warsztaty studenckie, kt\u00f3rych efektem b\u0119dzie wydanie 2 podr\u0119cznik\u00f3w we wsp\u00f3\u0142pracy z Babes Bolyai University <strong>(okres realizacji 06\/2019 \u2013 12\/2021)<\/strong><\/li>\n<li><strong>Zadanie 13.<\/strong> Szko\u0142a letnia EFE realizowana wsp\u00f3lnie z University of Cordoba <strong>(okres realizacji 10\/2018 \u2013 06\/2022)<\/strong><\/li>\n<li><strong>Zadanie 14.<\/strong> Prowadzenie prac badawczo-rozwojowych we wsp\u00f3\u0142pracy z University of Cordoba <strong>(okres realizacji 10\/2018 \u2013 06\/2022)<\/strong><\/li>\n<li><strong>Zadanie 15.<\/strong> Prowadzenie prac badawczo-rozwojowych we wsp\u00f3\u0142pracy z Universita degli Studi di Napoli Federico II <strong>(okres realizacji 12\/2018 \u2013 12\/2021)<\/strong><\/li>\n<li><strong>Zadanie 16.<\/strong> Wymiana pracownik\u00f3w PB i Universita degli Studi di Napoli Federico II <strong>(okres realizacji 02\/2019 \u2013 12\/2021)<\/strong><\/li>\n<li><strong>Zadanie 17.<\/strong> Zarz\u0105dzanie projektem <strong>(okres realizacji 10\/2018 \u2013 06\/2022)<\/strong><\/li>\n<li><strong>Zadanie 18.<\/strong> Wymiana studencka z Moscow State University of Civil Engineering &#8211; <strong>anulowane<\/strong><\/li>\n<\/ul>\n","protected":false},"excerpt":{"rendered":"<p>Dzia\u0142aniami uprawnionymi do realizacji w Programie s\u0105 wymiany student\u00f3w i pracownik\u00f3w, rozw\u00f3j lub przygotowanie nowych<\/p>\n","protected":false},"author":39,"featured_media":0,"parent":321,"menu_order":4,"comment_status":"closed","ping_status":"closed","template":"","meta":{"_acf_changed":false,"ngg_post_thumbnail":0,"footnotes":""},"class_list":["post-735","page","type-page","status-publish","hentry"],"acf":[],"_links":{"self":[{"href":"https:\/\/pb.edu.pl\/iros\/wp-json\/wp\/v2\/pages\/735","targetHints":{"allow":["GET"]}}],"collection":[{"href":"https:\/\/pb.edu.pl\/iros\/wp-json\/wp\/v2\/pages"}],"about":[{"href":"https:\/\/pb.edu.pl\/iros\/wp-json\/wp\/v2\/types\/page"}],"author":[{"embeddable":true,"href":"https:\/\/pb.edu.pl\/iros\/wp-json\/wp\/v2\/users\/39"}],"replies":[{"embeddable":true,"href":"https:\/\/pb.edu.pl\/iros\/wp-json\/wp\/v2\/comments?post=735"}],"version-history":[{"count":0,"href":"https:\/\/pb.edu.pl\/iros\/wp-json\/wp\/v2\/pages\/735\/revisions"}],"up":[{"embeddable":true,"href":"https:\/\/pb.edu.pl\/iros\/wp-json\/wp\/v2\/pages\/321"}],"wp:attachment":[{"href":"https:\/\/pb.edu.pl\/iros\/wp-json\/wp\/v2\/media?parent=735"}],"curies":[{"name":"wp","href":"https:\/\/api.w.org\/{rel}","templated":true}]}}