{"id":5650,"date":"2021-09-14T13:03:24","date_gmt":"2021-09-14T11:03:24","guid":{"rendered":"https:\/\/pb.edu.pl\/bwm\/?page_id=5650"},"modified":"2022-09-22T23:42:01","modified_gmt":"2022-09-22T21:42:01","slug":"o-projekcie","status":"publish","type":"page","link":"https:\/\/pb.edu.pl\/iros\/projekty-nawa\/spinaker-2021-2023\/miedzynarodowa-interdyscyplinarna-szkola-letnia\/o-projekcie\/","title":{"rendered":"O projekcie"},"content":{"rendered":"<p><img loading=\"lazy\" decoding=\"async\" class=\"size-medium wp-image-5966 alignleft\" src=\"https:\/\/pb.edu.pl\/iros\/wp-content\/uploads\/sites\/24\/2021\/10\/logo-spinaker-strona-300x200.png\" alt=\"\" width=\"300\" height=\"200\" srcset=\"https:\/\/pb.edu.pl\/iros\/wp-content\/uploads\/sites\/24\/2021\/10\/logo-spinaker-strona-300x200.png 300w, https:\/\/pb.edu.pl\/iros\/wp-content\/uploads\/sites\/24\/2021\/10\/logo-spinaker-strona-480x320.png 480w, https:\/\/pb.edu.pl\/iros\/wp-content\/uploads\/sites\/24\/2021\/10\/logo-spinaker-strona.png 640w\" sizes=\"auto, (max-width: 300px) 100vw, 300px\" \/>Projekt <strong>Mi\u0119dzynarodowa Interdyscyplinarna Szko\u0142a Letnia \u201eBudownictwo energooszcz\u0119dne, przyjazne u\u017cytkownikom i \u015brodowisku\u201d<\/strong> b\u0119dzie realizowany przez pracownik\u00f3w Wydzia\u0142u Budownictwa i Nauk o \u015arodowisku, Wydzia\u0142u Elektrycznego oraz Wydzia\u0142u Informatyki.<\/p>\n<p>Nauczyciele akademiccy b\u0119d\u0105 mieli okazj\u0119 podwy\u017cszy\u0107 swoje kwalifikacje podczas kursu dla kadry dydaktycznej oraz uczestniczy\u0107 w wyprawie technicznej. 24 student\u00f3w-obcokrajowc\u00f3w we\u017amie nieodp\u0142atnie udzia\u0142 w <strong>mi\u0119dzynarodowej szkole letniej<\/strong>, \u0142\u0105cz\u0105cej zaj\u0119cia stacjonarne na Politechnice Bia\u0142ostockiej z prac\u0105 w formie zdalnej. W proces dydaktyczny w\u0142\u0105cz\u0105 si\u0119 uznani<strong> specjali\u015bci z zagranicznych uczelni<\/strong>. Zaplanowane zosta\u0142y r\u00f3wnie\u017c wizyty studyjne w przedsi\u0119biorstwach bran\u017cowych, w kt\u00f3rych studenci b\u0119d\u0105 mogli zdoby\u0107 wiedz\u0119 praktyczn\u0105.<\/p>\n<p>Mi\u0119dzynarodowy projekt Politechniki Bia\u0142ostockiej pozwoli r\u00f3wnie\u017c <strong>wypromowa\u0107 nasz region<\/strong>, jako obszar atrakcyjny pod wzgl\u0119dem architektonicznym, kulturalnym, historycznym i przyrodniczym, a tak\u017ce \u2013 <strong>wdra\u017caj\u0105cy nowoczesne technologie, przyjazne \u015brodowisku w budownictwie<\/strong>.<br \/>\nDla uczestnik\u00f3w naszego projektu zaplanowane zosta\u0142y r\u00f3wnie\u017c warsztaty kulturowe i wycieczki do miejscowo\u015bci po\u0142o\u017conych w wojew\u00f3dztwie podlaskim.<\/p>\n<p>Przedsi\u0119wzi\u0119cie b\u0119dzie doskona\u0142\u0105 okazj\u0105 do podniesienia kwalifikacji pracownik\u00f3w, wymiany do\u015bwiadcze\u0144 i nawi\u0105zania kontakt\u00f3w z zagranic\u0105. Z kolei studenci wezm\u0105 udzia\u0142 w mi\u0119dzynarodowych warsztatach, podnios\u0105 swoje umiej\u0119tno\u015bci i zdob\u0119d\u0105 now\u0105 wiedz\u0119.<br \/>\nEfekty realizacji projektu prze\u0142o\u017c\u0105 si\u0119 na <strong>podniesienie jako\u015bci kszta\u0142cenia na PB i wzrost umi\u0119dzynarodowienia.<\/strong><\/p>\n<p>Okres trwania projektu przewidziano na 24 miesi\u0105ce, rozpoczynaj\u0105c od wrze\u015bnia 2021 r.<br \/>\nWarto\u015b\u0107 otrzymanego dofinansowania to <strong>523 945,00 PLN<\/strong>.<\/p>\n","protected":false},"excerpt":{"rendered":"<p>Projekt Mi\u0119dzynarodowa Interdyscyplinarna Szko\u0142a Letnia \u201eBudownictwo energooszcz\u0119dne, przyjazne u\u017cytkownikom i \u015brodowisku\u201d b\u0119dzie realizowany przez pracownik\u00f3w<\/p>\n","protected":false},"author":48,"featured_media":0,"parent":9228,"menu_order":2,"comment_status":"closed","ping_status":"closed","template":"","meta":{"_acf_changed":false,"ngg_post_thumbnail":0,"footnotes":""},"class_list":["post-5650","page","type-page","status-publish","hentry"],"acf":[],"_links":{"self":[{"href":"https:\/\/pb.edu.pl\/iros\/wp-json\/wp\/v2\/pages\/5650","targetHints":{"allow":["GET"]}}],"collection":[{"href":"https:\/\/pb.edu.pl\/iros\/wp-json\/wp\/v2\/pages"}],"about":[{"href":"https:\/\/pb.edu.pl\/iros\/wp-json\/wp\/v2\/types\/page"}],"author":[{"embeddable":true,"href":"https:\/\/pb.edu.pl\/iros\/wp-json\/wp\/v2\/users\/48"}],"replies":[{"embeddable":true,"href":"https:\/\/pb.edu.pl\/iros\/wp-json\/wp\/v2\/comments?post=5650"}],"version-history":[{"count":0,"href":"https:\/\/pb.edu.pl\/iros\/wp-json\/wp\/v2\/pages\/5650\/revisions"}],"up":[{"embeddable":true,"href":"https:\/\/pb.edu.pl\/iros\/wp-json\/wp\/v2\/pages\/9228"}],"wp:attachment":[{"href":"https:\/\/pb.edu.pl\/iros\/wp-json\/wp\/v2\/media?parent=5650"}],"curies":[{"name":"wp","href":"https:\/\/api.w.org\/{rel}","templated":true}]}}