{"id":5648,"date":"2021-09-14T13:03:01","date_gmt":"2021-09-14T11:03:01","guid":{"rendered":"https:\/\/pb.edu.pl\/bwm\/?page_id=5648"},"modified":"2022-09-22T23:40:59","modified_gmt":"2022-09-22T21:40:59","slug":"aktualnosci","status":"publish","type":"page","link":"https:\/\/pb.edu.pl\/iros\/projekty-nawa\/spinaker-2021-2023\/miedzynarodowa-interdyscyplinarna-szkola-letnia\/aktualnosci\/","title":{"rendered":"Aktualno\u015bci"},"content":{"rendered":"\t\t<div class=\"box news-box \">\n\t\t<div class=\"row\">\n\t\t\t\n\t\t\t\n\t\t\t\t\n\t\t\t\t\t\t\t\t\t\t<div class=\"col-sm-3\">\n\t\t\t\t\t\t\t\n<article class=\"format-standard\">\n    <span class=\"date text-right\"><i class=\"fal fa-calendar-alt\"><\/i> 27-06-2023<\/span>\n    <a href=\"https:\/\/pb.edu.pl\/iros\/2023\/06\/27\/studenci-z-calego-swiata-przyjechali-na-letnia-szkole-w-politechnice-bialostockiej\/\">\n      <div class=\"article-image\">\n        <img loading=\"lazy\" decoding=\"async\" width=\"450\" height=\"300\" src=\"https:\/\/pb.edu.pl\/iros\/wp-content\/uploads\/sites\/24\/2023\/06\/2023.06.26-Szkola-miedzynarodowa-Spinaker_foto-Mikhno-41.jpg\" class=\"attachment-medium-image-16x10 size-medium-image-16x10 wp-post-image\" alt=\"\" srcset=\"https:\/\/pb.edu.pl\/iros\/wp-content\/uploads\/sites\/24\/2023\/06\/2023.06.26-Szkola-miedzynarodowa-Spinaker_foto-Mikhno-41.jpg 1200w, https:\/\/pb.edu.pl\/iros\/wp-content\/uploads\/sites\/24\/2023\/06\/2023.06.26-Szkola-miedzynarodowa-Spinaker_foto-Mikhno-41-300x200.jpg 300w, https:\/\/pb.edu.pl\/iros\/wp-content\/uploads\/sites\/24\/2023\/06\/2023.06.26-Szkola-miedzynarodowa-Spinaker_foto-Mikhno-41-1024x683.jpg 1024w, https:\/\/pb.edu.pl\/iros\/wp-content\/uploads\/sites\/24\/2023\/06\/2023.06.26-Szkola-miedzynarodowa-Spinaker_foto-Mikhno-41-768x512.jpg 768w, https:\/\/pb.edu.pl\/iros\/wp-content\/uploads\/sites\/24\/2023\/06\/2023.06.26-Szkola-miedzynarodowa-Spinaker_foto-Mikhno-41-480x320.jpg 480w\" sizes=\"auto, (max-width: 450px) 100vw, 450px\" \/>      <\/div>\n      <h3>Studenci z ca\u0142ego \u015bwiata przyjechali na letni\u0105 szko\u0142\u0119 w Politechnice Bia\u0142ostockiej<\/h3>\n          <\/a>\n<\/article>\t\t\t\t\t\t<\/div>\n\t\t\t\t\t\t\t\t\t\t\t<div class=\"col-sm-3\">\n\t\t\t\t\t\t\t\n<article class=\"format-standard\">\n    <span class=\"date text-right\"><i class=\"fal fa-calendar-alt\"><\/i> 06-03-2023<\/span>\n    <a href=\"https:\/\/pb.edu.pl\/iros\/2023\/03\/06\/rekrutacja-studentow-zagranicznych-na-szkole-letnia-spinaker\/\">\n      <div class=\"article-image\">\n        <img loading=\"lazy\" decoding=\"async\" width=\"451\" height=\"300\" src=\"https:\/\/pb.edu.pl\/iros\/wp-content\/uploads\/sites\/24\/2021\/10\/logo-spinaker-strona.png\" class=\"attachment-medium-image-16x10 size-medium-image-16x10 wp-post-image\" alt=\"\" srcset=\"https:\/\/pb.edu.pl\/iros\/wp-content\/uploads\/sites\/24\/2021\/10\/logo-spinaker-strona.png 640w, https:\/\/pb.edu.pl\/iros\/wp-content\/uploads\/sites\/24\/2021\/10\/logo-spinaker-strona-300x200.png 300w, https:\/\/pb.edu.pl\/iros\/wp-content\/uploads\/sites\/24\/2021\/10\/logo-spinaker-strona-480x320.png 480w\" sizes=\"auto, (max-width: 451px) 100vw, 451px\" \/>      <\/div>\n      <h3>Rekrutacja student\u00f3w zagranicznych na szko\u0142\u0119 letni\u0105 SPINAKER<\/h3>\n          <\/a>\n<\/article>\t\t\t\t\t\t<\/div>\n\t\t\t\t\t\t\t\t\t\t\t<div class=\"col-sm-3\">\n\t\t\t\t\t\t\t\n<article class=\"format-standard\">\n    <span class=\"date text-right\"><i class=\"fal fa-calendar-alt\"><\/i> 24-10-2022<\/span>\n    <a href=\"https:\/\/pb.edu.pl\/iros\/2022\/10\/24\/miedzynarodowa-szkola-letnia-na-politechnice-bialostockiej-wideorelacja\/\">\n      <div class=\"article-image\">\n        <img loading=\"lazy\" decoding=\"async\" width=\"450\" height=\"300\" src=\"https:\/\/pb.edu.pl\/iros\/wp-content\/uploads\/sites\/24\/2022\/07\/szkola-Spinaker-laboratoria-fot-Piotr-Awramiuk-2.jpg\" class=\"attachment-medium-image-16x10 size-medium-image-16x10 wp-post-image\" alt=\"\" srcset=\"https:\/\/pb.edu.pl\/iros\/wp-content\/uploads\/sites\/24\/2022\/07\/szkola-Spinaker-laboratoria-fot-Piotr-Awramiuk-2.jpg 1200w, https:\/\/pb.edu.pl\/iros\/wp-content\/uploads\/sites\/24\/2022\/07\/szkola-Spinaker-laboratoria-fot-Piotr-Awramiuk-2-300x200.jpg 300w, https:\/\/pb.edu.pl\/iros\/wp-content\/uploads\/sites\/24\/2022\/07\/szkola-Spinaker-laboratoria-fot-Piotr-Awramiuk-2-1024x683.jpg 1024w, https:\/\/pb.edu.pl\/iros\/wp-content\/uploads\/sites\/24\/2022\/07\/szkola-Spinaker-laboratoria-fot-Piotr-Awramiuk-2-768x512.jpg 768w, https:\/\/pb.edu.pl\/iros\/wp-content\/uploads\/sites\/24\/2022\/07\/szkola-Spinaker-laboratoria-fot-Piotr-Awramiuk-2-480x320.jpg 480w\" sizes=\"auto, (max-width: 450px) 100vw, 450px\" \/>      <\/div>\n      <h3>Mi\u0119dzynarodowa szko\u0142a letnia na Politechnice Bia\u0142ostockiej &#8211; wideorelacja<\/h3>\n      Zapraszamy do obejrzenia relacji z Mi\u0119dzynarodowej Interdyscyplinarnej Szko\u0142y Letniej \u201eBudownictwo energooszcz\u0119dne,    <\/a>\n<\/article>\t\t\t\t\t\t<\/div>\n\t\t\t\t\t\t\t\t\t\t\t<div class=\"col-sm-3\">\n\t\t\t\t\t\t\t\n<article class=\"format-standard\">\n    <span class=\"date text-right\"><i class=\"fal fa-calendar-alt\"><\/i> 25-11-2021<\/span>\n    <a href=\"https:\/\/pb.edu.pl\/iros\/2021\/11\/25\/kurs-dla-nauczycieli-z-wykorzystania-metod-coachingu\/\">\n      <div class=\"article-image\">\n        <img loading=\"lazy\" decoding=\"async\" width=\"451\" height=\"300\" src=\"https:\/\/pb.edu.pl\/iros\/wp-content\/uploads\/sites\/24\/2021\/11\/spinaker-elearning.png\" class=\"attachment-medium-image-16x10 size-medium-image-16x10 wp-post-image\" alt=\"\" srcset=\"https:\/\/pb.edu.pl\/iros\/wp-content\/uploads\/sites\/24\/2021\/11\/spinaker-elearning.png 640w, https:\/\/pb.edu.pl\/iros\/wp-content\/uploads\/sites\/24\/2021\/11\/spinaker-elearning-300x200.png 300w, https:\/\/pb.edu.pl\/iros\/wp-content\/uploads\/sites\/24\/2021\/11\/spinaker-elearning-480x320.png 480w\" sizes=\"auto, (max-width: 451px) 100vw, 451px\" \/>      <\/div>\n      <h3>Kurs dla nauczycieli z wykorzystania metod coachingu<\/h3>\n      W dniach 13-17 grudnia 2021 r. odb\u0119dzie si\u0119 kurs z wykorzystania    <\/a>\n<\/article>\t\t\t\t\t\t<\/div>\n\t\t\t\t\t\t\t\t\t\t\t<div class=\"col-sm-3\">\n\t\t\t\t\t\t\t\n<article class=\"format-standard\">\n    <span class=\"date text-right\"><i class=\"fal fa-calendar-alt\"><\/i> 03-09-2021<\/span>\n    <a href=\"https:\/\/pb.edu.pl\/iros\/2021\/09\/03\/start-projektu-spinaker\/\">\n      <div class=\"article-image\">\n        <img loading=\"lazy\" decoding=\"async\" width=\"451\" height=\"300\" src=\"https:\/\/pb.edu.pl\/iros\/wp-content\/uploads\/sites\/24\/2021\/04\/logo-spinaker-nawa.png\" class=\"attachment-medium-image-16x10 size-medium-image-16x10 wp-post-image\" alt=\"\" srcset=\"https:\/\/pb.edu.pl\/iros\/wp-content\/uploads\/sites\/24\/2021\/04\/logo-spinaker-nawa.png 640w, https:\/\/pb.edu.pl\/iros\/wp-content\/uploads\/sites\/24\/2021\/04\/logo-spinaker-nawa-300x200.png 300w, https:\/\/pb.edu.pl\/iros\/wp-content\/uploads\/sites\/24\/2021\/04\/logo-spinaker-nawa-480x320.png 480w\" sizes=\"auto, (max-width: 451px) 100vw, 451px\" \/>      <\/div>\n      <h3>Start projektu Spinaker<\/h3>\n      W dniu 31.08.2021 r. odby\u0142o si\u0119&nbsp; spotkanie inauguruj\u0105ce rozpocz\u0119cie projektu pt.    <\/a>\n<\/article>\t\t\t\t\t\t<\/div>\n\t\t\t\t\t\n\t\t\t\t\n\t\t\t\t\t<\/div>\n\t\t\t\t\t<\/div>\n\n","protected":false},"excerpt":{"rendered":"","protected":false},"author":48,"featured_media":0,"parent":9228,"menu_order":1,"comment_status":"closed","ping_status":"closed","template":"","meta":{"_acf_changed":false,"ngg_post_thumbnail":0,"footnotes":""},"class_list":["post-5648","page","type-page","status-publish","hentry"],"acf":[],"_links":{"self":[{"href":"https:\/\/pb.edu.pl\/iros\/wp-json\/wp\/v2\/pages\/5648","targetHints":{"allow":["GET"]}}],"collection":[{"href":"https:\/\/pb.edu.pl\/iros\/wp-json\/wp\/v2\/pages"}],"about":[{"href":"https:\/\/pb.edu.pl\/iros\/wp-json\/wp\/v2\/types\/page"}],"author":[{"embeddable":true,"href":"https:\/\/pb.edu.pl\/iros\/wp-json\/wp\/v2\/users\/48"}],"replies":[{"embeddable":true,"href":"https:\/\/pb.edu.pl\/iros\/wp-json\/wp\/v2\/comments?post=5648"}],"version-history":[{"count":0,"href":"https:\/\/pb.edu.pl\/iros\/wp-json\/wp\/v2\/pages\/5648\/revisions"}],"up":[{"embeddable":true,"href":"https:\/\/pb.edu.pl\/iros\/wp-json\/wp\/v2\/pages\/9228"}],"wp:attachment":[{"href":"https:\/\/pb.edu.pl\/iros\/wp-json\/wp\/v2\/media?parent=5648"}],"curies":[{"name":"wp","href":"https:\/\/api.w.org\/{rel}","templated":true}]}}