{"id":502,"date":"2018-11-24T17:47:41","date_gmt":"2018-11-24T16:47:41","guid":{"rendered":"https:\/\/pb.edu.pl\/bwm\/?page_id=502"},"modified":"2026-03-23T12:38:20","modified_gmt":"2026-03-23T11:38:20","slug":"koordynatorzy-wydzialowi","status":"publish","type":"page","link":"https:\/\/pb.edu.pl\/iros\/program-erasmus\/wyjazdy-studentow-program-ka131\/koordynatorzy-wydzialowi\/","title":{"rendered":"Koordynatorzy Wydzia\u0142owi"},"content":{"rendered":"<h2>Koordynatorzy programu Erasmus+ na Politechnice Bia\u0142ostockiej<\/h2>\n<h3>Wydzia\u0142 Architektury<br \/>\n<i><\/i><br \/>\n<i><\/i><\/h3>\n<p><strong>mgr in\u017c. arch. Katarzyna Woszczenko<\/strong><\/p>\n<p><strong>dr in\u017c. arch. S\u0142awomir Wojtkiewicz<\/strong><\/p>\n<p>pok\u00f3j 117<\/p>\n<i class=\"fa fa-phone\" aria-hidden=\"true\"><\/i> 85 746 99 32<br \/>\n<a href=\"#\" rel=\"nofollow\"  onclick=\"this.href='mailto:' + 'wa.erasmus' + '@' + 'pb.edu.pl'\">wa.erasmus [at] pb.edu.pl<\/a>\n<a href=\"#\" rel=\"nofollow\"  onclick=\"this.href='mailto:' + 'k.woszczenko' + '@' + 'pb.edu.pl'\">k.woszczenko [at] pb.edu.pl<\/a>\n<p><span style=\"text-decoration: underline\"><strong>Konsultacje:<\/strong><\/span><br \/>\nwtorek i \u015broda 9:25-10:10<br \/>\npo wcze\u015bniejszym um\u00f3wieniu przez e-mail&nbsp;<\/p>\n<hr>\n<h3>Wydzia\u0142 Budownictwa i Nauk o \u015arodowisku<\/h3>\n<p><strong>Budownictwo, Gospodarka Przestrzenna, Architektura Krajobrazu<\/strong><br \/>\n<strong>dr in\u017c. Natalia Stankiewicz<\/strong><\/p>\n<a href=\"#\" rel=\"nofollow\"  onclick=\"this.href='mailto:' + 'wb.erasmus' + '@' + 'pb.edu.pl'\">wb.erasmus [at] pb.edu.pl<\/a>\n<a href=\"#\" rel=\"nofollow\"  onclick=\"this.href='mailto:' + 'n.stankiewicz' + '@' + 'pb.edu.pl'\">n.stankiewicz [at] pb.edu.pl<\/a>\npok\u00f3j WB-66B<br \/>\n<i><\/i><\/p>\n<p>Konsultacje:<br \/>\nWB 66B\/MS Teams<br \/>\n<i><\/i><br \/>\n<i><\/i><\/p>\n<p><strong>In\u017cynieria \u015arodowiska, Biotechnologia, In\u017cynieria Rolno-Spo\u017cywcza, Le\u015bnictwo<\/strong><br \/>\n<strong>dr in\u017c. Piotr Rynkowski<\/strong><br \/>\n<i class=\"fa fa-phone\" aria-hidden=\"true\"><\/i> 85 746 96 58<br \/>\n<a href=\"#\" rel=\"nofollow\"  onclick=\"this.href='mailto:' + 'wnos.erasmus' + '@' + 'pb.edu.pl'\">wnos.erasmus [at] pb.edu.pl<\/a>\n<a href=\"#\" rel=\"nofollow\"  onclick=\"this.href='mailto:' + 'p.rynkowski' + '@' + 'pb.edu.pl'\">p.rynkowski [at] pb.edu.pl<\/a>\npok\u00f3j 1\/12 Eko-inno-tech<\/p>\n<hr>\n<h3>Wydzia\u0142 Elektryczny<\/h3>\n<p><strong> dr in\u017c. Jaros\u0142aw Forenc<\/strong><br \/>\n<i class=\"fa fa-phone\" aria-hidden=\"true\"><\/i> 85 746 93 97<br \/>\n<i class=\"fal fa-envelope\"><\/i> <a href=\"#\" rel=\"nofollow\"  onclick=\"this.href='mailto:' + 'we.erasmus' + '@' + 'pb.edu.pl'\">we.erasmus [at] pb.edu.pl<\/a>\n<a href=\"#\" rel=\"nofollow\"  onclick=\"this.href='mailto:' + 'j.forenc' + '@' + 'pb.edu.pl'\">j.forenc [at] pb.edu.pl<\/a>\n<span style=\"font-size: 1.5rem\">pok\u00f3j WE 204<\/span><\/p>\n<p><span style=\"text-decoration: underline\"><strong>Konsultacje:<\/strong><\/span><br \/>\nponiedzia\u0142ek 9:00 &#8211; 10:00<br \/>\n\u015broda 8:30 &#8211; 10:00<br \/>\npi\u0105tek 13:00 &#8211; 14:30<br \/>\nsobota 13:15 &#8211; 14:45 WE<br \/>\npok\u00f3j WE 204<\/p>\n<p><i><\/i><br \/>\n<i><\/i><\/p>\n<p><strong>Sekretariat:<\/strong><br \/>\nmgr in\u017c. Izabela Cie\u015bluk<br \/>\n<i class=\"fa fa-phone\" aria-hidden=\"true\"><\/i> 85 746 93 68<br \/>\n<i class=\"fal fa-envelope\"><\/i> <a href=\"#\" rel=\"nofollow\"  onclick=\"this.href='mailto:' + 'we.erasmus' + '@' + 'pb.edu.pl'\">we.erasmus [at] pb.edu.pl<\/a>\n<span style=\"font-size: 1.5rem\">pok\u00f3j WE-001<\/span><\/p>\n<hr>\n<h3>Wydzia\u0142 Informatyki<\/h3>\n<p><strong>mgr in\u017c. Pawe\u0142 Zabielski<\/strong><br \/>\n<i class=\"fa fa-phone\" aria-hidden=\"true\"><\/i> 85 746 90 58<br \/>\n<a href=\"#\" rel=\"nofollow\"  onclick=\"this.href='mailto:' + 'wi.erasmus' + '@' + 'pb.edu.pl'\">wi.erasmus [at] pb.edu.pl<\/a>\n<a href=\"#\" rel=\"nofollow\"  onclick=\"this.href='mailto:' + 'p.zabielski' + '@' + 'pb.edu.pl'\">p.zabielski [at] pb.edu.pl<\/a>\npok\u00f3j A215<br \/>\n<i><\/i><\/p>\n<p><strong>dr Joanna Karbowska-Chili\u0144ska <\/strong><br \/>\n<i class=\"fal fa-envelope\"><\/i> <a href=\"#\" rel=\"nofollow\"  onclick=\"this.href='mailto:' + 'wi.erasmus' + '@' + 'pb.edu.pl'\">wi.erasmus [at] pb.edu.pl<\/a><i><\/i><br \/>\npok\u00f3j 211 (Budynek Rektoratu)<\/p>\n<p><span style=\"text-decoration: underline\"><strong>Konsultacje:<\/strong><\/span><br \/>\n\u015broda 12:00-12:45<br \/>\nWI 211<\/p>\n<hr>\n<h3>Wydzia\u0142 Mechaniczny<\/h3>\n<p><strong>dr hab. in\u017c. Joanna Mystkowska, prof. PB<\/strong><br \/>\n<i class=\"fa fa-phone\" aria-hidden=\"true\"><\/i> 571 443 083<br \/>\n<i class=\"fal fa-envelope\"><\/i> <a href=\"#\" rel=\"nofollow\"  onclick=\"this.href='mailto:' + 'wm.erasmus' + '@' + 'pb.edu.pl'\">wm.erasmus [at] pb.edu.pl<\/a><i><\/i><br \/>\npok. M-303<\/p>\n<p>&nbsp;<\/p>\n<p><strong>mgr Ma\u0142gorzata Zdrodowska<\/strong><\/p>\n<table style=\"border-collapse: collapse;width: 23.7129%\">\n<tbody>\n<tr>\n<td style=\"width: 100%\"><i class=\"fa fa-phone\" aria-hidden=\"true\"><\/i> 797 990 774<\/td>\n<\/tr>\n<tr>\n<td style=\"width: 100%\"><a href=\"#\" rel=\"nofollow\"  onclick=\"this.href='mailto:' + 'm.zdrodowska' + '@' + 'pb.edu.pl'\">m.zdrodowska [at] pb.edu.pl<\/a><\/td>\n<\/tr>\n<tr>\n<td style=\"width: 100%\"><a href=\"#\" rel=\"nofollow\"  onclick=\"this.href='mailto:' + 'wm.erasmus' + '@' + 'pb.edu.pl'\">wm.erasmus [at] pb.edu.pl<\/a><\/td>\n<\/tr>\n<tr>\n<td style=\"width: 100%\">pok. WM-325<\/td>\n<\/tr>\n<\/tbody>\n<\/table>\n<p>&nbsp;<\/p>\n<p><span style=\"text-decoration: underline\"><strong>Konsultacje:<\/strong><\/span><\/p>\n<p>poniedzia\u0142ek: 8:00 &#8211; 10:15<br \/>\nwtorek: 7:45 &#8211; 8:30<br \/>\nczwartek: 12:00 &#8211; 12:45<\/p>\n<p>pok. WM 325<\/p>\n<p>&nbsp;<\/p>\n<p><strong>Sekretariat:<\/strong><br \/>\nJoanna Czarnecka<br \/>\n<i class=\"fal fa-envelope\"><\/i> <a href=\"#\" rel=\"nofollow\"  onclick=\"this.href='mailto:' + 'j.czarnecka' + '@' + 'pb.edu.pl'\">j.czarnecka [at] pb.edu.pl<\/a><i><\/i><br \/>\npok\u00f3j 108 (WM)<\/p>\n<hr>\n<h3>Wydzia\u0142 In\u017cynierii Zarz\u0105dzania<\/h3>\n<p><strong> dr Danuta Szpilko<\/strong><br \/>\n<i class=\"fa fa-phone\" aria-hidden=\"true\"><\/i> 85 746 74 62<br \/>\n<i class=\"fal fa-envelope\"><\/i> <a href=\"#\" rel=\"nofollow\"  onclick=\"this.href='mailto:' + 'd.szpilko' + '@' + 'pb.edu.pl'\">d.szpilko [at] pb.edu.pl<\/a>\n<a href=\"#\" rel=\"nofollow\"  onclick=\"this.href='mailto:' + 'wiz.erasmus' + '@' + 'pb.edu.pl'\">wiz.erasmus [at] pb.edu.pl<\/a>\n<i><\/i><br \/>\npok\u00f3j 13 KM (Kleosin, budynek Montreal)<\/p>\n<p><span style=\"text-decoration: underline\"><strong>Konsultacje:<\/strong><\/span><br \/>\n\u015broda 8:15 -10:00<br \/>\nWIZ 13 KM<br \/>\n<i><\/i><br \/>\n<i><\/i><\/p>\n<p><strong>mgr Anna Matwiejczyk <\/strong><br \/>\n<i class=\"fa fa-phone\" aria-hidden=\"true\"><\/i> 85 746 74 76<br \/>\n<i class=\"fal fa-envelope\"><\/i> <a href=\"#\" rel=\"nofollow\"  onclick=\"this.href='mailto:' + 'wiz.erasmus' + '@' + 'pb.edu.pl'\">wiz.erasmus [at] pb.edu.pl<\/a><i><\/i><br \/>\npok\u00f3j 103 KS (Kleosin)<\/p>\n<p><span style=\"text-decoration: underline\"><strong>Konsultacje:<\/strong><\/span><br \/>\nwtorek 14:00-15:30<br \/>\n\u015broda 12:15-14:00<br \/>\nWIZ 110 KS<\/p>\n<hr>\n<h3>Studium J\u0119zyk\u00f3w Obcych<\/h3>\n<p><strong>mgr Ma\u0142gorzata Komarewska<\/strong><\/p>\n<i class=\"fa fa-phone\" aria-hidden=\"true\"><\/i> 85 746 96 29<br \/>\n<i class=\"fal fa-envelope\"><\/i> <a href=\"#\" rel=\"nofollow\"  onclick=\"this.href='mailto:' + 'sjo.erasmus' + '@' + 'pb.edu.pl'\">sjo.erasmus [at] pb.edu.pl<\/a><i><\/i><br \/>\npok\u00f3j 11, II pi\u0119tro CNK<\/p>\n<p><span style=\"text-decoration: underline\"><strong>Konsultacje:<\/strong><\/span><br \/>\npi\u0105tek 12:15-13:45<br \/>\nCNK 2\/11<\/p>\n","protected":false},"excerpt":{"rendered":"<p>Koordynatorzy programu Erasmus+ na Politechnice Bia\u0142ostockiej Wydzia\u0142 Architektury mgr in\u017c. arch. Katarzyna Woszczenko dr in\u017c.<\/p>\n","protected":false},"author":2,"featured_media":0,"parent":467,"menu_order":4,"comment_status":"closed","ping_status":"closed","template":"","meta":{"_acf_changed":false,"ngg_post_thumbnail":0,"footnotes":""},"class_list":["post-502","page","type-page","status-publish","hentry"],"acf":[],"_links":{"self":[{"href":"https:\/\/pb.edu.pl\/iros\/wp-json\/wp\/v2\/pages\/502","targetHints":{"allow":["GET"]}}],"collection":[{"href":"https:\/\/pb.edu.pl\/iros\/wp-json\/wp\/v2\/pages"}],"about":[{"href":"https:\/\/pb.edu.pl\/iros\/wp-json\/wp\/v2\/types\/page"}],"author":[{"embeddable":true,"href":"https:\/\/pb.edu.pl\/iros\/wp-json\/wp\/v2\/users\/2"}],"replies":[{"embeddable":true,"href":"https:\/\/pb.edu.pl\/iros\/wp-json\/wp\/v2\/comments?post=502"}],"version-history":[{"count":4,"href":"https:\/\/pb.edu.pl\/iros\/wp-json\/wp\/v2\/pages\/502\/revisions"}],"predecessor-version":[{"id":29960,"href":"https:\/\/pb.edu.pl\/iros\/wp-json\/wp\/v2\/pages\/502\/revisions\/29960"}],"up":[{"embeddable":true,"href":"https:\/\/pb.edu.pl\/iros\/wp-json\/wp\/v2\/pages\/467"}],"wp:attachment":[{"href":"https:\/\/pb.edu.pl\/iros\/wp-json\/wp\/v2\/media?parent=502"}],"curies":[{"name":"wp","href":"https:\/\/api.w.org\/{rel}","templated":true}]}}