{"id":3582,"date":"2020-11-19T19:51:28","date_gmt":"2020-11-19T18:51:28","guid":{"rendered":"https:\/\/pb.edu.pl\/bwm\/?page_id=3582"},"modified":"2024-12-31T09:47:14","modified_gmt":"2024-12-31T08:47:14","slug":"fundusz-wyszehradzki","status":"publish","type":"page","link":"https:\/\/pb.edu.pl\/iros\/fundusz-wyszehradzki\/","title":{"rendered":"Fundusz Wyszehradzki"},"content":{"rendered":"<div class=\"row\">\n<div class=\"col-sm-8\">\n<h3>Fundusz jest mi\u0119dzynarodow\u0105 organizacj\u0105 za\u0142o\u017con\u0105 w 2000 roku przez rz\u0105dy pa\u0144stw Grupy Wyszehradzkiej &#8211; Czech, W\u0119gier, Polski i S\u0142owacji &#8211; w celu promowania wsp\u00f3\u0142pracy regionalnej w regionie wyszehradzkim (V4), a tak\u017ce mi\u0119dzy regionem V4 a innymi krajami, zw\u0142aszcza Ba\u0142kanami Zachodnimi i regionami Partnerstwa Wschodniego.<\/h3>\n<p>Fundusz przeznacza na ten cel 8 mln euro w formie dotacji, stypendi\u00f3w i rezydencji artystycznych przyznawanych corocznie w r\u00f3wnych cz\u0119\u015bciach przez wszystkie kraje grupy V4. Inne pa\u0144stwa-darczy\u0144cy (Kanada, Niemcy, Niderlandy, Korea Po\u0142udniowa, Szwecja, Szwajcaria, Stany Zjednoczone) przekaza\u0142y od 2012 r. kolejne 10 mln euro w ramach r\u00f3\u017cnych program\u00f3w dotacji prowadzonych przez Fundusz.<\/p>\n<h4>Dotacje<\/h4>\n<p>Dzi\u0119ki dotacjom, fundusz stara si\u0119 rozwija\u0107 innowacyjne pomys\u0142y, kt\u00f3re stanowi\u0105 odpowied\u017a na wsp\u00f3lne wyzwania, poprzez wysokiej jako\u015bci projekty wsp\u00f3\u0142pracy regionalnej. Bez wzgl\u0119du na to, czy dotyczy to sztuki, pracy z grupami znajduj\u0105cymi si\u0119 w trudnej sytuacji, czy te\u017c innowacyjnej przedsi\u0119biorczo\u015bci &#8211; wsp\u00f3\u0142praca regionalna mo\u017ce przynie\u015b\u0107 pozytywne zmiany w ka\u017cdej dziedzinie lub spo\u0142eczno\u015bci.<\/p>\n<p><strong>Jak aplikowa\u0107?<\/strong><br \/>\nFundusz Wyszehradzki przyznaje dotacje trzy razy w roku w ramach trzech r\u00f3\u017cnych program\u00f3w grantowych.<\/p>\n<p><strong>Terminy sk\u0142adania wniosk\u00f3w<\/strong><\/p>\n<p>Istniej\u0105 trzy regularne terminy do sk\u0142adania wniosk\u00f3w. Wnioski mo\u017cna sk\u0142ada\u0107 na 30 dni przed terminami : 1 lutego, 1 czerwca i 1 pa\u017adziernika. Poza tym okresem nie jest mo\u017cliwe z\u0142o\u017cenie wniosku o finansowanie.<\/p>\n<p><strong>Aplikacje<\/strong><\/p>\n<p>Niezale\u017cnie od pochodzenia Wnioskodawcy, mo\u017cna ubiega\u0107 si\u0119 o dotacje, je\u015bli projekt rozwija aktywn\u0105 wsp\u00f3\u0142prac\u0119 z organizacjami z co najmniej 3 kraj\u00f3w wyszehradzkich. Ka\u017cdy Wnioskodawca sk\u0142ada tylko jeden wniosek, ale mo\u017cna go z\u0142o\u017cy\u0107 ponownie po zako\u0144czeniu wszystkich poprzednich projekt\u00f3w finansowanych przez Fundusz.<\/p>\n<p><strong>Warunki<\/strong><\/p>\n<p>Ka\u017cdy z trzech program\u00f3w dotacyjny ma oddzielne warunki aplikowania. Rodzaje program\u00f3w grantowych wraz ich warunkami mo\u017cna znale\u017a\u0107 poprzez dla swojego projektu poprzez <a title=\"przejd\u017a do strony\" href=\"https:\/\/www.visegradfund.org\/apply\/grants\/visegrad-grants\/\">Wyszukiwark\u0119 Dotacji<\/a>.<br \/>\n&nbsp;<\/p>\n<h4>Mobilno\u015b\u0107<\/h4>\n<p>Mobilno\u015b\u0107, niezale\u017cnie od tego, czy chodzi o studia czy badania, jest g\u0142\u00f3wn\u0105 cz\u0119\u015bci\u0105 dzia\u0142alno\u015bci funduszu. Bardzo wa\u017cne jest wspieranie kreatywno\u015bci i promowanie zrozumienia mi\u0119dzy lud\u017ami ponad granicami. Fundusz poszukuje os\u00f3b realizuj\u0105cych innowacyjne pomys\u0142y w dziedzinie nauki i edukacji, a tak\u017ce artyst\u00f3w i grup artystycznych pragn\u0105cych zaanga\u017cowa\u0107 si\u0119 w rozmowy na temat sztuki wsp\u00f3\u0142czesnej w regionie wyszehradzkim.<\/p>\n<p><strong>Mobilno\u015b\u0107 akademicka<\/strong><\/p>\n<p>Fundusz Wyszehradzki wspiera studia licencjackie, magisterskie i podyplomowe oraz dzia\u0142alno\u015b\u0107 badawcz\u0105 we wszystkich dyscyplinach i w dowolnym j\u0119zyku przez maksymalnie cztery semestry w ponad 190 instytucjach szkolnictwa wy\u017cszego w ca\u0142ej Europie \u015arodkowej i Wschodniej.<\/p>\n<p>W ramach funduszu wspierane s\u0105 nast\u0119puj\u0105ce trzy systemy:<\/p>\n<ul>\n<li>Stypendia Intra-Visegrad: Stypendia dla naukowc\u00f3w lub badaczy na terytorium pa\u0144stw cz\u0142onkowskich;<\/li>\n<li>Stypendia wyjazdowe: Dla naukowc\u00f3w lub badaczy z pa\u0144stw cz\u0142onkowskich na studia na akredytowanych uniwersytetach w Albanii, Armenii, Azerbejd\u017canie, Bia\u0142orusi, Bo\u015bni i Hercegowinie, Gruzji, Macedonii (F.Y.R.O.M.), Mo\u0142dawii, Czarnog\u00f3rze, Serbii i na Ukrainie &#8211; te same zasady maj\u0105 zastosowanie do uniwersytet\u00f3w w Kosowie;<\/li>\n<li>Stypendia przyjazdowe (In-Coming Scholarships): Dla naukowc\u00f3w lub badaczy, kt\u00f3rzy s\u0105 obywatelami nast\u0119puj\u0105cych kraj\u00f3w Ba\u0142kan\u00f3w Zachodnich: Albanii, Bo\u015bni i Hercegowiny, Macedonii (F.Y.R.O.M.), Czarnog\u00f3ry i Serbii, kt\u00f3rzy chc\u0105 studiowa\u0107 w pa\u0144stwach cz\u0142onkowskich &#8211; te same zasady maj\u0105 zastosowanie do naukowc\u00f3w z Kosowa. Dla naukowc\u00f3w lub badaczy, kt\u00f3rzy s\u0105 obywatelami nast\u0119puj\u0105cych kraj\u00f3w Partnerstwa Wschodniego: Azerbejd\u017canu, Armenii, Bia\u0142orusi, Gruzji, Mo\u0142dawii i Ukrainy.<\/li>\n<\/ul>\n<p><strong>Kryteria oceny<\/strong><br \/>\nWnioskodawcy ubiegaj\u0105cy si\u0119 o programy mobilno\u015bci s\u0105 oceniani na podstawie ich osi\u0105gni\u0119\u0107 naukowych lub artystycznych, oryginalno\u015bci oraz znaczenia wybranej instytucji przyjmuj\u0105cej. Do ka\u017cdego z program\u00f3w mobilno\u015bci maj\u0105 zastosowanie szczeg\u00f3lne kryteria.<\/p>\n<p><strong>Spos\u00f3b sk\u0142adania wniosk\u00f3w<\/strong><br \/>\nZaproszenia do sk\u0142adania wniosk\u00f3w dla ka\u017cdego programu pobytowego s\u0105 og\u0142aszane co roku. Ka\u017cdy nab\u00f3r ma dat\u0119 otwarcia i zamkni\u0119cia, poza tym okresem nie ma mo\u017cliwo\u015bci ubiegania si\u0119 o wsparcie. Nale\u017cy pami\u0119ta\u0107, \u017ce terminy r\u00f3\u017cni\u0105 si\u0119 w zale\u017cno\u015bci od programu.<br \/>\nOdpowiedni program dla swojej mobilno\u015bci mo\u017cna znale\u017a\u0107 poprzez <a title=\"przejd\u017a do strony\" href=\"https:\/\/www.visegradfund.org\/apply\/mobilities\/\">Wyszukiwark\u0119 Mobilno\u015bci<\/a><\/p>\n<\/div>\n<div class=\"col-sm-4 text-center\">\n<p><img loading=\"lazy\" decoding=\"async\" class=\"alignnone size-medium wp-image-3599\" src=\"https:\/\/pb.edu.pl\/iros\/wp-content\/uploads\/sites\/24\/2020\/11\/visegrad-fund-300x300.jpg\" alt=\"\" width=\"300\" height=\"300\" srcset=\"https:\/\/pb.edu.pl\/iros\/wp-content\/uploads\/sites\/24\/2020\/11\/visegrad-fund-300x300.jpg 300w, https:\/\/pb.edu.pl\/iros\/wp-content\/uploads\/sites\/24\/2020\/11\/visegrad-fund-1024x1024.jpg 1024w, https:\/\/pb.edu.pl\/iros\/wp-content\/uploads\/sites\/24\/2020\/11\/visegrad-fund-150x150.jpg 150w, https:\/\/pb.edu.pl\/iros\/wp-content\/uploads\/sites\/24\/2020\/11\/visegrad-fund-768x768.jpg 768w, https:\/\/pb.edu.pl\/iros\/wp-content\/uploads\/sites\/24\/2020\/11\/visegrad-fund-1536x1536.jpg 1536w, https:\/\/pb.edu.pl\/iros\/wp-content\/uploads\/sites\/24\/2020\/11\/visegrad-fund.jpg 2048w\" sizes=\"auto, (max-width: 300px) 100vw, 300px\" \/><\/p>\n<div class=\"well well-sm lead text-center boxy-prawe\">\n<h2>Kontakt<\/h2>\n<h3>Pok\u00f3j C29<\/h3>\n<h3>tel. 85 746 7010<\/h3>\n<\/div>\n<div class=\"well well-sm lead text-center boxy-prawe\">\n<h2>Wa\u017cne linki<\/h2>\n<p><a title=\"przejd\u017a do strony funduszu\" href=\"https:\/\/www.visegradfund.org\/\" rel=\"noopener noreferrer\">Strona Funduszu<\/a><br \/>\n<a title=\"przejd\u017a do strony faq\" href=\"https:\/\/www.visegradfund.org\/faq\/\" rel=\"noopener noreferrer\">Pytania i odpowiedzi<\/a><\/p>\n<\/div>\n<\/div>\n<\/div>\n","protected":false},"excerpt":{"rendered":"<p>Fundusz jest mi\u0119dzynarodow\u0105 organizacj\u0105 za\u0142o\u017con\u0105 w 2000 roku przez rz\u0105dy pa\u0144stw Grupy Wyszehradzkiej &#8211; Czech,<\/p>\n","protected":false},"author":113,"featured_media":0,"parent":0,"menu_order":0,"comment_status":"closed","ping_status":"closed","template":"","meta":{"_acf_changed":false,"ngg_post_thumbnail":0,"footnotes":""},"class_list":["post-3582","page","type-page","status-publish","hentry"],"acf":[],"_links":{"self":[{"href":"https:\/\/pb.edu.pl\/iros\/wp-json\/wp\/v2\/pages\/3582","targetHints":{"allow":["GET"]}}],"collection":[{"href":"https:\/\/pb.edu.pl\/iros\/wp-json\/wp\/v2\/pages"}],"about":[{"href":"https:\/\/pb.edu.pl\/iros\/wp-json\/wp\/v2\/types\/page"}],"author":[{"embeddable":true,"href":"https:\/\/pb.edu.pl\/iros\/wp-json\/wp\/v2\/users\/113"}],"replies":[{"embeddable":true,"href":"https:\/\/pb.edu.pl\/iros\/wp-json\/wp\/v2\/comments?post=3582"}],"version-history":[{"count":0,"href":"https:\/\/pb.edu.pl\/iros\/wp-json\/wp\/v2\/pages\/3582\/revisions"}],"wp:attachment":[{"href":"https:\/\/pb.edu.pl\/iros\/wp-json\/wp\/v2\/media?parent=3582"}],"curies":[{"name":"wp","href":"https:\/\/api.w.org\/{rel}","templated":true}]}}