{"id":35,"date":"2018-11-07T18:11:12","date_gmt":"2018-11-07T17:11:12","guid":{"rendered":"https:\/\/pb.edu.pl\/bwm\/?page_id=35"},"modified":"2025-04-10T13:28:49","modified_gmt":"2025-04-10T11:28:49","slug":"umowy-o-wspolpracy","status":"publish","type":"page","link":"https:\/\/pb.edu.pl\/iros\/umowy-o-wspolpracy\/","title":{"rendered":"Umowy o wsp\u00f3\u0142pracy"},"content":{"rendered":"<div class=\"row\">\n<div class=\"col-sm-8 text-justify\">\n<div class=\"row\">\n<div class=\"col-sm-6 text-center\"><a class=\"button text-center animated zoomIn lead\" style=\"width: 100%\" href=\"\/iros\/umowy-o-wspolpracy\/wyjazdy-pracownikow\"><strong>Wyjazdy pracownik\u00f3w<\/strong><\/a><\/div>\n<div class=\"col-sm-6 text-center\"><a class=\"button text-center animated zoomIn lead\" style=\"width: 100%\" href=\"\/iros\/umowy-o-wspolpracy\/przyjazdy-gosci\/\"><strong>Przyjazdy go\u015bci<\/strong><\/a><\/div>\n<\/div>\n<div class=\"row\">\n<div class=\"col-sm-12 text-center\"><a class=\"button text-center animated zoomIn lead\" style=\"width: 100%\" href=\"\/iros\/umowy-o-wspolpracy\/lista-umow-o-wspolpracy\/\"><strong>Lista um\u00f3w o wsp\u00f3\u0142pracy<\/strong><\/a><\/div>\n<\/div>\n<p>&nbsp;<br \/>\nWsp\u00f3\u0142praca naukowa w ramach um\u00f3w z uczelniami z ca\u0142ego \u015bwiata umo\u017cliwia pracownikom PB realizacj\u0119 temat\u00f3w naukowych z r\u00f3\u017cnych dziedzin. Plany robocze okre\u015blaj\u0105 zakres wsp\u00f3\u0142pracy, umo\u017cliwiaj\u0105c wsp\u00f3lne prowadzenie bada\u0144 naukowych, wdra\u017canie nowych technologii, publikacje wsp\u00f3lnych prac naukowych i referat\u00f3w, wzajemn\u0105 wymian\u0119 do\u015bwiadcze\u0144 oraz wymian\u0119 kadry czy student\u00f3w.<\/p>\n<p>W ramach um\u00f3w odbywaj\u0105 si\u0119 wyjazdy zagraniczne pracownik\u00f3w PB i przyjazdy pracownik\u00f3w zagranicznych, realizowana jest tak\u017ce wymiana profesor\u00f3w wizytuj\u0105cych oraz&nbsp;kr\u00f3tkoterminowe, dwustronne sta\u017ce studenckie. W ramach program\u00f3w sta\u017cowych studenci uczestnicz\u0105 w konferencjach, seminariach, zaj\u0119ciach, zwiedzaj\u0105 obiekty in\u017cynierskie oraz realizuj\u0105 wizyty studyjne. Organizowane s\u0105 r\u00f3wnie\u017c mi\u0119dzynarodowe szko\u0142y letnie.<\/p>\n<h2 style=\"margin-top: 20px\">Dokumenty do pobrania<\/h2>\n<p><a class=\"doc\" title=\"pobierz plik\" href=\"https:\/\/pb.edu.pl\/iros\/wp-content\/uploads\/sites\/24\/2021\/11\/ENG-Framework-Agreement-on-Cooperation-BUT.doc\" data-id=\"6562\">ENG Framework Agreement on Cooperation, BUT (DOC, 49 KB)<\/a><\/p>\n<p><a class=\"doc\" title=\"pobierz plik\" href=\"https:\/\/pb.edu.pl\/iros\/wp-content\/uploads\/sites\/24\/2021\/11\/ENG-Cooperative-Agreement-BUT.doc\" data-id=\"6561\">ENG Cooperative Agreement, BUT (DOC, 30 KB)<\/a><\/p>\n<p><a class=\"doc\" title=\"pobierz plik\" href=\"https:\/\/pb.edu.pl\/iros\/wp-content\/uploads\/sites\/24\/2021\/01\/Plan-roboczy-PB.doc\" data-id=\"3927\">Plan roboczy PL (DOC, dost\u0119pna cyfrowo, 40 KB)<\/a><\/p>\n<p><a class=\"doc\" title=\"pobierz plik\" href=\"https:\/\/pb.edu.pl\/iros\/wp-content\/uploads\/sites\/24\/2021\/01\/Work-plan-BUT.doc\" data-id=\"3928\">Work plan ENG (DOC, dost\u0119pna cyfrowo, 39 KB)<\/a><\/p>\n<\/div>\n<div class=\"col-sm-4 text-center\">\n<div class=\"well well-sm lead text-center boxy-prawe\">\n<h2>Kontakt<\/h2>\n<h3>Obs\u0142uga administracyjna<br \/>\nPrzyjazdy go\u015bci oraz wyjazdy pracownik\u00f3w<br \/>\npok. C28<\/h3>\n<p>mgr Magdalena Wilczewska-Charkiewicz<br \/>\n<i class=\"fa fa-phone\" aria-hidden=\"true\"><\/i> (85) 746 90 43<\/p>\n<i class=\"fa fa-envelope-o\" aria-hidden=\"true\"><\/i>  &nbsp;magdalena.wilczewska-charkiewicz [at] pb.edu.pl\n<\/div>\n<\/div>\n<\/div>\n","protected":false},"excerpt":{"rendered":"<p>Wyjazdy pracownik\u00f3w Przyjazdy go\u015bci Lista um\u00f3w o wsp\u00f3\u0142pracy &nbsp; Wsp\u00f3\u0142praca naukowa w ramach um\u00f3w z<\/p>\n","protected":false},"author":2,"featured_media":0,"parent":0,"menu_order":2,"comment_status":"closed","ping_status":"closed","template":"","meta":{"_acf_changed":false,"ngg_post_thumbnail":0,"footnotes":""},"class_list":["post-35","page","type-page","status-publish","hentry"],"acf":[],"_links":{"self":[{"href":"https:\/\/pb.edu.pl\/iros\/wp-json\/wp\/v2\/pages\/35","targetHints":{"allow":["GET"]}}],"collection":[{"href":"https:\/\/pb.edu.pl\/iros\/wp-json\/wp\/v2\/pages"}],"about":[{"href":"https:\/\/pb.edu.pl\/iros\/wp-json\/wp\/v2\/types\/page"}],"author":[{"embeddable":true,"href":"https:\/\/pb.edu.pl\/iros\/wp-json\/wp\/v2\/users\/2"}],"replies":[{"embeddable":true,"href":"https:\/\/pb.edu.pl\/iros\/wp-json\/wp\/v2\/comments?post=35"}],"version-history":[{"count":0,"href":"https:\/\/pb.edu.pl\/iros\/wp-json\/wp\/v2\/pages\/35\/revisions"}],"wp:attachment":[{"href":"https:\/\/pb.edu.pl\/iros\/wp-json\/wp\/v2\/media?parent=35"}],"curies":[{"name":"wp","href":"https:\/\/api.w.org\/{rel}","templated":true}]}}